114.119.144.165 - - [11/Jan/2026:11:55:13 -0700] "GET /?o=124513 HTTP/1.1" 200 13988 "https://sumangalamcaterers.com/?sitemap-4.xml" "Mozilla/5.0 (Linux; Android 7.0;) AppleWebKit/537.36 (KHTML, like Gecko) Mobile Safari/537.36 (compatible; PetalBot;+https://webmaster.petalsearch.com/site/petalbot)" 378 **0/378001**
114.119.128.154 - - [11/Jan/2026:11:56:38 -0700] "GET /?o=1244990 HTTP/1.1" 200 13988 "https://sumangalamcaterers.com/sitemap1.xml" "Mozilla/5.0 (Linux; Android 7.0;) AppleWebKit/537.36 (KHTML, like Gecko) Mobile Safari/537.36 (compatible; PetalBot;+https://webmaster.petalsearch.com/site/petalbot)" 34 **0/34150**
202.76.140.68 - - [11/Jan/2026:11:56:59 -0700] "GET /robots.txt HTTP/1.1" 200 217 "-" "Mozilla/5.0 (Windows; U; Windows NT 5.2; en-US) AppleWebKit/534.3 (KHTML, like Gecko) Chrome/6.0.458.0 Safari/534.3" 6 **0/6575**
114.119.151.168 - - [11/Jan/2026:11:58:01 -0700] "GET /?o=1244966 HTTP/1.1" 200 13988 "https://sumangalamcaterers.com/sitemap4.xml" "Mozilla/5.0 (Linux; Android 7.0;) AppleWebKit/537.36 (KHTML, like Gecko) Mobile Safari/537.36 (compatible; PetalBot;+https://webmaster.petalsearch.com/site/petalbot)" 47 **0/47780**
114.119.141.249 - - [11/Jan/2026:11:59:24 -0700] "GET /?o=1243750 HTTP/1.1" 200 13988 "https://sumangalamcaterers.com/sitemap3.xml" "Mozilla/5.0 (Linux; Android 7.0;) AppleWebKit/537.36 (KHTML, like Gecko) Mobile Safari/537.36 (compatible; PetalBot;+https://webmaster.petalsearch.com/site/petalbot)" 53 **0/53595**
114.119.128.154 - - [11/Jan/2026:12:00:48 -0700] "GET /?o=1242665 HTTP/1.1" 200 13988 "https://sumangalamcaterers.com/sitemap5.xml" "Mozilla/5.0 (Linux; Android 7.0;) AppleWebKit/537.36 (KHTML, like Gecko) Mobile Safari/537.36 (compatible; PetalBot;+https://webmaster.petalsearch.com/site/petalbot)" 93 **0/93375**
216.73.216.52 - - [11/Jan/2026:12:00:51 -0700] "GET /good.php HTTP/2.0" 404 - "-" "Mozilla/5.0 AppleWebKit/537.36 (KHTML, like Gecko; compatible; ClaudeBot/1.0; +claudebot@anthropic.com)" 10 **0/10443**
114.119.145.134 - - [11/Jan/2026:12:02:12 -0700] "GET /?o=1240418 HTTP/1.1" 200 13988 "https://sumangalamcaterers.com/sitemap3.xml" "Mozilla/5.0 (Linux; Android 7.0;) AppleWebKit/537.36 (KHTML, like Gecko) Mobile Safari/537.36 (compatible; PetalBot;+https://webmaster.petalsearch.com/site/petalbot)" 64 **0/64506**
216.73.216.52 - - [11/Jan/2026:12:02:20 -0700] "GET /robots.txt HTTP/2.0" 200 187 "-" "Mozilla/5.0 AppleWebKit/537.36 (KHTML, like Gecko; compatible; ClaudeBot/1.0; +claudebot@anthropic.com)" 7 **0/7730**
216.73.216.52 - - [11/Jan/2026:12:02:20 -0700] "GET /sitemap2.xml HTTP/2.0" 404 - "-" "Mozilla/5.0 AppleWebKit/537.36 (KHTML, like Gecko; compatible; ClaudeBot/1.0; +claudebot@anthropic.com)" 8 **0/8585**
114.119.143.75 - - [11/Jan/2026:12:03:35 -0700] "GET /?o=1239177 HTTP/1.1" 200 13988 "https://sumangalamcaterers.com/sitemap4.xml" "Mozilla/5.0 (Linux; Android 7.0;) AppleWebKit/537.36 (KHTML, like Gecko) Mobile Safari/537.36 (compatible; PetalBot;+https://webmaster.petalsearch.com/site/petalbot)" 120 **0/120735**
114.119.151.168 - - [11/Jan/2026:12:04:59 -0700] "GET /?o=1237564 HTTP/1.1" 200 13988 "https://sumangalamcaterers.com/sitemap3.xml" "Mozilla/5.0 (Linux; Android 7.0;) AppleWebKit/537.36 (KHTML, like Gecko) Mobile Safari/537.36 (compatible; PetalBot;+https://webmaster.petalsearch.com/site/petalbot)" 53 **0/53468**
52.167.144.190 - - [11/Jan/2026:12:05:06 -0700] "GET /sitemap_index.xml HTTP/2.0" 404 - "-" "Mozilla/5.0 AppleWebKit/537.36 (KHTML, like Gecko; compatible; bingbot/2.0; +http://www.bing.com/bingbot.htm) Chrome/116.0.1938.76 Safari/537.36" 12 **0/12849**
66.249.79.133 - - [11/Jan/2026:12:06:10 -0700] "GET /help/article/5307 HTTP/1.1" 404 - "-" "Mozilla/5.0 (Linux; Android 6.0.1; Nexus 5X Build/MMB29P) AppleWebKit/537.36 (KHTML, like Gecko) Chrome/143.0.7499.192 Mobile Safari/537.36 (compatible; GoogleOther)" 14 **0/14778**
114.119.144.165 - - [11/Jan/2026:12:06:23 -0700] "GET /?o=1235946 HTTP/1.1" 200 13988 "https://sumangalamcaterers.com/?sitemap-5.xml" "Mozilla/5.0 (Linux; Android 7.0;) AppleWebKit/537.36 (KHTML, like Gecko) Mobile Safari/537.36 (compatible; PetalBot;+https://webmaster.petalsearch.com/site/petalbot)" 60 **0/60897**
114.119.146.88 - - [11/Jan/2026:12:07:47 -0700] "GET /?o=1235725 HTTP/1.1" 200 13988 "https://sumangalamcaterers.com/sitemap3.xml" "Mozilla/5.0 (Linux; Android 7.0;) AppleWebKit/537.36 (KHTML, like Gecko) Mobile Safari/537.36 (compatible; PetalBot;+https://webmaster.petalsearch.com/site/petalbot)" 78 **0/78230**
114.119.141.249 - - [11/Jan/2026:12:09:11 -0700] "GET /?o=1235354 HTTP/1.1" 200 13988 "https://sumangalamcaterers.com/?sitemap-4.xml" "Mozilla/5.0 (Linux; Android 7.0;) AppleWebKit/537.36 (KHTML, like Gecko) Mobile Safari/537.36 (compatible; PetalBot;+https://webmaster.petalsearch.com/site/petalbot)" 46 **0/46986**
66.249.79.74 - - [11/Jan/2026:12:09:11 -0700] "GET /thread_ceremony.phplegal/privacy/ HTTP/1.1" 404 - "-" "Mozilla/5.0 (Linux; Android 6.0.1; Nexus 5X Build/MMB29P) AppleWebKit/537.36 (KHTML, like Gecko) Chrome/143.0.7499.192 Mobile Safari/537.36 (compatible; GoogleOther)" 8 **0/8856**
66.249.79.75 - - [11/Jan/2026:12:09:13 -0700] "GET /thread_ceremony.phphelp/hc/en-us/articles/360042433614-How-to-Opt-out-of-Personalized-Advertising HTTP/1.1" 404 - "-" "Mozilla/5.0 (Linux; Android 6.0.1; Nexus 5X Build/MMB29P) AppleWebKit/537.36 (KHTML, like Gecko) Chrome/143.0.7499.192 Mobile Safari/537.36 (compatible; GoogleOther)" 8 **0/8033**
114.119.141.249 - - [11/Jan/2026:12:10:35 -0700] "GET /?o=123495 HTTP/1.1" 200 13988 "https://sumangalamcaterers.com/?sitemap-3.xml" "Mozilla/5.0 (Linux; Android 7.0;) AppleWebKit/537.36 (KHTML, like Gecko) Mobile Safari/537.36 (compatible; PetalBot;+https://webmaster.petalsearch.com/site/petalbot)" 63 **0/63407**
114.119.143.75 - - [11/Jan/2026:12:11:58 -0700] "GET /?o=1233783 HTTP/1.1" 200 13988 "https://sumangalamcaterers.com/?sitemap-3.xml" "Mozilla/5.0 (Linux; Android 7.0;) AppleWebKit/537.36 (KHTML, like Gecko) Mobile Safari/537.36 (compatible; PetalBot;+https://webmaster.petalsearch.com/site/petalbot)" 40 **0/40688**
66.249.79.75 - - [11/Jan/2026:12:11:59 -0700] "GET /thread_ceremony.phpau?locale_override=AUD%7Cen-GB%7CAU HTTP/1.1" 404 - "-" "Mozilla/5.0 (Linux; Android 6.0.1; Nexus 5X Build/MMB29P) AppleWebKit/537.36 (KHTML, like Gecko) Chrome/143.0.7499.192 Mobile Safari/537.36 (compatible; GoogleOther)" 6 **0/6115**
114.119.130.110 - - [11/Jan/2026:12:13:23 -0700] "GET /?o=1232785 HTTP/1.1" 200 13988 "https://sumangalamcaterers.com/sitemap4.xml" "Mozilla/5.0 (Linux; Android 7.0;) AppleWebKit/537.36 (KHTML, like Gecko) Mobile Safari/537.36 (compatible; PetalBot;+https://webmaster.petalsearch.com/site/petalbot)" 79 **0/79243**
66.249.79.73 - - [11/Jan/2026:12:14:46 -0700] "GET /thread_ceremony.phphelp/article/25840304230?ref=ftr HTTP/1.1" 404 - "-" "Mozilla/5.0 (Linux; Android 6.0.1; Nexus 5X Build/MMB29P) AppleWebKit/537.36 (KHTML, like Gecko) Chrome/143.0.7499.192 Mobile Safari/537.36 (compatible; GoogleOther)" 8 **0/8114**
114.119.146.88 - - [11/Jan/2026:12:14:51 -0700] "GET /?o=1232028 HTTP/1.1" 200 13988 "https://sumangalamcaterers.com/?sitemap-4.xml" "Mozilla/5.0 (Linux; Android 7.0;) AppleWebKit/537.36 (KHTML, like Gecko) Mobile Safari/537.36 (compatible; PetalBot;+https://webmaster.petalsearch.com/site/petalbot)" 48 **0/48239**
66.249.79.73 - - [11/Jan/2026:12:15:26 -0700] "GET /thread_ceremony.phpnz?locale_override=NZD%7Cen-GB%7CNZ HTTP/1.1" 404 - "-" "Mozilla/5.0 (Linux; Android 6.0.1; Nexus 5X Build/MMB29P) AppleWebKit/537.36 (KHTML, like Gecko) Chrome/143.0.7499.192 Mobile Safari/537.36 (compatible; GoogleOther)" 8 **0/8755**
216.73.216.52 - - [11/Jan/2026:12:15:37 -0700] "GET /good.php HTTP/2.0" 404 - "-" "Mozilla/5.0 AppleWebKit/537.36 (KHTML, like Gecko; compatible; ClaudeBot/1.0; +claudebot@anthropic.com)" 20 **0/20360**
114.119.143.75 - - [11/Jan/2026:12:16:10 -0700] "GET /?o=1232013 HTTP/1.1" 200 13988 "https://sumangalamcaterers.com/?sitemap-4.xml" "Mozilla/5.0 (Linux; Android 7.0;) AppleWebKit/537.36 (KHTML, like Gecko) Mobile Safari/537.36 (compatible; PetalBot;+https://webmaster.petalsearch.com/site/petalbot)" 46 **0/46715**
216.73.216.52 - - [11/Jan/2026:12:16:17 -0700] "GET /main.php HTTP/2.0" 404 - "-" "Mozilla/5.0 AppleWebKit/537.36 (KHTML, like Gecko; compatible; ClaudeBot/1.0; +claudebot@anthropic.com)" 9 **0/9227**
114.119.145.134 - - [11/Jan/2026:12:17:33 -0700] "GET /?o=1231528 HTTP/1.1" 200 13988 "https://sumangalamcaterers.com/sitemap5.xml" "Mozilla/5.0 (Linux; Android 7.0;) AppleWebKit/537.36 (KHTML, like Gecko) Mobile Safari/537.36 (compatible; PetalBot;+https://webmaster.petalsearch.com/site/petalbot)" 88 **0/88692**
114.119.151.168 - - [11/Jan/2026:12:18:57 -0700] "GET /?o=1230993 HTTP/1.1" 200 13988 "https://sumangalamcaterers.com/?sitemap-4.xml" "Mozilla/5.0 (Linux; Android 7.0;) AppleWebKit/537.36 (KHTML, like Gecko) Mobile Safari/537.36 (compatible; PetalBot;+https://webmaster.petalsearch.com/site/petalbot)" 68 **0/68380**
114.119.130.110 - - [11/Jan/2026:12:20:21 -0700] "GET /?o=123062 HTTP/1.1" 200 13988 "https://sumangalamcaterers.com/sitemap1.xml" "Mozilla/5.0 (Linux; Android 7.0;) AppleWebKit/537.36 (KHTML, like Gecko) Mobile Safari/537.36 (compatible; PetalBot;+https://webmaster.petalsearch.com/site/petalbot)" 103 **0/103909**
213.180.203.87 - - [11/Jan/2026:12:21:45 -0700] "GET /robots.txt HTTP/1.1" 200 2394 "-" "Mozilla/5.0 (compatible; YandexBot/3.0; +http://yandex.com/bots)" 6 **0/6122**
114.119.130.110 - - [11/Jan/2026:12:21:45 -0700] "GET /?o=1230114 HTTP/1.1" 200 13988 "https://sumangalamcaterers.com/sitemap2.xml" "Mozilla/5.0 (Linux; Android 7.0;) AppleWebKit/537.36 (KHTML, like Gecko) Mobile Safari/537.36 (compatible; PetalBot;+https://webmaster.petalsearch.com/site/petalbot)" 34 **0/34136**
87.250.224.32 - - [11/Jan/2026:12:21:46 -0700] "GET /contact.php HTTP/1.1" 200 6881 "-" "Mozilla/5.0 (compatible; YandexBot/3.0; +http://yandex.com/bots)" 22 **0/22910**
114.119.145.134 - - [11/Jan/2026:12:23:08 -0700] "GET /?o=122527 HTTP/1.1" 200 13988 "https://sumangalamcaterers.com/?sitemap-4.xml" "Mozilla/5.0 (Linux; Android 7.0;) AppleWebKit/537.36 (KHTML, like Gecko) Mobile Safari/537.36 (compatible; PetalBot;+https://webmaster.petalsearch.com/site/petalbot)" 41 **0/41356**
114.119.141.249 - - [11/Jan/2026:12:24:33 -0700] "GET /?o=122217 HTTP/1.1" 200 13988 "https://sumangalamcaterers.com/sitemap5.xml" "Mozilla/5.0 (Linux; Android 7.0;) AppleWebKit/537.36 (KHTML, like Gecko) Mobile Safari/537.36 (compatible; PetalBot;+https://webmaster.petalsearch.com/site/petalbot)" 39 **0/39771**
114.119.141.249 - - [11/Jan/2026:12:25:56 -0700] "GET /?o=122176 HTTP/1.1" 200 13988 "https://sumangalamcaterers.com/?sitemap-5.xml" "Mozilla/5.0 (Linux; Android 7.0;) AppleWebKit/537.36 (KHTML, like Gecko) Mobile Safari/537.36 (compatible; PetalBot;+https://webmaster.petalsearch.com/site/petalbot)" 603 **0/603722**
114.119.146.88 - - [11/Jan/2026:12:27:20 -0700] "GET /?o=1220907 HTTP/1.1" 200 13988 "https://sumangalamcaterers.com/sitemap5.xml" "Mozilla/5.0 (Linux; Android 7.0;) AppleWebKit/537.36 (KHTML, like Gecko) Mobile Safari/537.36 (compatible; PetalBot;+https://webmaster.petalsearch.com/site/petalbot)" 54 **0/54243**
114.119.141.249 - - [11/Jan/2026:12:28:44 -0700] "GET /venue/venuedetail.php?slug=the_destiny_convention HTTP/1.1" 200 7289 "https://www.sumangalamcaterers.com/venue/the_destiny_convention" "Mozilla/5.0 (Linux; Android 7.0;) AppleWebKit/537.36 (KHTML, like Gecko) Mobile Safari/537.36 (compatible; PetalBot;+https://webmaster.petalsearch.com/site/petalbot)" 64 **0/64303**
114.119.144.165 - - [11/Jan/2026:12:30:07 -0700] "GET /upload/331752138981.jpg HTTP/1.1" 200 1038005 "https://sumangalamcaterers.com/venue/kokila-resort" "Mozilla/5.0 (Linux; Android 7.0;) AppleWebKit/537.36 (KHTML, like Gecko) Mobile Safari/537.36 (compatible; PetalBot;+https://webmaster.petalsearch.com/site/petalbot)" 586 **0/586456**
114.119.141.249 - - [11/Jan/2026:12:31:32 -0700] "GET /sumangalamcaterers.com/recent_events HTTP/1.1" 404 - "https://www.sumangalamcaterers.com/servicedetail.php?id=12" "Mozilla/5.0 (Linux; Android 7.0;) AppleWebKit/537.36 (KHTML, like Gecko) Mobile Safari/537.36 (compatible; PetalBot;+https://webmaster.petalsearch.com/site/petalbot)" 3 **0/3008**
114.119.144.165 - - [11/Jan/2026:12:32:55 -0700] "GET /recent_events.php HTTP/1.1" 200 6889 "https://www.sumangalamcaterers.com/thread_ceremony.php" "Mozilla/5.0 (Linux; Android 7.0;) AppleWebKit/537.36 (KHTML, like Gecko) Mobile Safari/537.36 (compatible; PetalBot;+https://webmaster.petalsearch.com/site/petalbot)" 69 **0/69580**
66.249.79.133 - - [11/Jan/2026:12:33:37 -0700] "GET /legal/policy/listing-mature-content-correctly/242665462117 HTTP/1.1" 404 - "-" "Mozilla/5.0 (Linux; Android 6.0.1; Nexus 5X Build/MMB29P) AppleWebKit/537.36 (KHTML, like Gecko) Chrome/143.0.7499.192 Mobile Safari/537.36 (compatible; GoogleOther)" 6 **0/6542**
114.119.143.75 - - [11/Jan/2026:12:34:20 -0700] "GET /events/blog HTTP/1.1" 404 - "https://www.sumangalamcaterers.com/events/enchanted-evenings-birthday-aura-lawn" "Mozilla/5.0 (Linux; Android 7.0;) AppleWebKit/537.36 (KHTML, like Gecko) Mobile Safari/537.36 (compatible; PetalBot;+https://webmaster.petalsearch.com/site/petalbot)" 8 **0/8476**
216.73.216.52 - - [11/Jan/2026:12:34:33 -0700] "GET / HTTP/2.0" 200 12550 "-" "Mozilla/5.0 AppleWebKit/537.36 (KHTML, like Gecko; compatible; ClaudeBot/1.0; +claudebot@anthropic.com)" 116 **0/116692**
114.119.141.249 - - [11/Jan/2026:12:35:42 -0700] "GET /contact-us/ HTTP/1.1" 200 102076 "https://www.sumangalamcaterers.com/wedding-catering-service/" "Mozilla/5.0 (Linux; Android 7.0;) AppleWebKit/537.36 (KHTML, like Gecko) Mobile Safari/537.36 (compatible; PetalBot;+https://webmaster.petalsearch.com/site/petalbot)" 30 **0/30147**
216.73.216.52 - - [11/Jan/2026:12:35:44 -0700] "GET /main.php HTTP/2.0" 404 - "-" "Mozilla/5.0 AppleWebKit/537.36 (KHTML, like Gecko; compatible; ClaudeBot/1.0; +claudebot@anthropic.com)" 9 **0/9614**
114.119.146.88 - - [11/Jan/2026:12:37:07 -0700] "GET /blog/recent_events HTTP/1.1" 404 27 "https://www.sumangalamcaterers.com/blog/ambience-and-appetites-blog" "Mozilla/5.0 (Linux; Android 7.0;) AppleWebKit/537.36 (KHTML, like Gecko) Mobile Safari/537.36 (compatible; PetalBot;+https://webmaster.petalsearch.com/site/petalbot)" 33 **0/33572**
216.73.216.52 - - [11/Jan/2026:12:38:23 -0700] "GET /sitemap.xml HTTP/2.0" 404 - "-" "Mozilla/5.0 AppleWebKit/537.36 (KHTML, like Gecko; compatible; ClaudeBot/1.0; +claudebot@anthropic.com)" 7 **0/7480**
66.249.79.74 - - [11/Jan/2026:12:38:36 -0700] "GET /thread_ceremony.phphelp/article/493 HTTP/1.1" 404 - "-" "Mozilla/5.0 (Linux; Android 6.0.1; Nexus 5X Build/MMB29P) AppleWebKit/537.36 (KHTML, like Gecko) Chrome/143.0.7499.192 Mobile Safari/537.36 (compatible; GoogleOther)" 6 **0/6765**
66.249.79.134 - - [11/Jan/2026:12:38:37 -0700] "GET /legal/prohibited HTTP/1.1" 404 - "-" "Mozilla/5.0 (Linux; Android 6.0.1; Nexus 5X Build/MMB29P) AppleWebKit/537.36 (KHTML, like Gecko) Chrome/143.0.7499.192 Mobile Safari/537.36 (compatible; GoogleOther)" 7 **0/7829**
114.119.141.249 - - [11/Jan/2026:12:40:36 -0700] "GET / HTTP/1.1" 200 13988 "https://sumangalamcaterers.com/?o=2142332" "Mozilla/5.0 (Linux; Android 7.0;) AppleWebKit/537.36 (KHTML, like Gecko) Mobile Safari/537.36 (compatible; PetalBot;+https://webmaster.petalsearch.com/site/petalbot)" 292 **0/292834**
114.119.145.134 - - [11/Jan/2026:12:41:14 -0700] "GET /venue/shree_sai_resort HTTP/1.1" 200 7274 "https://sumangalamcaterers.com/?o=2142332" "Mozilla/5.0 (Linux; Android 7.0;) AppleWebKit/537.36 (KHTML, like Gecko) Mobile Safari/537.36 (compatible; PetalBot;+https://webmaster.petalsearch.com/site/petalbot)" 41 **0/41783**
114.119.151.168 - - [11/Jan/2026:12:42:04 -0700] "GET /our_venue.php HTTP/1.1" 200 7345 "https://sumangalamcaterers.com/top-rated-best-catering-services-near-me" "Mozilla/5.0 (Linux; Android 7.0;) AppleWebKit/537.36 (KHTML, like Gecko) Mobile Safari/537.36 (compatible; PetalBot;+https://webmaster.petalsearch.com/site/petalbot)" 23 **0/23855**
66.249.79.73 - - [11/Jan/2026:12:42:10 -0700] "GET /thread_ceremony.phplegal/privacy HTTP/1.1" 404 - "-" "Mozilla/5.0 (Linux; Android 6.0.1; Nexus 5X Build/MMB29P) AppleWebKit/537.36 (KHTML, like Gecko) Chrome/143.0.7499.192 Mobile Safari/537.36 (compatible; GoogleOther)" 7 **0/7705**
114.119.128.154 - - [11/Jan/2026:12:42:56 -0700] "GET /?o=999735 HTTP/1.1" 200 13988 "https://sumangalamcaterers.com/sitemap1.xml" "Mozilla/5.0 (Linux; Android 7.0;) AppleWebKit/537.36 (KHTML, like Gecko) Mobile Safari/537.36 (compatible; PetalBot;+https://webmaster.petalsearch.com/site/petalbot)" 43 **0/43199**
114.119.146.88 - - [11/Jan/2026:12:44:12 -0700] "GET /?o=990439 HTTP/1.1" 200 13988 "https://sumangalamcaterers.com/sitemap5.xml" "Mozilla/5.0 (Linux; Android 7.0;) AppleWebKit/537.36 (KHTML, like Gecko) Mobile Safari/537.36 (compatible; PetalBot;+https://webmaster.petalsearch.com/site/petalbot)" 50 **0/50927**
66.249.79.75 - - [11/Jan/2026:12:44:50 -0700] "GET /thread_ceremony.phplegal/cookies HTTP/1.1" 404 - "-" "Mozilla/5.0 (Linux; Android 6.0.1; Nexus 5X Build/MMB29P) AppleWebKit/537.36 (KHTML, like Gecko) Chrome/143.0.7499.192 Mobile Safari/537.36 (compatible; GoogleOther)" 6 **0/6543**
66.249.79.74 - - [11/Jan/2026:12:44:57 -0700] "GET /thread_ceremony.phpcategories HTTP/1.1" 404 - "-" "Mozilla/5.0 (Linux; Android 6.0.1; Nexus 5X Build/MMB29P) AppleWebKit/537.36 (KHTML, like Gecko) Chrome/143.0.7499.192 Mobile Safari/537.36 (compatible; GoogleOther)" 7 **0/7002**
114.119.128.154 - - [11/Jan/2026:12:45:36 -0700] "GET /?o=985334 HTTP/1.1" 200 13988 "https://sumangalamcaterers.com/sitemap5.xml" "Mozilla/5.0 (Linux; Android 7.0;) AppleWebKit/537.36 (KHTML, like Gecko) Mobile Safari/537.36 (compatible; PetalBot;+https://webmaster.petalsearch.com/site/petalbot)" 36 **0/36284**
216.73.216.52 - - [11/Jan/2026:12:46:59 -0700] "GET /good.php HTTP/2.0" 404 - "-" "Mozilla/5.0 AppleWebKit/537.36 (KHTML, like Gecko; compatible; ClaudeBot/1.0; +claudebot@anthropic.com)" 7 **0/7884**
114.119.143.75 - - [11/Jan/2026:12:47:02 -0700] "GET /?o=978166 HTTP/1.1" 200 13988 "https://sumangalamcaterers.com/?sitemap-4.xml" "Mozilla/5.0 (Linux; Android 7.0;) AppleWebKit/537.36 (KHTML, like Gecko) Mobile Safari/537.36 (compatible; PetalBot;+https://webmaster.petalsearch.com/site/petalbot)" 71 **0/71952**
66.249.79.73 - - [11/Jan/2026:12:47:43 -0700] "GET /thread_ceremony.phpil-en?locale_override=ILS%7Cen-GB%7CIL HTTP/1.1" 404 - "-" "Mozilla/5.0 (Linux; Android 6.0.1; Nexus 5X Build/MMB29P) AppleWebKit/537.36 (KHTML, like Gecko) Chrome/143.0.7499.192 Mobile Safari/537.36 (compatible; GoogleOther)" 6 **0/6969**
114.119.128.154 - - [11/Jan/2026:12:48:23 -0700] "GET /?o=97709 HTTP/1.1" 200 13988 "https://sumangalamcaterers.com/sitemap4.xml" "Mozilla/5.0 (Linux; Android 7.0;) AppleWebKit/537.36 (KHTML, like Gecko) Mobile Safari/537.36 (compatible; PetalBot;+https://webmaster.petalsearch.com/site/petalbot)" 68 **0/68193**
114.119.128.154 - - [11/Jan/2026:12:49:47 -0700] "GET /?o=965206 HTTP/1.1" 200 13988 "https://sumangalamcaterers.com/?sitemap-4.xml" "Mozilla/5.0 (Linux; Android 7.0;) AppleWebKit/537.36 (KHTML, like Gecko) Mobile Safari/537.36 (compatible; PetalBot;+https://webmaster.petalsearch.com/site/petalbot)" 59 **0/59259**
66.249.79.75 - - [11/Jan/2026:12:50:55 -0700] "GET /thread_ceremony.phpno-en?locale_override=NOK%7Cen-GB%7CNO HTTP/1.1" 404 - "-" "Mozilla/5.0 (Linux; Android 6.0.1; Nexus 5X Build/MMB29P) AppleWebKit/537.36 (KHTML, like Gecko) Chrome/143.0.7499.192 Mobile Safari/537.36 (compatible; GoogleOther)" 7 **0/7662**
114.119.141.249 - - [11/Jan/2026:12:51:12 -0700] "GET /?o=1220629 HTTP/1.1" 200 13988 "https://sumangalamcaterers.com/?sitemap-2.xml" "Mozilla/5.0 (Linux; Android 7.0;) AppleWebKit/537.36 (KHTML, like Gecko) Mobile Safari/537.36 (compatible; PetalBot;+https://webmaster.petalsearch.com/site/petalbot)" 124 **0/124650**
114.119.141.249 - - [11/Jan/2026:12:52:34 -0700] "GET /?o=1219786 HTTP/1.1" 200 13988 "https://sumangalamcaterers.com/?sitemap-5.xml" "Mozilla/5.0 (Linux; Android 7.0;) AppleWebKit/537.36 (KHTML, like Gecko) Mobile Safari/537.36 (compatible; PetalBot;+https://webmaster.petalsearch.com/site/petalbot)" 104 **0/104571**
114.119.141.249 - - [11/Jan/2026:12:53:57 -0700] "GET /?o=1219043 HTTP/1.1" 200 13988 "https://sumangalamcaterers.com/sitemap3.xml" "Mozilla/5.0 (Linux; Android 7.0;) AppleWebKit/537.36 (KHTML, like Gecko) Mobile Safari/537.36 (compatible; PetalBot;+https://webmaster.petalsearch.com/site/petalbot)" 63 **0/63970**
114.119.143.75 - - [11/Jan/2026:12:55:21 -0700] "GET /?o=9454 HTTP/1.1" 200 13988 "https://sumangalamcaterers.com/sitemap2.xml" "Mozilla/5.0 (Linux; Android 7.0;) AppleWebKit/537.36 (KHTML, like Gecko) Mobile Safari/537.36 (compatible; PetalBot;+https://webmaster.petalsearch.com/site/petalbot)" 69 **0/69261**
216.73.216.52 - - [11/Jan/2026:12:55:58 -0700] "GET / HTTP/2.0" 200 12550 "-" "Mozilla/5.0 AppleWebKit/537.36 (KHTML, like Gecko; compatible; ClaudeBot/1.0; +claudebot@anthropic.com)" 209 **0/209491**
114.119.143.75 - - [11/Jan/2026:12:56:46 -0700] "GET /?o=940359 HTTP/1.1" 200 13988 "https://sumangalamcaterers.com/sitemap2.xml" "Mozilla/5.0 (Linux; Android 7.0;) AppleWebKit/537.36 (KHTML, like Gecko) Mobile Safari/537.36 (compatible; PetalBot;+https://webmaster.petalsearch.com/site/petalbot)" 63 **0/63785**
216.73.216.52 - - [11/Jan/2026:12:57:51 -0700] "GET /good.php HTTP/2.0" 404 - "-" "Mozilla/5.0 AppleWebKit/537.36 (KHTML, like Gecko; compatible; ClaudeBot/1.0; +claudebot@anthropic.com)" 12 **0/12896**
114.119.144.165 - - [11/Jan/2026:12:58:09 -0700] "GET /?o=940196 HTTP/1.1" 200 13988 "https://sumangalamcaterers.com/?sitemap-5.xml" "Mozilla/5.0 (Linux; Android 7.0;) AppleWebKit/537.36 (KHTML, like Gecko) Mobile Safari/537.36 (compatible; PetalBot;+https://webmaster.petalsearch.com/site/petalbot)" 67 **0/67749**
114.119.141.249 - - [11/Jan/2026:12:59:33 -0700] "GET /?o=913238 HTTP/1.1" 200 13988 "https://sumangalamcaterers.com/sitemap3.xml" "Mozilla/5.0 (Linux; Android 7.0;) AppleWebKit/537.36 (KHTML, like Gecko) Mobile Safari/537.36 (compatible; PetalBot;+https://webmaster.petalsearch.com/site/petalbot)" 57 **0/57993**
216.73.216.52 - - [11/Jan/2026:13:00:54 -0700] "GET /main.php HTTP/2.0" 404 - "-" "Mozilla/5.0 AppleWebKit/537.36 (KHTML, like Gecko; compatible; ClaudeBot/1.0; +claudebot@anthropic.com)" 11 **0/11213**
114.119.130.110 - - [11/Jan/2026:13:00:58 -0700] "GET /?o=908978 HTTP/1.1" 200 13988 "https://sumangalamcaterers.com/?sitemap-4.xml" "Mozilla/5.0 (Linux; Android 7.0;) AppleWebKit/537.36 (KHTML, like Gecko) Mobile Safari/537.36 (compatible; PetalBot;+https://webmaster.petalsearch.com/site/petalbot)" 43 **0/43145**
114.119.128.154 - - [11/Jan/2026:13:02:19 -0700] "GET /?o=899394 HTTP/1.1" 200 13988 "https://sumangalamcaterers.com/?sitemap-3.xml" "Mozilla/5.0 (Linux; Android 7.0;) AppleWebKit/537.36 (KHTML, like Gecko) Mobile Safari/537.36 (compatible; PetalBot;+https://webmaster.petalsearch.com/site/petalbot)" 65 **0/65162**
114.119.151.168 - - [11/Jan/2026:13:03:43 -0700] "GET /?o=876350 HTTP/1.1" 200 13988 "https://sumangalamcaterers.com/sitemap1.xml" "Mozilla/5.0 (Linux; Android 7.0;) AppleWebKit/537.36 (KHTML, like Gecko) Mobile Safari/537.36 (compatible; PetalBot;+https://webmaster.petalsearch.com/site/petalbot)" 132 **0/132714**
114.119.128.154 - - [11/Jan/2026:13:05:07 -0700] "GET /?o=876029 HTTP/1.1" 200 13988 "https://sumangalamcaterers.com/sitemap4.xml" "Mozilla/5.0 (Linux; Android 7.0;) AppleWebKit/537.36 (KHTML, like Gecko) Mobile Safari/537.36 (compatible; PetalBot;+https://webmaster.petalsearch.com/site/petalbot)" 131 **0/131267**
114.119.146.88 - - [11/Jan/2026:13:06:34 -0700] "GET /?o=874151 HTTP/1.1" 200 13988 "https://sumangalamcaterers.com/?sitemap-2.xml" "Mozilla/5.0 (Linux; Android 7.0;) AppleWebKit/537.36 (KHTML, like Gecko) Mobile Safari/537.36 (compatible; PetalBot;+https://webmaster.petalsearch.com/site/petalbot)" 43 **0/43072**
114.119.151.168 - - [11/Jan/2026:13:07:54 -0700] "GET /?o=867179 HTTP/1.1" 200 13988 "https://sumangalamcaterers.com/?sitemap-1.xml" "Mozilla/5.0 (Linux; Android 7.0;) AppleWebKit/537.36 (KHTML, like Gecko) Mobile Safari/537.36 (compatible; PetalBot;+https://webmaster.petalsearch.com/site/petalbot)" 44 **0/44293**
216.73.216.52 - - [11/Jan/2026:13:08:52 -0700] "GET /robots.txt HTTP/2.0" 200 187 "-" "Mozilla/5.0 AppleWebKit/537.36 (KHTML, like Gecko; compatible; ClaudeBot/1.0; +claudebot@anthropic.com)" 8 **0/8679**
216.73.216.52 - - [11/Jan/2026:13:08:52 -0700] "GET /sitemap5.xml HTTP/2.0" 404 - "-" "Mozilla/5.0 AppleWebKit/537.36 (KHTML, like Gecko; compatible; ClaudeBot/1.0; +claudebot@anthropic.com)" 8 **0/8242**
114.119.145.134 - - [11/Jan/2026:13:09:19 -0700] "GET /?o=860559 HTTP/1.1" 200 13988 "https://sumangalamcaterers.com/?sitemap-1.xml" "Mozilla/5.0 (Linux; Android 7.0;) AppleWebKit/537.36 (KHTML, like Gecko) Mobile Safari/537.36 (compatible; PetalBot;+https://webmaster.petalsearch.com/site/petalbot)" 83 **0/83156**
66.249.79.73 - - [11/Jan/2026:13:09:51 -0700] "GET /thread_ceremony.phpca-fr?locale_override=CAD%7Cfr%7CCA HTTP/1.1" 404 - "-" "Mozilla/5.0 (Linux; Android 6.0.1; Nexus 5X Build/MMB29P) AppleWebKit/537.36 (KHTML, like Gecko) Chrome/143.0.7499.192 Mobile Safari/537.36 (compatible; GoogleOther)" 7 **0/7445**
40.77.167.184 - - [11/Jan/2026:13:10:13 -0700] "GET /robots.txt HTTP/2.0" 200 187 "-" "Mozilla/5.0 AppleWebKit/537.36 (KHTML, like Gecko; compatible; bingbot/2.0; +http://www.bing.com/bingbot.htm) Chrome/116.0.1938.76 Safari/537.36" 10 **0/10848**
40.77.167.11 - - [11/Jan/2026:13:10:18 -0700] "GET /sitemap_index.xml HTTP/2.0" 404 - "-" "Mozilla/5.0 AppleWebKit/537.36 (KHTML, like Gecko; compatible; bingbot/2.0; +http://www.bing.com/bingbot.htm) Chrome/116.0.1938.76 Safari/537.36" 7 **0/7768**
216.73.216.52 - - [11/Jan/2026:13:10:24 -0700] "GET /good.php HTTP/2.0" 404 - "-" "Mozilla/5.0 AppleWebKit/537.36 (KHTML, like Gecko; compatible; ClaudeBot/1.0; +claudebot@anthropic.com)" 9 **0/9221**
114.119.143.75 - - [11/Jan/2026:13:10:41 -0700] "GET /?o=857141 HTTP/1.1" 200 13988 "https://sumangalamcaterers.com/sitemap3.xml" "Mozilla/5.0 (Linux; Android 7.0;) AppleWebKit/537.36 (KHTML, like Gecko) Mobile Safari/537.36 (compatible; PetalBot;+https://webmaster.petalsearch.com/site/petalbot)" 86 **0/86105**
23.105.5.90 - - [11/Jan/2026:13:11:34 -0700] "GET /contact.php HTTP/1.1" 200 6416 "-" "Mozilla/5.0 (X11; Linux x86_64) AppleWebKit/537.36 (KHTML, like Gecko) Chrome/114.0.0.0 Safari/537.36 OPR/89.0.4447.51" 28 **0/28406**
23.105.5.90 - - [11/Jan/2026:13:11:40 -0700] "POST /admin/function.php HTTP/1.1" 302 23 "https://sumangalamcaterers.com/contact.php" "Mozilla/5.0 (X11; Linux x86_64) AppleWebKit/537.36 (KHTML, like Gecko) Chrome/114.0.0.0 Safari/537.36 OPR/89.0.4447.51" 49 **0/49257**
23.105.5.90 - - [11/Jan/2026:13:11:45 -0700] "GET /contact.php HTTP/1.1" 200 6416 "https://sumangalamcaterers.com/admin/function.php" "Mozilla/5.0 (X11; Linux x86_64) AppleWebKit/537.36 (KHTML, like Gecko) Chrome/114.0.0.0 Safari/537.36 OPR/89.0.4447.51" 30 **0/30138**
114.119.128.154 - - [11/Jan/2026:13:12:08 -0700] "GET /?o=840493 HTTP/1.1" 200 13988 "https://sumangalamcaterers.com/sitemap1.xml" "Mozilla/5.0 (Linux; Android 7.0;) AppleWebKit/537.36 (KHTML, like Gecko) Mobile Safari/537.36 (compatible; PetalBot;+https://webmaster.petalsearch.com/site/petalbot)" 39 **0/39768**
216.73.216.52 - - [11/Jan/2026:13:12:27 -0700] "GET /main.php HTTP/2.0" 404 - "-" "Mozilla/5.0 AppleWebKit/537.36 (KHTML, like Gecko; compatible; ClaudeBot/1.0; +claudebot@anthropic.com)" 12 **0/12559**
114.119.143.75 - - [11/Jan/2026:13:13:31 -0700] "GET /?o=833260 HTTP/1.1" 200 13988 "https://sumangalamcaterers.com/sitemap5.xml" "Mozilla/5.0 (Linux; Android 7.0;) AppleWebKit/537.36 (KHTML, like Gecko) Mobile Safari/537.36 (compatible; PetalBot;+https://webmaster.petalsearch.com/site/petalbot)" 49 **0/49988**
216.73.216.52 - - [11/Jan/2026:13:13:34 -0700] "GET /sitemap2.xml HTTP/2.0" 404 - "-" "Mozilla/5.0 AppleWebKit/537.36 (KHTML, like Gecko; compatible; ClaudeBot/1.0; +claudebot@anthropic.com)" 8 **0/8400**
114.119.128.154 - - [11/Jan/2026:13:14:54 -0700] "GET /?o=829529 HTTP/1.1" 200 13988 "https://sumangalamcaterers.com/?sitemap-1.xml" "Mozilla/5.0 (Linux; Android 7.0;) AppleWebKit/537.36 (KHTML, like Gecko) Mobile Safari/537.36 (compatible; PetalBot;+https://webmaster.petalsearch.com/site/petalbot)" 61 **0/61601**
51.161.37.214 - - [11/Jan/2026:13:15:01 -0700] "GET /robots.txt HTTP/2.0" 200 187 "-" "Mozilla/5.0 (compatible; AhrefsBot/7.0; +http://ahrefs.com/robot/)" 8 **0/8287**
54.39.136.152 - - [11/Jan/2026:13:15:04 -0700] "GET / HTTP/2.0" 200 12550 "-" "Mozilla/5.0 (compatible; AhrefsBot/7.0; +http://ahrefs.com/robot/)" 218 **0/218646**
114.119.128.154 - - [11/Jan/2026:13:16:17 -0700] "GET /?o=820550 HTTP/1.1" 200 13988 "https://sumangalamcaterers.com/sitemap4.xml" "Mozilla/5.0 (Linux; Android 7.0;) AppleWebKit/537.36 (KHTML, like Gecko) Mobile Safari/537.36 (compatible; PetalBot;+https://webmaster.petalsearch.com/site/petalbot)" 75 **0/75724**
216.73.216.52 - - [11/Jan/2026:13:16:18 -0700] "GET / HTTP/2.0" 200 12550 "-" "Mozilla/5.0 AppleWebKit/537.36 (KHTML, like Gecko; compatible; ClaudeBot/1.0; +claudebot@anthropic.com)" 47 **0/47723**
114.119.151.168 - - [11/Jan/2026:13:17:41 -0700] "GET /?o=808175 HTTP/1.1" 200 13988 "https://sumangalamcaterers.com/?sitemap-2.xml" "Mozilla/5.0 (Linux; Android 7.0;) AppleWebKit/537.36 (KHTML, like Gecko) Mobile Safari/537.36 (compatible; PetalBot;+https://webmaster.petalsearch.com/site/petalbot)" 41 **0/41500**
114.119.128.154 - - [11/Jan/2026:13:19:04 -0700] "GET /?o=785762 HTTP/1.1" 200 13988 "https://sumangalamcaterers.com/sitemap3.xml" "Mozilla/5.0 (Linux; Android 7.0;) AppleWebKit/537.36 (KHTML, like Gecko) Mobile Safari/537.36 (compatible; PetalBot;+https://webmaster.petalsearch.com/site/petalbot)" 36 **0/36062**
114.119.130.110 - - [11/Jan/2026:13:20:28 -0700] "GET /?o=764029 HTTP/1.1" 200 13988 "https://sumangalamcaterers.com/sitemap4.xml" "Mozilla/5.0 (Linux; Android 7.0;) AppleWebKit/537.36 (KHTML, like Gecko) Mobile Safari/537.36 (compatible; PetalBot;+https://webmaster.petalsearch.com/site/petalbot)" 76 **0/76740**
114.119.146.88 - - [11/Jan/2026:13:21:52 -0700] "GET /?o=745292 HTTP/1.1" 200 13988 "https://sumangalamcaterers.com/?sitemap-1.xml" "Mozilla/5.0 (Linux; Android 7.0;) AppleWebKit/537.36 (KHTML, like Gecko) Mobile Safari/537.36 (compatible; PetalBot;+https://webmaster.petalsearch.com/site/petalbot)" 59 **0/59487**
114.119.145.134 - - [11/Jan/2026:13:23:16 -0700] "GET /?o=732935 HTTP/1.1" 200 13988 "https://sumangalamcaterers.com/?sitemap-5.xml" "Mozilla/5.0 (Linux; Android 7.0;) AppleWebKit/537.36 (KHTML, like Gecko) Mobile Safari/537.36 (compatible; PetalBot;+https://webmaster.petalsearch.com/site/petalbot)" 89 **0/89953**
114.119.143.75 - - [11/Jan/2026:13:24:40 -0700] "GET /?o=687920 HTTP/1.1" 200 13988 "https://sumangalamcaterers.com/sitemap2.xml" "Mozilla/5.0 (Linux; Android 7.0;) AppleWebKit/537.36 (KHTML, like Gecko) Mobile Safari/537.36 (compatible; PetalBot;+https://webmaster.petalsearch.com/site/petalbot)" 81 **0/81156**
114.119.141.249 - - [11/Jan/2026:13:26:02 -0700] "GET /?o=683039 HTTP/1.1" 200 13988 "https://sumangalamcaterers.com/?sitemap-3.xml" "Mozilla/5.0 (Linux; Android 7.0;) AppleWebKit/537.36 (KHTML, like Gecko) Mobile Safari/537.36 (compatible; PetalBot;+https://webmaster.petalsearch.com/site/petalbot)" 55 **0/55537**
216.73.216.52 - - [11/Jan/2026:13:26:38 -0700] "GET /sitemap2.xml HTTP/2.0" 404 - "-" "Mozilla/5.0 AppleWebKit/537.36 (KHTML, like Gecko; compatible; ClaudeBot/1.0; +claudebot@anthropic.com)" 6 **0/6673**
216.73.216.52 - - [11/Jan/2026:13:26:38 -0700] "GET /main.php HTTP/2.0" 404 - "-" "Mozilla/5.0 AppleWebKit/537.36 (KHTML, like Gecko; compatible; ClaudeBot/1.0; +claudebot@anthropic.com)" 6 **0/6618**
114.119.143.75 - - [11/Jan/2026:13:27:26 -0700] "GET /?o=682402 HTTP/1.1" 200 13988 "https://sumangalamcaterers.com/sitemap3.xml" "Mozilla/5.0 (Linux; Android 7.0;) AppleWebKit/537.36 (KHTML, like Gecko) Mobile Safari/537.36 (compatible; PetalBot;+https://webmaster.petalsearch.com/site/petalbot)" 40 **0/40429**
216.73.216.52 - - [11/Jan/2026:13:28:03 -0700] "GET /good.php HTTP/2.0" 404 - "-" "Mozilla/5.0 AppleWebKit/537.36 (KHTML, like Gecko; compatible; ClaudeBot/1.0; +claudebot@anthropic.com)" 10 **0/10939**
114.119.128.154 - - [11/Jan/2026:13:28:50 -0700] "GET /?o=682131 HTTP/1.1" 200 13988 "https://sumangalamcaterers.com/?sitemap-3.xml" "Mozilla/5.0 (Linux; Android 7.0;) AppleWebKit/537.36 (KHTML, like Gecko) Mobile Safari/537.36 (compatible; PetalBot;+https://webmaster.petalsearch.com/site/petalbot)" 52 **0/52895**
114.119.141.249 - - [11/Jan/2026:13:30:14 -0700] "GET /?o=677840 HTTP/1.1" 200 13988 "https://sumangalamcaterers.com/sitemap2.xml" "Mozilla/5.0 (Linux; Android 7.0;) AppleWebKit/537.36 (KHTML, like Gecko) Mobile Safari/537.36 (compatible; PetalBot;+https://webmaster.petalsearch.com/site/petalbot)" 51 **0/51866**
216.73.216.52 - - [11/Jan/2026:13:30:40 -0700] "GET / HTTP/2.0" 200 12550 "-" "Mozilla/5.0 AppleWebKit/537.36 (KHTML, like Gecko; compatible; ClaudeBot/1.0; +claudebot@anthropic.com)" 60 **0/60095**
114.119.143.75 - - [11/Jan/2026:13:31:38 -0700] "GET /?o=611670 HTTP/1.1" 200 13988 "https://sumangalamcaterers.com/?sitemap-4.xml" "Mozilla/5.0 (Linux; Android 7.0;) AppleWebKit/537.36 (KHTML, like Gecko) Mobile Safari/537.36 (compatible; PetalBot;+https://webmaster.petalsearch.com/site/petalbot)" 68 **0/68390**
114.119.128.154 - - [11/Jan/2026:13:33:01 -0700] "GET /?o=607082 HTTP/1.1" 200 13988 "https://sumangalamcaterers.com/?sitemap-5.xml" "Mozilla/5.0 (Linux; Android 7.0;) AppleWebKit/537.36 (KHTML, like Gecko) Mobile Safari/537.36 (compatible; PetalBot;+https://webmaster.petalsearch.com/site/petalbot)" 103 **0/103451**
216.73.216.52 - - [11/Jan/2026:13:33:22 -0700] "GET /sitemap5.xml HTTP/2.0" 404 - "-" "Mozilla/5.0 AppleWebKit/537.36 (KHTML, like Gecko; compatible; ClaudeBot/1.0; +claudebot@anthropic.com)" 8 **0/8317**
114.119.143.75 - - [11/Jan/2026:13:34:25 -0700] "GET /?o=589609 HTTP/1.1" 200 13988 "https://sumangalamcaterers.com/sitemap3.xml" "Mozilla/5.0 (Linux; Android 7.0;) AppleWebKit/537.36 (KHTML, like Gecko) Mobile Safari/537.36 (compatible; PetalBot;+https://webmaster.petalsearch.com/site/petalbot)" 76 **0/76428**
114.119.130.110 - - [11/Jan/2026:13:35:50 -0700] "GET /?o=575666 HTTP/1.1" 200 13988 "https://sumangalamcaterers.com/?sitemap-1.xml" "Mozilla/5.0 (Linux; Android 7.0;) AppleWebKit/537.36 (KHTML, like Gecko) Mobile Safari/537.36 (compatible; PetalBot;+https://webmaster.petalsearch.com/site/petalbot)" 607 **0/607275**
114.119.141.249 - - [11/Jan/2026:13:37:14 -0700] "GET /?o=558882 HTTP/1.1" 200 13988 "https://sumangalamcaterers.com/sitemap3.xml" "Mozilla/5.0 (Linux; Android 7.0;) AppleWebKit/537.36 (KHTML, like Gecko) Mobile Safari/537.36 (compatible; PetalBot;+https://webmaster.petalsearch.com/site/petalbot)" 36 **0/36603**
18.97.14.81 - - [11/Jan/2026:13:38:11 -0700] "GET /robots.txt HTTP/2.0" 200 187 "-" "CCBot/2.0 (https://commoncrawl.org/faq/)" 6 **0/6820**
18.97.14.81 - - [11/Jan/2026:13:38:11 -0700] "GET /good.php?sitemap1.xml HTTP/2.0" 404 - "-" "CCBot/2.0 (https://commoncrawl.org/faq/)" 6 **0/6026**
114.119.128.154 - - [11/Jan/2026:13:38:38 -0700] "GET /?o=547329 HTTP/1.1" 200 13988 "https://sumangalamcaterers.com/sitemap3.xml" "Mozilla/5.0 (Linux; Android 7.0;) AppleWebKit/537.36 (KHTML, like Gecko) Mobile Safari/537.36 (compatible; PetalBot;+https://webmaster.petalsearch.com/site/petalbot)" 38 **0/38821**
18.97.14.81 - - [11/Jan/2026:13:38:50 -0700] "GET /?sitemap-1.xml HTTP/2.0" 200 12550 "-" "CCBot/2.0 (https://commoncrawl.org/faq/)" 65 **0/65785**
114.119.151.168 - - [11/Jan/2026:13:40:00 -0700] "GET /?o=518689 HTTP/1.1" 200 13988 "https://sumangalamcaterers.com/?sitemap-3.xml" "Mozilla/5.0 (Linux; Android 7.0;) AppleWebKit/537.36 (KHTML, like Gecko) Mobile Safari/537.36 (compatible; PetalBot;+https://webmaster.petalsearch.com/site/petalbot)" 83 **0/83127**
172.241.119.204 - - [11/Jan/2026:13:40:26 -0700] "GET /contact.php HTTP/1.1" 200 6416 "-" "Mozilla/5.0 (X11; Linux x86_64) AppleWebKit/537.36 (KHTML, like Gecko) Chrome/114.0.0.0 Safari/537.36 OPR/89.0.4447.51" 36 **0/36428**
172.241.119.204 - - [11/Jan/2026:13:40:32 -0700] "POST /admin/function.php HTTP/1.1" 302 23 "https://sumangalamcaterers.com/contact.php" "Mozilla/5.0 (X11; Linux x86_64) AppleWebKit/537.36 (KHTML, like Gecko) Chrome/114.0.0.0 Safari/537.36 OPR/89.0.4447.51" 25 **0/25496**
172.241.119.204 - - [11/Jan/2026:13:40:37 -0700] "GET /contact.php HTTP/1.1" 200 6416 "https://sumangalamcaterers.com/admin/function.php" "Mozilla/5.0 (X11; Linux x86_64) AppleWebKit/537.36 (KHTML, like Gecko) Chrome/114.0.0.0 Safari/537.36 OPR/89.0.4447.51" 28 **0/28636**
114.119.144.165 - - [11/Jan/2026:13:41:27 -0700] "GET /?o=479369 HTTP/1.1" 200 13988 "https://sumangalamcaterers.com/sitemap4.xml" "Mozilla/5.0 (Linux; Android 7.0;) AppleWebKit/537.36 (KHTML, like Gecko) Mobile Safari/537.36 (compatible; PetalBot;+https://webmaster.petalsearch.com/site/petalbot)" 44 **0/44670**
18.97.14.81 - - [11/Jan/2026:13:42:44 -0700] "GET /good.php?sitemap-1.xml HTTP/2.0" 404 - "-" "CCBot/2.0 (https://commoncrawl.org/faq/)" 7 **0/7871**
114.119.151.168 - - [11/Jan/2026:13:42:48 -0700] "GET /?o=4770086 HTTP/1.1" 200 13988 "https://sumangalamcaterers.com/?sitemap-1.xml" "Mozilla/5.0 (Linux; Android 7.0;) AppleWebKit/537.36 (KHTML, like Gecko) Mobile Safari/537.36 (compatible; PetalBot;+https://webmaster.petalsearch.com/site/petalbot)" 46 **0/46333**
114.119.151.168 - - [11/Jan/2026:13:44:13 -0700] "GET /?o=4766014 HTTP/1.1" 200 13988 "https://sumangalamcaterers.com/sitemap5.xml" "Mozilla/5.0 (Linux; Android 7.0;) AppleWebKit/537.36 (KHTML, like Gecko) Mobile Safari/537.36 (compatible; PetalBot;+https://webmaster.petalsearch.com/site/petalbot)" 46 **0/46151**
18.97.14.81 - - [11/Jan/2026:13:45:08 -0700] "GET /good.php?sitemap-2.xml HTTP/2.0" 404 - "-" "CCBot/2.0 (https://commoncrawl.org/faq/)" 8 **0/8623**
114.119.141.249 - - [11/Jan/2026:13:45:35 -0700] "GET /?o=476544 HTTP/1.1" 200 13988 "https://sumangalamcaterers.com/?sitemap-1.xml" "Mozilla/5.0 (Linux; Android 7.0;) AppleWebKit/537.36 (KHTML, like Gecko) Mobile Safari/537.36 (compatible; PetalBot;+https://webmaster.petalsearch.com/site/petalbot)" 52 **0/52761**
114.119.143.75 - - [11/Jan/2026:13:47:02 -0700] "GET /?o=4762382 HTTP/1.1" 200 13988 "https://sumangalamcaterers.com/?sitemap-2.xml" "Mozilla/5.0 (Linux; Android 7.0;) AppleWebKit/537.36 (KHTML, like Gecko) Mobile Safari/537.36 (compatible; PetalBot;+https://webmaster.petalsearch.com/site/petalbot)" 40 **0/40610**
114.119.128.154 - - [11/Jan/2026:13:48:23 -0700] "GET /?o=4760542 HTTP/1.1" 200 13988 "https://sumangalamcaterers.com/sitemap5.xml" "Mozilla/5.0 (Linux; Android 7.0;) AppleWebKit/537.36 (KHTML, like Gecko) Mobile Safari/537.36 (compatible; PetalBot;+https://webmaster.petalsearch.com/site/petalbot)" 51 **0/51243**
52.169.217.234 - - [11/Jan/2026:13:48:58 -0700] "GET /wp-content/plugins/hellopress/wp_filemanager.php HTTP/1.1" 401 36 "-" "-" 41 **0/41374**
52.169.217.234 - - [11/Jan/2026:13:48:58 -0700] "GET /motu.php HTTP/1.1" 401 36 "-" "-" 42 **0/42018**
52.169.217.234 - - [11/Jan/2026:13:48:59 -0700] "GET /xsas.php HTTP/1.1" 401 36 "-" "-" 42 **0/42895**
52.169.217.234 - - [11/Jan/2026:13:48:59 -0700] "GET /wen.php HTTP/1.1" 401 36 "-" "-" 39 **0/39043**
52.169.217.234 - - [11/Jan/2026:13:48:59 -0700] "GET /xwpg.php HTTP/1.1" 401 36 "-" "-" 45 **0/45838**
52.169.217.234 - - [11/Jan/2026:13:48:59 -0700] "GET /baee.php HTTP/1.1" 401 36 "-" "-" 38 **0/38337**
52.169.217.234 - - [11/Jan/2026:13:49:00 -0700] "GET /iov.php HTTP/1.1" 401 36 "-" "-" 41 **0/41530**
52.169.217.234 - - [11/Jan/2026:13:49:00 -0700] "GET /mds.php HTTP/1.1" 401 36 "-" "-" 44 **0/44389**
52.169.217.234 - - [11/Jan/2026:13:49:00 -0700] "GET /mga.php HTTP/1.1" 401 36 "-" "-" 46 **0/46354**
52.169.217.234 - - [11/Jan/2026:13:49:01 -0700] "GET /rendi59.php HTTP/1.1" 401 36 "-" "-" 43 **0/43719**
52.169.217.234 - - [11/Jan/2026:13:49:01 -0700] "GET /bgymj.php HTTP/1.1" 401 36 "-" "-" 48 **0/48827**
52.169.217.234 - - [11/Jan/2026:13:49:01 -0700] "GET /assacc.php HTTP/1.1" 401 36 "-" "-" 49 **0/49487**
52.169.217.234 - - [11/Jan/2026:13:49:02 -0700] "GET /6y7t.php HTTP/1.1" 401 36 "-" "-" 45 **0/45885**
52.169.217.234 - - [11/Jan/2026:13:49:02 -0700] "GET /monso.php HTTP/1.1" 401 36 "-" "-" 35 **0/35134**
52.169.217.234 - - [11/Jan/2026:13:49:02 -0700] "GET /bnnof6.php HTTP/1.1" 401 36 "-" "-" 42 **0/42191**
52.169.217.234 - - [11/Jan/2026:13:49:03 -0700] "GET /str.php HTTP/1.1" 401 36 "-" "-" 39 **0/39649**
114.119.146.88 - - [11/Jan/2026:13:49:46 -0700] "GET /?o=4732085 HTTP/1.1" 200 13988 "https://sumangalamcaterers.com/sitemap2.xml" "Mozilla/5.0 (Linux; Android 7.0;) AppleWebKit/537.36 (KHTML, like Gecko) Mobile Safari/537.36 (compatible; PetalBot;+https://webmaster.petalsearch.com/site/petalbot)" 58 **0/58049**
114.119.145.134 - - [11/Jan/2026:13:51:10 -0700] "GET /?o=4726004 HTTP/1.1" 200 13988 "https://sumangalamcaterers.com/sitemap5.xml" "Mozilla/5.0 (Linux; Android 7.0;) AppleWebKit/537.36 (KHTML, like Gecko) Mobile Safari/537.36 (compatible; PetalBot;+https://webmaster.petalsearch.com/site/petalbot)" 55 **0/55175**
114.119.144.165 - - [11/Jan/2026:13:52:34 -0700] "GET /?o=4717005 HTTP/1.1" 200 13988 "https://sumangalamcaterers.com/sitemap2.xml" "Mozilla/5.0 (Linux; Android 7.0;) AppleWebKit/537.36 (KHTML, like Gecko) Mobile Safari/537.36 (compatible; PetalBot;+https://webmaster.petalsearch.com/site/petalbot)" 51 **0/51792**
216.73.216.52 - - [11/Jan/2026:13:52:45 -0700] "GET /sitemap2.xml HTTP/2.0" 404 - "-" "Mozilla/5.0 AppleWebKit/537.36 (KHTML, like Gecko; compatible; ClaudeBot/1.0; +claudebot@anthropic.com)" 6 **0/6441**
216.73.216.52 - - [11/Jan/2026:13:53:56 -0700] "GET /good.php HTTP/2.0" 404 - "-" "Mozilla/5.0 AppleWebKit/537.36 (KHTML, like Gecko; compatible; ClaudeBot/1.0; +claudebot@anthropic.com)" 9 **0/9522**
114.119.144.165 - - [11/Jan/2026:13:53:57 -0700] "GET /?o=4700779 HTTP/1.1" 200 13988 "https://sumangalamcaterers.com/?sitemap-4.xml" "Mozilla/5.0 (Linux; Android 7.0;) AppleWebKit/537.36 (KHTML, like Gecko) Mobile Safari/537.36 (compatible; PetalBot;+https://webmaster.petalsearch.com/site/petalbot)" 46 **0/46849**
114.119.143.75 - - [11/Jan/2026:13:55:21 -0700] "GET /?o=4700341 HTTP/1.1" 200 13988 "https://sumangalamcaterers.com/?sitemap-4.xml" "Mozilla/5.0 (Linux; Android 7.0;) AppleWebKit/537.36 (KHTML, like Gecko) Mobile Safari/537.36 (compatible; PetalBot;+https://webmaster.petalsearch.com/site/petalbot)" 67 **0/67065**
114.119.145.134 - - [11/Jan/2026:13:56:45 -0700] "GET /?o=4697843 HTTP/1.1" 200 13988 "https://sumangalamcaterers.com/?sitemap-2.xml" "Mozilla/5.0 (Linux; Android 7.0;) AppleWebKit/537.36 (KHTML, like Gecko) Mobile Safari/537.36 (compatible; PetalBot;+https://webmaster.petalsearch.com/site/petalbot)" 39 **0/39919**
114.119.146.88 - - [11/Jan/2026:13:58:09 -0700] "GET /?o=4684856 HTTP/1.1" 200 13988 "https://sumangalamcaterers.com/?sitemap-5.xml" "Mozilla/5.0 (Linux; Android 7.0;) AppleWebKit/537.36 (KHTML, like Gecko) Mobile Safari/537.36 (compatible; PetalBot;+https://webmaster.petalsearch.com/site/petalbot)" 66 **0/66834**
114.119.141.249 - - [11/Jan/2026:13:59:32 -0700] "GET /?o=4673889 HTTP/1.1" 200 13988 "https://sumangalamcaterers.com/?sitemap-3.xml" "Mozilla/5.0 (Linux; Android 7.0;) AppleWebKit/537.36 (KHTML, like Gecko) Mobile Safari/537.36 (compatible; PetalBot;+https://webmaster.petalsearch.com/site/petalbot)" 37 **0/37913**
114.119.130.110 - - [11/Jan/2026:14:00:59 -0700] "GET /?o=4661348 HTTP/1.1" 200 13988 "https://sumangalamcaterers.com/?sitemap-3.xml" "Mozilla/5.0 (Linux; Android 7.0;) AppleWebKit/537.36 (KHTML, like Gecko) Mobile Safari/537.36 (compatible; PetalBot;+https://webmaster.petalsearch.com/site/petalbot)" 58 **0/58800**
51.222.168.180 - - [11/Jan/2026:14:01:20 -0700] "GET /?sitemap-3.xml HTTP/2.0" 200 12550 "-" "Mozilla/5.0 (compatible; AhrefsBot/7.0; +http://ahrefs.com/robot/)" 54 **0/54686**
66.249.79.73 - - [11/Jan/2026:14:01:43 -0700] "GET /thread_ceremony.php?ref=catnav_breadcrumb-home HTTP/1.1" 200 6868 "-" "Mozilla/5.0 (Linux; Android 6.0.1; Nexus 5X Build/MMB29P) AppleWebKit/537.36 (KHTML, like Gecko) Chrome/143.0.7499.192 Mobile Safari/537.36 (compatible; GoogleOther)" 38 **0/38688**
114.119.141.249 - - [11/Jan/2026:14:02:20 -0700] "GET /?o=4660639 HTTP/1.1" 200 13988 "https://sumangalamcaterers.com/?sitemap-2.xml" "Mozilla/5.0 (Linux; Android 7.0;) AppleWebKit/537.36 (KHTML, like Gecko) Mobile Safari/537.36 (compatible; PetalBot;+https://webmaster.petalsearch.com/site/petalbot)" 59 **0/59093**
216.73.216.52 - - [11/Jan/2026:14:02:41 -0700] "GET /good.php HTTP/2.0" 404 - "-" "Mozilla/5.0 AppleWebKit/537.36 (KHTML, like Gecko; compatible; ClaudeBot/1.0; +claudebot@anthropic.com)" 8 **0/8996**
202.76.177.193 - - [11/Jan/2026:14:03:06 -0700] "GET /main.php?sitemap-11.xml HTTP/1.1" 404 - "-" "Mozilla/5.0 (Windows; U; Windows NT 5.1; en-US) AppleWebKit/532.2 (KHTML, like Gecko) Chrome/4.0.222.3 Safari/532.2" 9 **0/9166**
146.174.179.131 - - [11/Jan/2026:14:03:06 -0700] "GET /?sitemap-4.xml HTTP/1.1" 200 13988 "-" "Mozilla/5.0 (Windows; U; Windows NT 6.1; en-US) AppleWebKit/534.10 (KHTML, like Gecko) Chrome/7.0.540.0 Safari/534.10" 114 **0/114979**
113.173.129.51 - - [11/Jan/2026:14:03:11 -0700] "GET /?sitemap-3.xml HTTP/1.1" 200 13988 "-" "Mozilla/5.0 (Windows NT 6.1) AppleWebKit/535.11 (KHTML, like Gecko) Chrome/17.0.963.66 Safari/535.11" 33 **0/33666**
202.76.172.160 - - [11/Jan/2026:14:03:17 -0700] "GET /main.php?sitemap-15.xml HTTP/1.1" 404 - "-" "Mozilla/5.0 (Windows NT 5.1) AppleWebKit/536.3 (KHTML, like Gecko) Chrome/19.0.1063.0 Safari/536.3" 9 **0/9961**
146.174.183.219 - - [11/Jan/2026:14:03:23 -0700] "GET /good.php?sitemap1.xml HTTP/1.1" 404 - "-" "Mozilla/5.0 (X11; Linux ppc; rv:5.0) Gecko/20100101 Firefox/5.0" 7 **0/7384**
49.36.176.156 - - [11/Jan/2026:14:03:28 -0700] "GET /sitemap.xml HTTP/1.1" 404 - "-" "Mozilla/5.0 (Windows NT 6.2; WOW64) AppleWebKit/537.13 (KHTML, like Gecko) Chrome/24.0.1290.1 Safari/537.13" 8 **0/8809**
102.90.99.183 - - [11/Jan/2026:14:03:29 -0700] "GET /good.php?sitemap2.xml HTTP/1.1" 404 - "-" "Mozilla/5.0 (Windows NT 6.1; rv:2.0) Gecko/20110319 Firefox/4.0" 8 **0/8284**
146.174.182.22 - - [11/Jan/2026:14:03:33 -0700] "GET /main.php?sitemap-8.xml HTTP/1.1" 404 - "-" "Mozilla/5.0 (Windows NT 5.0; WOW64; rv:6.0) Gecko/20100101 Firefox/6.0" 7 **0/7378**
190.129.166.43 - - [11/Jan/2026:14:03:33 -0700] "GET /?sitemap-5.xml HTTP/1.1" 200 13988 "-" "Mozilla/5.0 (Windows NT 6.0) AppleWebKit/535.1 (KHTML, like Gecko) Chrome/13.0.782.1 Safari/535.1" 52 **0/52510**
102.78.48.241 - - [11/Jan/2026:14:03:38 -0700] "GET /sitemap3.xml HTTP/1.1" 404 - "-" "Mozilla/5.0 (X11; U; CrOS i686 0.9.128; en-US) AppleWebKit/534.10 (KHTML, like Gecko) Chrome/8.0.552.339" 8 **0/8643**
102.88.111.148 - - [11/Jan/2026:14:03:42 -0700] "GET /main.php?sitemap-6.xml HTTP/1.1" 404 - "-" "Mozilla/5.0 (X11; NetBSD) AppleWebKit/537.36 (KHTML, like Gecko) Chrome/27.0.1453.116 Safari/537.36" 7 **0/7663**
146.174.163.58 - - [11/Jan/2026:14:03:42 -0700] "GET /main.php?sitemap-10.xml HTTP/1.1" 404 - "-" "Mozilla/5.0 (Windows; U; Windows NT 5.2; en-US) AppleWebKit/532.1 (KHTML, like Gecko) Chrome/4.0.213.0 Safari/532.1" 8 **0/8930**
114.119.144.165 - - [11/Jan/2026:14:03:43 -0700] "GET /?o=4634694 HTTP/1.1" 200 13988 "https://sumangalamcaterers.com/?sitemap-2.xml" "Mozilla/5.0 (Linux; Android 7.0;) AppleWebKit/537.36 (KHTML, like Gecko) Mobile Safari/537.36 (compatible; PetalBot;+https://webmaster.petalsearch.com/site/petalbot)" 98 **0/98462**
202.76.162.193 - - [11/Jan/2026:14:03:46 -0700] "GET /good.php?sitemap-2.xml HTTP/1.1" 404 - "-" "Chrome/15.0.860.0 (Windows; U; Windows NT 6.0; en-US) AppleWebKit/533.20.25 (KHTML, like Gecko) Version/15.0.860.0" 7 **0/7011**
186.13.114.177 - - [11/Jan/2026:14:03:53 -0700] "GET /main.php?sitemap-2.xml HTTP/1.1" 404 - "-" "Mozilla/5.0 (Windows NT 5.1) AppleWebKit/535.1 (KHTML, like Gecko) Chrome/14.0.809.0 Safari/535.1" 7 **0/7915**
202.76.185.50 - - [11/Jan/2026:14:04:05 -0700] "GET /main.php?sitemap-3.xml HTTP/1.1" 404 - "-" "Mozilla/5.0 (X11; Ubuntu; Linux x86_64; rv:24.0) Gecko/20100101 Firefox/24.0" 9 **0/9155**
146.174.166.107 - - [11/Jan/2026:14:04:06 -0700] "GET /good.php?sitemap-4.xml HTTP/1.1" 404 - "-" "Mozilla/5.0 (Macintosh; Intel Mac OS X 10_7_2) AppleWebKit/535.11 (KHTML, like Gecko) Chrome/17.0.963.65 Safari/535.11" 9 **0/9384**
202.76.169.229 - - [11/Jan/2026:14:04:07 -0700] "GET /main.php?sitemap-5.xml HTTP/1.1" 404 - "-" "Mozilla/5.0 (X11; Linux x86_64) AppleWebKit/535.11 (KHTML, like Gecko) Chrome/17.0.963.66 Safari/535.11" 8 **0/8312**
146.174.172.241 - - [11/Jan/2026:14:04:10 -0700] "GET /sitemap5.xml HTTP/1.1" 404 - "-" "Mozilla/5.0 (X11; U; Linux x86_64; en-US) AppleWebKit/533.1 (KHTML, like Gecko) Chrome/5.0.335.0 Safari/533.1" 6 **0/6955**
146.174.163.18 - - [11/Jan/2026:14:04:16 -0700] "GET /good.php?sitemap-1.xml HTTP/1.1" 404 - "-" "Mozilla/5.0 (Windows NT 6.1; WOW64; rv:29.0) Gecko/20120101 Firefox/29.0" 7 **0/7107**
45.234.254.80 - - [11/Jan/2026:14:04:31 -0700] "GET /main.php?sitemap-9.xml HTTP/1.1" 404 - "-" "Mozilla/5.0 (Macintosh; Intel Mac OS X 10_6_7) AppleWebKit/534.24 (KHTML, like Gecko) Chrome/11.0.696.68 Safari/534.24" 7 **0/7938**
146.174.187.135 - - [11/Jan/2026:14:04:34 -0700] "GET /good.php?sitemap-5.xml HTTP/1.1" 404 - "-" "Mozilla/5.0 (Windows; U; Windows NT 5.1; zh-CN; rv:1.9.2.4) Gecko/20100503 Firefox/3.6.4 ( .NET CLR 3.5.30729)" 7 **0/7810**
