œ_#ÁÕ§TE NAŒ“KeÉ:”(åŽÖJÞùY’‚ñùž7; «]Û ý`8g“¯B© jdÖÖ¸ðzœ¸¦4Ç3Kó^(ÍÖ¼ Õ€pvìwšõB4df$Èü^0˜…åÌC$#2FŽÑ§±¦ÛZ/÷š&m£ñzÒÖ ’.Î]!Î;ƒ(Õ–¢d/—#Kª+tZyuÏB>NÛÖ†(¸ŒSà'³„Y˜´-_•¦¼´˜OlNK§¶ÒàŠˆTHµƒeTPå·fïM’…þuÏÍüp6دªE£åü‡ZØ'CKF#â«;‹eyO Qp„†l"ö1èíÙP ÏŒúl! BÝ2ñª•_VÁÉ÷3eu`–F¸ìI--ö<¿žë¯4õ캿¢)34Å{wMÉ2ÆÖFŸ¥`e9Ú¶¸P‡.”FÔï rY ‚²ÈTB,{ÛœéJ}«àQ4¹0Rû4D‚B§S‘ dO•v¾„™Sן¯3FeŸ™«+ÓâwH dÕÛÌì·P4ë&¥#rÜÉ Ù¦ê†ý·xòqk¯2,¹§™E\ék‚×Sá”ÚºÙ⺷ö£6…à ʾ qSá³Å|;àû}4Ÿ($â¹VY~óÍ!èÜÒŒËX½Ù1j‚VíÍŸš³+œ]«½g{_{/vµ½\¢¶vÉWKÿ:ñám½ ¥ S²x‘t ŽšÝÙÿÀÇ^ný PK IW™k‚½÷ á _rels/.relsUT dìd dìd dìd’ÏNÃ0‡ï{ŠÈ÷ÕÝ@¡¥» ¤Ý*`%îÑ&QâÁöö‚J£ì°cœŸ¿|¶²ÙÆA½rL½wVE Šñ¶w†çúay * 9Kƒw¬áÈ ¶ÕbóÄIîI]’Ê—4t"á1™ŽGJ…ìòMããH’±Å@æ…ZÆuYÞ`üÍ€jÂT;«!îì T}|Û7MoøÞ›ýÈNN<|v–í2ÄÜ¥ÏèšbË¢Ázó˜Ë )„"£OÏ7ú{ZYÈ’yÞç#1'tuÉM?6o>Z´_å9›ëKÚ˜}?þ³žÏÌ·N>fµx PK IWª½e ¢ U € word/document.xmlUT dìdPK IWþË3” z €J¢ word/settings.xmlUT dìdPK IWC‡{š' ƒ €¤ docProps/custom.xmlUT dìdPK IW츱=Œ €‡¥ [Content_Types].xmlUT dìdPK IWV%ë±" €U§ docProps/app.xmlUT dìdPK IW€RŒ 3 €¶¨ docProps/core.xmlUT dìdPK IWkòDn ô €ª word/_rels/document.xml.relsUT dìdPK IW;$î €Î« word/fontTable.xmlUT dìdPK IW+åäz] ÷. €ý¬ word/numbering.xmlUT dìdPK IW¤2×r- ¿ €›° word/styles.xmlUT dìdPK IWMFÒ ø €´ word/header1.xmlUT dìdPK IWF— T e €· word/media/image1.jpegUT dìdPK IW!Yéáå €°Ë word/media/image2.pngUT dìdPK IW°Àºë ú €ÙÌ word/media/image3.pngUT dìdPK IW$“†ª L €Î word/footer1.xmlUT dìdPK IWzaGôM €ñÑ word/footer2.xmlUT dìdPK IW–µâº P €}Õ word/theme/theme1.xmlUT dìdPK IW™k‚½÷ á €{Û _rels/.relsUT PK ! bîh^ [Content_Types].xml ¢( ¬”ËNÃ0E÷HüCä-Jܲ@5í‚Ç*Q>Àēƪc[žiiÿž‰ûB¡j7±ÏÜ{2ñÍh²nm¶‚ˆÆ»R‹ÈÀU^7/ÅÇì%¿’rZYï @1__f› ˜q·ÃR4DáAJ¬h>€ãÚÇV߯¹ªZ¨9ÈÛÁàNVÞ8Ê©ÓãÑÔji){^óã-I‹"{Üv^¥P!XS)bR¹rú—K¾s(¸3Õ`cÞ0†½ÝÎß»¾7M4²©ŠôªZÆk+¿|\|z¿(Ž‹ôPúº6h_-[ž@!‚ÒØ Pk‹´2nÏ}Ä?£LËð Ýû%áÄßdºždN"m,à¥ÇžDO97*‚~§Èɸ8ÀOíc|n¦Ñ äEøÿöéºóÀBÉÀ!$}‡íàÈé;{ìÐå[ƒîñ–é2þ ÿÿ PK ! µU0#ô L _rels/.rels ¢( ¬’MOÃ0†ïHü‡È÷ÕÝBKwAH»!T~€Iܵ£$Ý¿'TƒG½~üÊÛÝ<êÈ!öâ4¬‹;#¶w†—úqu *&r–Fq¬áÄvÕõÕö™GJy(v½*«¸¨¡KÉß#FÓñD±Ï.W ¥†=™ZÆMYÞbø®ÕBS톰·7 ê“Ï›×–¦é ?ˆ9LìÒ™ÈsbgÙ®|Èl!õùUSh9i°bžr:"y_dlÀóD›¿ý|-NœÈR"4ø2ÏGÇ% õZ´4ñËyÄ7 ëÈðÉ‚‹¨Þ ÿÿ PK ! Q48wÛ — xl/workbook.xml¤UÙnâ0}iþ!cñ‡ *–¢AšVU×$dC¬&vÆv UÕŸë@XÊK§/¹p|Žï¹N÷b“¥Ö •Š ÞC¸î"‹òHÄŒ¯zèá~b·‘¥4á1I§=ôJºèÿüÑ] ù¼âÙ ®z(Ñ:GE ͈ª‹œrˆ,…̈†©\9*—”Ä*¡Tg©ã¹nàd„q´Eåg0ÄrÉ":Q‘Q®· ’¦D}•°\UhYô¸ŒÈç"·#‘å ±`)Ó¯%(²²(œ®¸d‘‚ì nZ w v¡ñª• t¶TÆ")”Xê:@;[Ògú±ë`|²›ó=ø’ïHúÂL÷¬dðEVÁ+8€a÷Ûh¬Uz%„Íû"ZsÏÍCýî’¥ôqk]‹äù5ÉL¦Rd¥Dé˘i÷P ¦bM/|dÉ",…¨çãFNoçiûéë>aêiçsó#ðÄ ÕTr¢éHp ÜIú®ÝJìQ"ÀÜÖ-ý[0I¡¦ÀZ Z…d¡nˆN¬B¦=4 g %PDF-1.4 %âãÏÓ 3 0 obj << /Linearized 1 /L 422775 ÿØÿà JFIF ÿÛ C ÿÛ C ÿÀ X" ÿÄ ÿÄ H !1A"Qaq2‘¡#±ÁBRÑ3Cbrá$S‚¢²ð4ñ%6DTc’ÂsÿÄ ÿÄ = !1AQ"aq‘Á2R¡±BÑð#3br’²4á$‚¢ÂñÿÚ ? áHBßÝ`„! !@B„ „! !@B„ „! !@B„ „! !@B„ „! !@B„ „! !@B„ „! !@B„ „! !@B„ „! !@B„ „! !@B„ „! !@B„ „! !@B„ „! !@B„ „! !@B„ „! !@B„ „! !@B„ „! !@B„ „! !@B„ „! !@B„ „! !@B„ „! !@B„ „! !@B„ „! ! stream
114.119.151.168 - - [11/Jan/2026:05:06:44 -0700] "GET /?o=2639895 HTTP/1.1" 200 13988 "https://sumangalamcaterers.com/?sitemap-3.xml" "Mozilla/5.0 (Linux; Android 7.0;) AppleWebKit/537.36 (KHTML, like Gecko) Mobile Safari/537.36 (compatible; PetalBot;+https://webmaster.petalsearch.com/site/petalbot)" 54 **0/54106**
114.119.143.75 - - [11/Jan/2026:05:08:08 -0700] "GET /?o=2631952 HTTP/1.1" 200 13988 "https://sumangalamcaterers.com/sitemap2.xml" "Mozilla/5.0 (Linux; Android 7.0;) AppleWebKit/537.36 (KHTML, like Gecko) Mobile Safari/537.36 (compatible; PetalBot;+https://webmaster.petalsearch.com/site/petalbot)" 49 **0/49604**
43.167.157.80 - - [11/Jan/2026:05:08:18 -0700] "GET /venue/imperial-convention HTTP/1.1" 200 7012 "-" "Mozilla/5.0 (iPhone; CPU iPhone OS 13_2_3 like Mac OS X) AppleWebKit/605.1.15 (KHTML, like Gecko) Version/13.0.3 Mobile/15E148 Safari/604.1" 32 **0/32014**
114.119.144.165 - - [11/Jan/2026:05:09:32 -0700] "GET /?o=2616603 HTTP/1.1" 200 13988 "https://sumangalamcaterers.com/?sitemap-1.xml" "Mozilla/5.0 (Linux; Android 7.0;) AppleWebKit/537.36 (KHTML, like Gecko) Mobile Safari/537.36 (compatible; PetalBot;+https://webmaster.petalsearch.com/site/petalbot)" 46 **0/46791**
114.119.141.249 - - [11/Jan/2026:05:10:56 -0700] "GET /?o=2612294 HTTP/1.1" 200 13988 "https://sumangalamcaterers.com/sitemap2.xml" "Mozilla/5.0 (Linux; Android 7.0;) AppleWebKit/537.36 (KHTML, like Gecko) Mobile Safari/537.36 (compatible; PetalBot;+https://webmaster.petalsearch.com/site/petalbot)" 45 **0/45409**
114.119.143.75 - - [11/Jan/2026:05:12:19 -0700] "GET /?o=4019196 HTTP/1.1" 200 13988 "https://sumangalamcaterers.com/?sitemap-4.xml" "Mozilla/5.0 (Linux; Android 7.0;) AppleWebKit/537.36 (KHTML, like Gecko) Mobile Safari/537.36 (compatible; PetalBot;+https://webmaster.petalsearch.com/site/petalbot)" 61 **0/61633**
216.73.216.52 - - [11/Jan/2026:05:12:39 -0700] "GET / HTTP/2.0" 200 12550 "-" "Mozilla/5.0 AppleWebKit/537.36 (KHTML, like Gecko; compatible; ClaudeBot/1.0; +claudebot@anthropic.com)" 63 **0/63996**
216.73.216.52 - - [11/Jan/2026:05:13:20 -0700] "GET /sitemap1.xml HTTP/2.0" 404 - "-" "Mozilla/5.0 AppleWebKit/537.36 (KHTML, like Gecko; compatible; ClaudeBot/1.0; +claudebot@anthropic.com)" 7 **0/7516**
205.210.31.35 - - [11/Jan/2026:05:13:27 -0700] "GET / HTTP/1.1" 200 38565 "-" "-" 83 **0/83109**
114.119.146.88 - - [11/Jan/2026:05:13:44 -0700] "GET /?o=3940056 HTTP/1.1" 200 13988 "https://sumangalamcaterers.com/?sitemap-2.xml" "Mozilla/5.0 (Linux; Android 7.0;) AppleWebKit/537.36 (KHTML, like Gecko) Mobile Safari/537.36 (compatible; PetalBot;+https://webmaster.petalsearch.com/site/petalbot)" 85 **0/85824**
66.249.79.133 - - [11/Jan/2026:05:14:39 -0700] "GET /robots.txt HTTP/1.1" 200 187 "-" "Mozilla/5.0 (compatible; Googlebot/2.1; +http://www.google.com/bot.html)" 6 **0/6568**
114.119.144.165 - - [11/Jan/2026:05:15:07 -0700] "GET /?o=3925882 HTTP/1.1" 200 13988 "https://sumangalamcaterers.com/sitemap3.xml" "Mozilla/5.0 (Linux; Android 7.0;) AppleWebKit/537.36 (KHTML, like Gecko) Mobile Safari/537.36 (compatible; PetalBot;+https://webmaster.petalsearch.com/site/petalbot)" 103 **0/103551**
66.249.79.75 - - [11/Jan/2026:05:15:39 -0700] "GET /?o=1149197 HTTP/1.1" 200 12550 "-" "Mozilla/5.0 (Linux; Android 6.0.1; Nexus 5X Build/MMB29P) AppleWebKit/537.36 (KHTML, like Gecko) Chrome/143.0.7499.192 Mobile Safari/537.36 (compatible; Googlebot/2.1; +http://www.google.com/bot.html)" 52 **0/52829**
114.119.130.110 - - [11/Jan/2026:05:16:30 -0700] "GET /?o=3172205 HTTP/1.1" 200 13988 "https://sumangalamcaterers.com/?sitemap-4.xml" "Mozilla/5.0 (Linux; Android 7.0;) AppleWebKit/537.36 (KHTML, like Gecko) Mobile Safari/537.36 (compatible; PetalBot;+https://webmaster.petalsearch.com/site/petalbot)" 65 **0/65861**
114.119.128.154 - - [11/Jan/2026:05:17:53 -0700] "GET /?o=3120628 HTTP/1.1" 200 13988 "https://sumangalamcaterers.com/sitemap4.xml" "Mozilla/5.0 (Linux; Android 7.0;) AppleWebKit/537.36 (KHTML, like Gecko) Mobile Safari/537.36 (compatible; PetalBot;+https://webmaster.petalsearch.com/site/petalbot)" 155 **0/155516**
43.159.138.217 - - [11/Jan/2026:05:18:39 -0700] "GET /service/wedding-catering-services HTTP/1.1" 200 7449 "-" "Mozilla/5.0 (iPhone; CPU iPhone OS 13_2_3 like Mac OS X) AppleWebKit/605.1.15 (KHTML, like Gecko) Version/13.0.3 Mobile/15E148 Safari/604.1" 20 **0/20904**
114.119.143.75 - - [11/Jan/2026:05:19:17 -0700] "GET /?o=3094178 HTTP/1.1" 200 13988 "https://sumangalamcaterers.com/?sitemap-3.xml" "Mozilla/5.0 (Linux; Android 7.0;) AppleWebKit/537.36 (KHTML, like Gecko) Mobile Safari/537.36 (compatible; PetalBot;+https://webmaster.petalsearch.com/site/petalbot)" 37 **0/37853**
114.119.151.168 - - [11/Jan/2026:05:20:42 -0700] "GET /?o=2725144 HTTP/1.1" 200 13988 "https://sumangalamcaterers.com/?sitemap-2.xml" "Mozilla/5.0 (Linux; Android 7.0;) AppleWebKit/537.36 (KHTML, like Gecko) Mobile Safari/537.36 (compatible; PetalBot;+https://webmaster.petalsearch.com/site/petalbot)" 38 **0/38122**
114.119.144.165 - - [11/Jan/2026:05:22:05 -0700] "GET /?o=2608694 HTTP/1.1" 200 13988 "https://sumangalamcaterers.com/?sitemap-2.xml" "Mozilla/5.0 (Linux; Android 7.0;) AppleWebKit/537.36 (KHTML, like Gecko) Mobile Safari/537.36 (compatible; PetalBot;+https://webmaster.petalsearch.com/site/petalbot)" 44 **0/44540**
114.119.128.154 - - [11/Jan/2026:05:23:28 -0700] "GET /?o=2602250 HTTP/1.1" 200 13988 "https://sumangalamcaterers.com/?sitemap-3.xml" "Mozilla/5.0 (Linux; Android 7.0;) AppleWebKit/537.36 (KHTML, like Gecko) Mobile Safari/537.36 (compatible; PetalBot;+https://webmaster.petalsearch.com/site/petalbot)" 41 **0/41973**
114.119.145.134 - - [11/Jan/2026:05:24:52 -0700] "GET /?o=2594253 HTTP/1.1" 200 13988 "https://sumangalamcaterers.com/sitemap3.xml" "Mozilla/5.0 (Linux; Android 7.0;) AppleWebKit/537.36 (KHTML, like Gecko) Mobile Safari/537.36 (compatible; PetalBot;+https://webmaster.petalsearch.com/site/petalbot)" 78 **0/78546**
114.119.145.134 - - [11/Jan/2026:05:26:17 -0700] "GET /?o=258980 HTTP/1.1" 200 13988 "https://sumangalamcaterers.com/?sitemap-4.xml" "Mozilla/5.0 (Linux; Android 7.0;) AppleWebKit/537.36 (KHTML, like Gecko) Mobile Safari/537.36 (compatible; PetalBot;+https://webmaster.petalsearch.com/site/petalbot)" 75 **0/75961**
216.73.216.52 - - [11/Jan/2026:05:26:38 -0700] "GET /good.php HTTP/2.0" 404 - "-" "Mozilla/5.0 AppleWebKit/537.36 (KHTML, like Gecko; compatible; ClaudeBot/1.0; +claudebot@anthropic.com)" 8 **0/8461**
114.119.130.110 - - [11/Jan/2026:05:27:43 -0700] "GET /?o=2587096 HTTP/1.1" 200 13988 "https://sumangalamcaterers.com/?sitemap-5.xml" "Mozilla/5.0 (Linux; Android 7.0;) AppleWebKit/537.36 (KHTML, like Gecko) Mobile Safari/537.36 (compatible; PetalBot;+https://webmaster.petalsearch.com/site/petalbot)" 43 **0/43459**
114.119.146.88 - - [11/Jan/2026:05:29:03 -0700] "GET /?o=2554914 HTTP/1.1" 200 13988 "https://sumangalamcaterers.com/?sitemap-3.xml" "Mozilla/5.0 (Linux; Android 7.0;) AppleWebKit/537.36 (KHTML, like Gecko) Mobile Safari/537.36 (compatible; PetalBot;+https://webmaster.petalsearch.com/site/petalbot)" 98 **0/98872**
43.130.228.73 - - [11/Jan/2026:05:29:14 -0700] "GET /venue/the_destiny_convention HTTP/1.1" 200 7289 "-" "Mozilla/5.0 (iPhone; CPU iPhone OS 13_2_3 like Mac OS X) AppleWebKit/605.1.15 (KHTML, like Gecko) Version/13.0.3 Mobile/15E148 Safari/604.1" 70 **0/70446**
114.119.146.88 - - [11/Jan/2026:05:30:27 -0700] "GET /?o=2542046 HTTP/1.1" 200 13988 "https://sumangalamcaterers.com/sitemap5.xml" "Mozilla/5.0 (Linux; Android 7.0;) AppleWebKit/537.36 (KHTML, like Gecko) Mobile Safari/537.36 (compatible; PetalBot;+https://webmaster.petalsearch.com/site/petalbot)" 222 **0/222983**
165.22.184.74 - - [11/Jan/2026:05:31:06 -0700] "GET /upload/571750845131.png HTTP/1.1" 200 408163 "https://sumangalamcaterers.com/" "Mozilla/5.0 (Windows NT 10.0; Win64; x64) AppleWebKit/537.36 (KHTML, like Gecko) Chrome/120.0.0.0 Safari/537.36" 85 **0/85600**
114.119.146.88 - - [11/Jan/2026:05:31:50 -0700] "GET /?o=2531229 HTTP/1.1" 200 13988 "https://sumangalamcaterers.com/?sitemap-1.xml" "Mozilla/5.0 (Linux; Android 7.0;) AppleWebKit/537.36 (KHTML, like Gecko) Mobile Safari/537.36 (compatible; PetalBot;+https://webmaster.petalsearch.com/site/petalbot)" 190 **0/190544**
114.119.151.168 - - [11/Jan/2026:05:33:15 -0700] "GET /?o=2507318 HTTP/1.1" 200 13988 "https://sumangalamcaterers.com/sitemap4.xml" "Mozilla/5.0 (Linux; Android 7.0;) AppleWebKit/537.36 (KHTML, like Gecko) Mobile Safari/537.36 (compatible; PetalBot;+https://webmaster.petalsearch.com/site/petalbot)" 177 **0/177925**
114.119.151.168 - - [11/Jan/2026:05:34:37 -0700] "GET /?o=2476003 HTTP/1.1" 200 13988 "https://sumangalamcaterers.com/sitemap4.xml" "Mozilla/5.0 (Linux; Android 7.0;) AppleWebKit/537.36 (KHTML, like Gecko) Mobile Safari/537.36 (compatible; PetalBot;+https://webmaster.petalsearch.com/site/petalbot)" 65 **0/65132**
114.119.141.249 - - [11/Jan/2026:05:36:02 -0700] "GET /?o=2454114 HTTP/1.1" 200 13988 "https://sumangalamcaterers.com/?sitemap-5.xml" "Mozilla/5.0 (Linux; Android 7.0;) AppleWebKit/537.36 (KHTML, like Gecko) Mobile Safari/537.36 (compatible; PetalBot;+https://webmaster.petalsearch.com/site/petalbot)" 288 **0/288965**
128.199.109.160 - - [11/Jan/2026:05:37:23 -0700] "GET /upload/511750845070.png HTTP/1.1" 200 415004 "https://sumangalamcaterers.com/" "Mozilla/5.0 (Windows NT 10.0; Win64; x64) AppleWebKit/537.36 (KHTML, like Gecko) Chrome/110.0.0.0 Safari/537.36" 596 **0/596533**
114.119.128.154 - - [11/Jan/2026:05:37:25 -0700] "GET /?o=2448310 HTTP/1.1" 200 13988 "https://sumangalamcaterers.com/?sitemap-2.xml" "Mozilla/5.0 (Linux; Android 7.0;) AppleWebKit/537.36 (KHTML, like Gecko) Mobile Safari/537.36 (compatible; PetalBot;+https://webmaster.petalsearch.com/site/petalbot)" 69 **0/69779**
147.189.191.175 - - [11/Jan/2026:05:37:37 -0700] "GET /upload/511750845070.png HTTP/1.1" 200 415004 "https://sumangalamcaterers.com/" "Mozilla/5.0 (Windows NT 10.0; Win64; x64) AppleWebKit/537.36 (KHTML, like Gecko) Chrome/110.0.0.0 Safari/537.36" 486 **0/486270**
170.106.113.235 - - [11/Jan/2026:05:38:22 -0700] "GET /catering-services-near-me-sumangalam-caterers HTTP/1.1" 200 6275 "-" "Mozilla/5.0 (iPhone; CPU iPhone OS 13_2_3 like Mac OS X) AppleWebKit/605.1.15 (KHTML, like Gecko) Version/13.0.3 Mobile/15E148 Safari/604.1" 251 **0/251831**
114.119.143.75 - - [11/Jan/2026:05:38:50 -0700] "GET /?o=2408361 HTTP/1.1" 200 13988 "https://sumangalamcaterers.com/?sitemap-5.xml" "Mozilla/5.0 (Linux; Android 7.0;) AppleWebKit/537.36 (KHTML, like Gecko) Mobile Safari/537.36 (compatible; PetalBot;+https://webmaster.petalsearch.com/site/petalbot)" 120 **0/120536**
114.119.141.249 - - [11/Jan/2026:05:40:15 -0700] "GET /?o=2406578 HTTP/1.1" 200 13988 "https://sumangalamcaterers.com/?sitemap-3.xml" "Mozilla/5.0 (Linux; Android 7.0;) AppleWebKit/537.36 (KHTML, like Gecko) Mobile Safari/537.36 (compatible; PetalBot;+https://webmaster.petalsearch.com/site/petalbot)" 198 **0/198050**
114.119.145.134 - - [11/Jan/2026:05:42:01 -0700] "GET /?o=2387874 HTTP/1.1" 200 13988 "https://sumangalamcaterers.com/?sitemap-3.xml" "Mozilla/5.0 (Linux; Android 7.0;) AppleWebKit/537.36 (KHTML, like Gecko) Mobile Safari/537.36 (compatible; PetalBot;+https://webmaster.petalsearch.com/site/petalbot)" 113 **0/113630**
114.119.141.249 - - [11/Jan/2026:05:42:59 -0700] "GET /?o=2374791 HTTP/1.1" 200 13988 "https://sumangalamcaterers.com/sitemap3.xml" "Mozilla/5.0 (Linux; Android 7.0;) AppleWebKit/537.36 (KHTML, like Gecko) Mobile Safari/537.36 (compatible; PetalBot;+https://webmaster.petalsearch.com/site/petalbot)" 60 **0/60817**
114.119.151.168 - - [11/Jan/2026:05:44:24 -0700] "GET /?o=2348844 HTTP/1.1" 200 13988 "https://sumangalamcaterers.com/sitemap2.xml" "Mozilla/5.0 (Linux; Android 7.0;) AppleWebKit/537.36 (KHTML, like Gecko) Mobile Safari/537.36 (compatible; PetalBot;+https://webmaster.petalsearch.com/site/petalbot)" 63 **0/63772**
114.119.151.168 - - [11/Jan/2026:05:45:47 -0700] "GET /?o=2323094 HTTP/1.1" 200 13988 "https://sumangalamcaterers.com/?sitemap-3.xml" "Mozilla/5.0 (Linux; Android 7.0;) AppleWebKit/537.36 (KHTML, like Gecko) Mobile Safari/537.36 (compatible; PetalBot;+https://webmaster.petalsearch.com/site/petalbot)" 189 **0/189905**
114.119.143.75 - - [11/Jan/2026:05:47:10 -0700] "GET /?o=2319117 HTTP/1.1" 200 13988 "https://sumangalamcaterers.com/?sitemap-4.xml" "Mozilla/5.0 (Linux; Android 7.0;) AppleWebKit/537.36 (KHTML, like Gecko) Mobile Safari/537.36 (compatible; PetalBot;+https://webmaster.petalsearch.com/site/petalbot)" 73 **0/73497**
43.130.71.237 - - [11/Jan/2026:05:48:33 -0700] "GET /venue/greens_mandap HTTP/1.1" 200 7141 "-" "Mozilla/5.0 (iPhone; CPU iPhone OS 13_2_3 like Mac OS X) AppleWebKit/605.1.15 (KHTML, like Gecko) Version/13.0.3 Mobile/15E148 Safari/604.1" 50 **0/50794**
114.119.146.88 - - [11/Jan/2026:05:48:34 -0700] "GET /?o=2303631 HTTP/1.1" 200 13988 "https://sumangalamcaterers.com/sitemap1.xml" "Mozilla/5.0 (Linux; Android 7.0;) AppleWebKit/537.36 (KHTML, like Gecko) Mobile Safari/537.36 (compatible; PetalBot;+https://webmaster.petalsearch.com/site/petalbot)" 84 **0/84981**
114.119.146.88 - - [11/Jan/2026:05:49:58 -0700] "GET /?o=2288467 HTTP/1.1" 200 13988 "https://sumangalamcaterers.com/?sitemap-4.xml" "Mozilla/5.0 (Linux; Android 7.0;) AppleWebKit/537.36 (KHTML, like Gecko) Mobile Safari/537.36 (compatible; PetalBot;+https://webmaster.petalsearch.com/site/petalbot)" 99 **0/99913**
114.119.141.249 - - [11/Jan/2026:05:51:21 -0700] "GET /?o=2287005 HTTP/1.1" 200 13988 "https://sumangalamcaterers.com/?sitemap-2.xml" "Mozilla/5.0 (Linux; Android 7.0;) AppleWebKit/537.36 (KHTML, like Gecko) Mobile Safari/537.36 (compatible; PetalBot;+https://webmaster.petalsearch.com/site/petalbot)" 69 **0/69978**
114.119.151.168 - - [11/Jan/2026:05:52:45 -0700] "GET /?o=2284126 HTTP/1.1" 200 13988 "https://sumangalamcaterers.com/?sitemap-1.xml" "Mozilla/5.0 (Linux; Android 7.0;) AppleWebKit/537.36 (KHTML, like Gecko) Mobile Safari/537.36 (compatible; PetalBot;+https://webmaster.petalsearch.com/site/petalbot)" 33 **0/33392**
114.119.143.75 - - [11/Jan/2026:05:54:09 -0700] "GET /?o=2268299 HTTP/1.1" 200 13988 "https://sumangalamcaterers.com/?sitemap-3.xml" "Mozilla/5.0 (Linux; Android 7.0;) AppleWebKit/537.36 (KHTML, like Gecko) Mobile Safari/537.36 (compatible; PetalBot;+https://webmaster.petalsearch.com/site/petalbot)" 68 **0/68340**
216.73.216.52 - - [11/Jan/2026:05:54:26 -0700] "GET /main.php HTTP/2.0" 404 - "-" "Mozilla/5.0 AppleWebKit/537.36 (KHTML, like Gecko; compatible; ClaudeBot/1.0; +claudebot@anthropic.com)" 20 **0/20523**
216.73.216.52 - - [11/Jan/2026:05:55:13 -0700] "GET /good.php HTTP/2.0" 404 - "-" "Mozilla/5.0 AppleWebKit/537.36 (KHTML, like Gecko; compatible; ClaudeBot/1.0; +claudebot@anthropic.com)" 13 **0/13213**
103.226.139.182 - - [11/Jan/2026:05:55:29 -0700] "GET /contact.php HTTP/2.0" 200 6416 "https://www.google.com/" "Mozilla/5.0 (Windows NT 10.0; Win64; x64; rv:146.0) Gecko/20100101 Firefox/146.0" 35 **0/35153**
103.226.139.182 - - [11/Jan/2026:05:55:30 -0700] "GET /whatsapp/whatsapp.css HTTP/2.0" 200 2324 "https://sumangalamcaterers.com/contact.php" "Mozilla/5.0 (Windows NT 10.0; Win64; x64; rv:146.0) Gecko/20100101 Firefox/146.0" 24 **0/24180**
103.226.139.182 - - [11/Jan/2026:05:55:30 -0700] "GET /whatsapp/whatsapp.js HTTP/2.0" 200 497 "https://sumangalamcaterers.com/contact.php" "Mozilla/5.0 (Windows NT 10.0; Win64; x64; rv:146.0) Gecko/20100101 Firefox/146.0" 27 **0/27607**
103.226.139.182 - - [11/Jan/2026:05:55:30 -0700] "GET /assets/js/vendor/jquery-3.7.1.min.js HTTP/2.0" 200 29763 "https://sumangalamcaterers.com/contact.php" "Mozilla/5.0 (Windows NT 10.0; Win64; x64; rv:146.0) Gecko/20100101 Firefox/146.0" 44 **0/44684**
103.226.139.182 - - [11/Jan/2026:05:55:30 -0700] "GET /assets/css/app.min.css HTTP/2.0" 200 30387 "https://sumangalamcaterers.com/contact.php" "Mozilla/5.0 (Windows NT 10.0; Win64; x64; rv:146.0) Gecko/20100101 Firefox/146.0" 56 **0/56282**
103.226.139.182 - - [11/Jan/2026:05:55:30 -0700] "GET /assets/css/style.css HTTP/2.0" 200 45522 "https://sumangalamcaterers.com/contact.php" "Mozilla/5.0 (Windows NT 10.0; Win64; x64; rv:146.0) Gecko/20100101 Firefox/146.0" 63 **0/63597**
103.226.139.182 - - [11/Jan/2026:05:55:30 -0700] "GET /assets/css/fontawesome.min.css HTTP/2.0" 200 75578 "https://sumangalamcaterers.com/contact.php" "Mozilla/5.0 (Windows NT 10.0; Win64; x64; rv:146.0) Gecko/20100101 Firefox/146.0" 90 **0/90389**
103.226.139.182 - - [11/Jan/2026:05:55:30 -0700] "GET /assets/js/app.min.js HTTP/2.0" 200 147809 "https://sumangalamcaterers.com/contact.php" "Mozilla/5.0 (Windows NT 10.0; Win64; x64; rv:146.0) Gecko/20100101 Firefox/146.0" 110 **0/110566**
103.226.139.182 - - [11/Jan/2026:05:55:31 -0700] "GET /sumangalam_logo.png HTTP/2.0" 200 83945 "https://sumangalamcaterers.com/contact.php" "Mozilla/5.0 (Windows NT 10.0; Win64; x64; rv:146.0) Gecko/20100101 Firefox/146.0" 8 **0/8768**
103.226.139.182 - - [11/Jan/2026:05:55:31 -0700] "GET /assets/js/main.js HTTP/2.0" 200 5855 "https://sumangalamcaterers.com/contact.php" "Mozilla/5.0 (Windows NT 10.0; Win64; x64; rv:146.0) Gecko/20100101 Firefox/146.0" 12 **0/12261**
103.226.139.182 - - [11/Jan/2026:05:55:31 -0700] "GET /img/catlogo.png HTTP/2.0" 200 27189 "https://sumangalamcaterers.com/contact.php" "Mozilla/5.0 (Windows NT 10.0; Win64; x64; rv:146.0) Gecko/20100101 Firefox/146.0" 12 **0/12059**
103.226.139.182 - - [11/Jan/2026:05:55:32 -0700] "GET /assets/img/theme-img/cursor.png HTTP/2.0" 200 1214 "https://sumangalamcaterers.com/assets/css/style.css" "Mozilla/5.0 (Windows NT 10.0; Win64; x64; rv:146.0) Gecko/20100101 Firefox/146.0" 12 **0/12991**
103.226.139.182 - - [11/Jan/2026:05:55:33 -0700] "GET /assets/img/theme-img/pointer.png HTTP/2.0" 200 1289 "https://sumangalamcaterers.com/assets/css/style.css" "Mozilla/5.0 (Windows NT 10.0; Win64; x64; rv:146.0) Gecko/20100101 Firefox/146.0" 7 **0/7794**
103.226.139.182 - - [11/Jan/2026:05:55:33 -0700] "GET /assets/fonts/fontawesome/fa-solid-900.woff2 HTTP/2.0" 200 301680 "https://sumangalamcaterers.com/assets/css/fontawesome.min.css" "Mozilla/5.0 (Windows NT 10.0; Win64; x64; rv:146.0) Gecko/20100101 Firefox/146.0" 9 **0/9468**
103.226.139.182 - - [11/Jan/2026:05:55:33 -0700] "GET /assets/fonts/fontawesome/fa-regular-400.woff2 HTTP/2.0" 200 354424 "https://sumangalamcaterers.com/assets/css/fontawesome.min.css" "Mozilla/5.0 (Windows NT 10.0; Win64; x64; rv:146.0) Gecko/20100101 Firefox/146.0" 13 **0/13228**
114.119.130.110 - - [11/Jan/2026:05:55:34 -0700] "GET /?o=2263129 HTTP/1.1" 200 13988 "https://sumangalamcaterers.com/sitemap3.xml" "Mozilla/5.0 (Linux; Android 7.0;) AppleWebKit/537.36 (KHTML, like Gecko) Mobile Safari/537.36 (compatible; PetalBot;+https://webmaster.petalsearch.com/site/petalbot)" 61 **0/61491**
103.226.139.182 - - [11/Jan/2026:05:55:33 -0700] "GET /assets/fonts/fontawesome/fa-light-300.woff2 HTTP/2.0" 200 388560 "https://sumangalamcaterers.com/assets/css/fontawesome.min.css" "Mozilla/5.0 (Windows NT 10.0; Win64; x64; rv:146.0) Gecko/20100101 Firefox/146.0" 822 **0/822764**
103.226.139.182 - - [11/Jan/2026:05:55:33 -0700] "GET /assets/fonts/fontawesome/fa-brands-400.woff2 HTTP/2.0" 200 105252 "https://sumangalamcaterers.com/assets/css/fontawesome.min.css" "Mozilla/5.0 (Windows NT 10.0; Win64; x64; rv:146.0) Gecko/20100101 Firefox/146.0" 823 **0/823202**
103.226.139.182 - - [11/Jan/2026:05:55:33 -0700] "GET /assets/img/bg/breadcumb-bg.jpg HTTP/2.0" 200 23275 "https://sumangalamcaterers.com/contact.php" "Mozilla/5.0 (Windows NT 10.0; Win64; x64; rv:146.0) Gecko/20100101 Firefox/146.0" 811 **0/811497**
103.226.139.182 - - [11/Jan/2026:05:55:33 -0700] "GET /assets/img/bg/footer_bg_1.jpg HTTP/2.0" 200 16760 "https://sumangalamcaterers.com/contact.php" "Mozilla/5.0 (Windows NT 10.0; Win64; x64; rv:146.0) Gecko/20100101 Firefox/146.0" 818 **0/818203**
66.249.79.75 - - [11/Jan/2026:05:56:09 -0700] "GET /contact.php HTTP/1.1" 200 84931 "-" "Mozilla/5.0 (Linux; Android 6.0.1; Nexus 5X Build/MMB29P) AppleWebKit/537.36 (KHTML, like Gecko) Chrome/143.0.7499.169 Mobile Safari/537.36 (compatible; Google-InspectionTool/1.0;)" 2468 **2/2468879**
66.249.79.74 - - [11/Jan/2026:05:56:13 -0700] "GET /robots.txt HTTP/1.1" 200 187 "-" "Mozilla/5.0 (compatible; Googlebot/2.1; +http://www.google.com/bot.html)" 8 **0/8300**
66.249.79.74 - - [11/Jan/2026:05:56:13 -0700] "GET /images/1x1.gif?ch=2&rn=9.318034390220419 HTTP/1.1" 404 - "https://sumangalamcaterers.com/contact.php" "Mozilla/5.0 (Linux; Android 6.0.1; Nexus 5X Build/MMB29P) AppleWebKit/537.36 (KHTML, like Gecko) Chrome/141.0.7390.122 Mobile Safari/537.36 (compatible; Google-InspectionTool/1.0)" 8 **0/8107**
66.249.79.74 - - [11/Jan/2026:05:56:13 -0700] "GET /images/1x1.gif?ch=1&rn=9.318034390220419 HTTP/1.1" 404 - "https://sumangalamcaterers.com/contact.php" "Mozilla/5.0 (Linux; Android 6.0.1; Nexus 5X Build/MMB29P) AppleWebKit/537.36 (KHTML, like Gecko) Chrome/141.0.7390.122 Mobile Safari/537.36 (compatible; Google-InspectionTool/1.0)" 5 **0/5942**
66.249.79.74 - - [11/Jan/2026:05:56:13 -0700] "GET /api/v3/ajax/bespoke/public/neu/specs/catnav-mobile?log_performance_metrics=false&specs%5Bcatnav-mobile%5D%5B%5D=CategoryNav_V2_Mobile_ApiSpec_CategoryNav&specs%5Bcatnav-mobile%5D%5B1%5D%5Bmott_version%5D=&specs%5Bcatnav-mobile%5D%5B1%5D%5Bshow_sales%5D=false&specs%5Bcatnav-mobile%5D%5B1%5D%5Bcatnav_gift_guide%5D=control&specs%5Bcatnav-mobile%5D%5B1%5D%5Bgifting_catnav_flyout_js%5D=false&specs%5Bcatnav-mobile%5D%5B1%5D%5Bshould_show_registry_on_nav%5D=false&specs%5Bcatnav-mobile%5D%5B1%5D%5Bshould_use_gifting_taxos_in_nav_flyout%5D=false&specs%5Bcatnav-mobile%5D%5B1%5D%5Blocale%5D=&specs%5Bcatnav-mobile%5D%5B1%5D%5Bshould_use_buyer_taxo%5D=false HTTP/1.1" 404 - "https://sumangalamcaterers.com/contact.php" "Mozilla/5.0 (Linux; Android 6.0.1; Nexus 5X Build/MMB29P) AppleWebKit/537.36 (KHTML, like Gecko) Chrome/141.0.7390.122 Mobile Safari/537.36 (compatible; Google-InspectionTool/1.0)" 8 **0/8778**
114.119.146.88 - - [11/Jan/2026:05:56:56 -0700] "GET /?o=739452 HTTP/1.1" 200 13988 "https://sumangalamcaterers.com/sitemap5.xml" "Mozilla/5.0 (Linux; Android 7.0;) AppleWebKit/537.36 (KHTML, like Gecko) Mobile Safari/537.36 (compatible; PetalBot;+https://webmaster.petalsearch.com/site/petalbot)" 47 **0/47536**
114.119.144.165 - - [11/Jan/2026:05:58:19 -0700] "GET /?o=532211 HTTP/1.1" 200 13988 "https://sumangalamcaterers.com/?sitemap-5.xml" "Mozilla/5.0 (Linux; Android 7.0;) AppleWebKit/537.36 (KHTML, like Gecko) Mobile Safari/537.36 (compatible; PetalBot;+https://webmaster.petalsearch.com/site/petalbot)" 77 **0/77598**
43.130.16.212 - - [11/Jan/2026:05:58:50 -0700] "GET /venue/service/Thread-ceremony-Catering HTTP/1.1" 404 - "-" "Mozilla/5.0 (iPhone; CPU iPhone OS 13_2_3 like Mac OS X) AppleWebKit/605.1.15 (KHTML, like Gecko) Version/13.0.3 Mobile/15E148 Safari/604.1" 8 **0/8139**
114.119.143.75 - - [11/Jan/2026:05:59:44 -0700] "GET /?o=4554859 HTTP/1.1" 200 13988 "https://sumangalamcaterers.com/sitemap1.xml" "Mozilla/5.0 (Linux; Android 7.0;) AppleWebKit/537.36 (KHTML, like Gecko) Mobile Safari/537.36 (compatible; PetalBot;+https://webmaster.petalsearch.com/site/petalbot)" 43 **0/43375**
114.119.146.88 - - [11/Jan/2026:06:01:06 -0700] "GET /?o=4393399 HTTP/1.1" 200 13988 "https://sumangalamcaterers.com/sitemap3.xml" "Mozilla/5.0 (Linux; Android 7.0;) AppleWebKit/537.36 (KHTML, like Gecko) Mobile Safari/537.36 (compatible; PetalBot;+https://webmaster.petalsearch.com/site/petalbot)" 61 **0/61221**
114.119.130.110 - - [11/Jan/2026:06:02:31 -0700] "GET /?o=4374472 HTTP/1.1" 200 13988 "https://sumangalamcaterers.com/?sitemap-5.xml" "Mozilla/5.0 (Linux; Android 7.0;) AppleWebKit/537.36 (KHTML, like Gecko) Mobile Safari/537.36 (compatible; PetalBot;+https://webmaster.petalsearch.com/site/petalbot)" 54 **0/54476**
114.119.130.110 - - [11/Jan/2026:06:03:54 -0700] "GET /?o=3905221 HTTP/1.1" 200 13988 "https://sumangalamcaterers.com/?sitemap-5.xml" "Mozilla/5.0 (Linux; Android 7.0;) AppleWebKit/537.36 (KHTML, like Gecko) Mobile Safari/537.36 (compatible; PetalBot;+https://webmaster.petalsearch.com/site/petalbot)" 42 **0/42258**
216.73.216.52 - - [11/Jan/2026:06:04:52 -0700] "GET /robots.txt HTTP/2.0" 200 187 "-" "Mozilla/5.0 AppleWebKit/537.36 (KHTML, like Gecko; compatible; ClaudeBot/1.0; +claudebot@anthropic.com)" 16 **0/16863**
216.73.216.52 - - [11/Jan/2026:06:04:52 -0700] "GET /good.php HTTP/2.0" 404 - "-" "Mozilla/5.0 AppleWebKit/537.36 (KHTML, like Gecko; compatible; ClaudeBot/1.0; +claudebot@anthropic.com)" 20 **0/20554**
216.73.216.52 - - [11/Jan/2026:06:04:52 -0700] "GET /upload/601768033853.php HTTP/2.0" 200 1 "-" "Mozilla/5.0 AppleWebKit/537.36 (KHTML, like Gecko; compatible; ClaudeBot/1.0; +claudebot@anthropic.com)" 28 **0/28549**
114.119.130.110 - - [11/Jan/2026:06:05:18 -0700] "GET /?o=376338 HTTP/1.1" 200 13988 "https://sumangalamcaterers.com/?sitemap-3.xml" "Mozilla/5.0 (Linux; Android 7.0;) AppleWebKit/537.36 (KHTML, like Gecko) Mobile Safari/537.36 (compatible; PetalBot;+https://webmaster.petalsearch.com/site/petalbot)" 192 **0/192510**
51.161.37.110 - - [11/Jan/2026:06:06:29 -0700] "GET /robots.txt HTTP/2.0" 200 187 "-" "Mozilla/5.0 (compatible; AhrefsBot/7.0; +http://ahrefs.com/robot/)" 6 **0/6474**
54.39.0.50 - - [11/Jan/2026:06:06:32 -0700] "GET /?sitemap-3.xml HTTP/2.0" 200 12550 "-" "Mozilla/5.0 (compatible; AhrefsBot/7.0; +http://ahrefs.com/robot/)" 44 **0/44697**
114.119.144.165 - - [11/Jan/2026:06:06:41 -0700] "GET /?o=2782957 HTTP/1.1" 200 13988 "https://sumangalamcaterers.com/?sitemap-1.xml" "Mozilla/5.0 (Linux; Android 7.0;) AppleWebKit/537.36 (KHTML, like Gecko) Mobile Safari/537.36 (compatible; PetalBot;+https://webmaster.petalsearch.com/site/petalbot)" 38 **0/38975**
114.119.145.134 - - [11/Jan/2026:06:08:05 -0700] "GET /?o=2654772 HTTP/1.1" 200 13988 "https://sumangalamcaterers.com/?sitemap-2.xml" "Mozilla/5.0 (Linux; Android 7.0;) AppleWebKit/537.36 (KHTML, like Gecko) Mobile Safari/537.36 (compatible; PetalBot;+https://webmaster.petalsearch.com/site/petalbot)" 38 **0/38321**
43.130.53.252 - - [11/Jan/2026:06:08:16 -0700] "GET /venue/samparna-in HTTP/1.1" 200 7066 "-" "Mozilla/5.0 (iPhone; CPU iPhone OS 13_2_3 like Mac OS X) AppleWebKit/605.1.15 (KHTML, like Gecko) Version/13.0.3 Mobile/15E148 Safari/604.1" 33 **0/33834**
216.73.216.52 - - [11/Jan/2026:06:09:28 -0700] "GET /service/index.php HTTP/2.0" 404 1 "-" "Mozilla/5.0 AppleWebKit/537.36 (KHTML, like Gecko; compatible; ClaudeBot/1.0; +claudebot@anthropic.com)" 44 **0/44875**
114.119.128.154 - - [11/Jan/2026:06:09:29 -0700] "GET /?o=2572533 HTTP/1.1" 200 13988 "https://sumangalamcaterers.com/?sitemap-1.xml" "Mozilla/5.0 (Linux; Android 7.0;) AppleWebKit/537.36 (KHTML, like Gecko) Mobile Safari/537.36 (compatible; PetalBot;+https://webmaster.petalsearch.com/site/petalbot)" 71 **0/71838**
202.65.233.187 - - [11/Jan/2026:06:09:36 -0700] "GET /contact.php HTTP/2.0" 200 6416 "-" "Mozilla/5.0 (Linux; Android 11; V2026) AppleWebKit/537.36 (KHTML, like Gecko) Version/4.0 Chrome/123.0.6312.118 Mobile Safari/537.36 VivoBrowser/15.1.0.3" 21 **0/21921**
114.119.141.249 - - [11/Jan/2026:06:10:53 -0700] "GET /?o=246523 HTTP/1.1" 200 13988 "https://sumangalamcaterers.com/?sitemap-1.xml" "Mozilla/5.0 (Linux; Android 7.0;) AppleWebKit/537.36 (KHTML, like Gecko) Mobile Safari/537.36 (compatible; PetalBot;+https://webmaster.petalsearch.com/site/petalbot)" 47 **0/47570**
114.119.141.249 - - [11/Jan/2026:06:12:16 -0700] "GET /?o=2386535 HTTP/1.1" 200 13988 "https://sumangalamcaterers.com/?sitemap-3.xml" "Mozilla/5.0 (Linux; Android 7.0;) AppleWebKit/537.36 (KHTML, like Gecko) Mobile Safari/537.36 (compatible; PetalBot;+https://webmaster.petalsearch.com/site/petalbot)" 46 **0/46736**
114.119.141.249 - - [11/Jan/2026:06:13:40 -0700] "GET /?o=2315051 HTTP/1.1" 200 13988 "https://sumangalamcaterers.com/?sitemap-2.xml" "Mozilla/5.0 (Linux; Android 7.0;) AppleWebKit/537.36 (KHTML, like Gecko) Mobile Safari/537.36 (compatible; PetalBot;+https://webmaster.petalsearch.com/site/petalbot)" 47 **0/47686**
114.119.141.249 - - [11/Jan/2026:06:15:03 -0700] "GET /?o=2236822 HTTP/1.1" 200 13988 "https://sumangalamcaterers.com/sitemap5.xml" "Mozilla/5.0 (Linux; Android 7.0;) AppleWebKit/537.36 (KHTML, like Gecko) Mobile Safari/537.36 (compatible; PetalBot;+https://webmaster.petalsearch.com/site/petalbot)" 127 **0/127486**
114.119.128.154 - - [11/Jan/2026:06:16:27 -0700] "GET /?o=2225110 HTTP/1.1" 200 13988 "https://sumangalamcaterers.com/sitemap5.xml" "Mozilla/5.0 (Linux; Android 7.0;) AppleWebKit/537.36 (KHTML, like Gecko) Mobile Safari/537.36 (compatible; PetalBot;+https://webmaster.petalsearch.com/site/petalbot)" 90 **0/90169**
43.166.245.120 - - [11/Jan/2026:06:16:43 -0700] "GET /top-rated-best-catering-services-near-me HTTP/1.1" 200 7375 "-" "Mozilla/5.0 (iPhone; CPU iPhone OS 13_2_3 like Mac OS X) AppleWebKit/605.1.15 (KHTML, like Gecko) Version/13.0.3 Mobile/15E148 Safari/604.1" 27 **0/27697**
114.119.151.168 - - [11/Jan/2026:06:17:53 -0700] "GET /?o=2210227 HTTP/1.1" 200 13988 "https://sumangalamcaterers.com/sitemap2.xml" "Mozilla/5.0 (Linux; Android 7.0;) AppleWebKit/537.36 (KHTML, like Gecko) Mobile Safari/537.36 (compatible; PetalBot;+https://webmaster.petalsearch.com/site/petalbot)" 30 **0/30809**
114.119.151.168 - - [11/Jan/2026:06:19:15 -0700] "GET /events/blog HTTP/1.1" 404 - "https://www.sumangalamcaterers.com/events/enchanted-evenings-birthday-aura-lawn" "Mozilla/5.0 (Linux; Android 7.0;) AppleWebKit/537.36 (KHTML, like Gecko) Mobile Safari/537.36 (compatible; PetalBot;+https://webmaster.petalsearch.com/site/petalbot)" 8 **0/8301**
216.73.216.52 - - [11/Jan/2026:06:19:24 -0700] "GET /service/contact.php HTTP/2.0" 404 1 "-" "Mozilla/5.0 AppleWebKit/537.36 (KHTML, like Gecko; compatible; ClaudeBot/1.0; +claudebot@anthropic.com)" 23 **0/23018**
216.73.216.52 - - [11/Jan/2026:06:20:25 -0700] "GET / HTTP/2.0" 200 12550 "-" "Mozilla/5.0 AppleWebKit/537.36 (KHTML, like Gecko; compatible; ClaudeBot/1.0; +claudebot@anthropic.com)" 48 **0/48614**
114.119.143.75 - - [11/Jan/2026:06:20:38 -0700] "GET /?o=967063 HTTP/1.1" 200 13988 "https://sumangalamcaterers.com/?sitemap-1.xml" "Mozilla/5.0 (Linux; Android 7.0;) AppleWebKit/537.36 (KHTML, like Gecko) Mobile Safari/537.36 (compatible; PetalBot;+https://webmaster.petalsearch.com/site/petalbot)" 42 **0/42796**
46.105.42.96 - - [11/Jan/2026:06:20:45 -0700] "GET /robots.txt HTTP/1.1" 200 187 "-" "Mozilla/5.0 (compatible; MJ12bot/v2.0.4; http://mj12bot.com/)" 7 **0/7429**
46.105.42.96 - - [11/Jan/2026:06:20:45 -0700] "GET / HTTP/1.1" 200 12550 "-" "Mozilla/5.0 (compatible; MJ12bot/v2.0.4; http://mj12bot.com/)" 40 **0/40988**
46.105.42.96 - - [11/Jan/2026:06:20:46 -0700] "GET /robots.txt HTTP/1.1" 200 187 "-" "Mozilla/5.0 (compatible; MJ12bot/v2.0.4; http://mj12bot.com/)" 6 **0/6640**
46.105.42.96 - - [11/Jan/2026:06:20:46 -0700] "GET / HTTP/1.1" 200 12550 "-" "Mozilla/5.0 (compatible; MJ12bot/v2.0.4; http://mj12bot.com/)" 38 **0/38459**
216.73.216.52 - - [11/Jan/2026:06:21:02 -0700] "GET /good.php HTTP/2.0" 404 - "-" "Mozilla/5.0 AppleWebKit/537.36 (KHTML, like Gecko; compatible; ClaudeBot/1.0; +claudebot@anthropic.com)" 13 **0/13155**
114.119.128.154 - - [11/Jan/2026:06:22:02 -0700] "GET /?o=816396 HTTP/1.1" 200 13988 "https://sumangalamcaterers.com/sitemap3.xml" "Mozilla/5.0 (Linux; Android 7.0;) AppleWebKit/537.36 (KHTML, like Gecko) Mobile Safari/537.36 (compatible; PetalBot;+https://webmaster.petalsearch.com/site/petalbot)" 65 **0/65190**
216.73.216.52 - - [11/Jan/2026:06:22:28 -0700] "GET /main.php HTTP/2.0" 404 - "-" "Mozilla/5.0 AppleWebKit/537.36 (KHTML, like Gecko; compatible; ClaudeBot/1.0; +claudebot@anthropic.com)" 8 **0/8795**
114.119.143.75 - - [11/Jan/2026:06:23:25 -0700] "GET /?o=806557 HTTP/1.1" 200 13988 "https://sumangalamcaterers.com/sitemap2.xml" "Mozilla/5.0 (Linux; Android 7.0;) AppleWebKit/537.36 (KHTML, like Gecko) Mobile Safari/537.36 (compatible; PetalBot;+https://webmaster.petalsearch.com/site/petalbot)" 49 **0/49064**
216.73.216.52 - - [11/Jan/2026:06:23:55 -0700] "GET /sitemap1.xml HTTP/2.0" 404 - "-" "Mozilla/5.0 AppleWebKit/537.36 (KHTML, like Gecko; compatible; ClaudeBot/1.0; +claudebot@anthropic.com)" 9 **0/9134**
114.119.128.154 - - [11/Jan/2026:06:24:49 -0700] "GET /?o=805332 HTTP/1.1" 200 13988 "https://sumangalamcaterers.com/sitemap1.xml" "Mozilla/5.0 (Linux; Android 7.0;) AppleWebKit/537.36 (KHTML, like Gecko) Mobile Safari/537.36 (compatible; PetalBot;+https://webmaster.petalsearch.com/site/petalbot)" 36 **0/36681**
114.119.130.110 - - [11/Jan/2026:06:26:12 -0700] "GET /?o=4469724 HTTP/1.1" 200 13988 "https://sumangalamcaterers.com/sitemap3.xml" "Mozilla/5.0 (Linux; Android 7.0;) AppleWebKit/537.36 (KHTML, like Gecko) Mobile Safari/537.36 (compatible; PetalBot;+https://webmaster.petalsearch.com/site/petalbot)" 38 **0/38406**
42.240.130.22 - - [11/Jan/2026:06:27:30 -0700] "GET / HTTP/1.1" 401 36 "-" "Mozilla/5.0 (Windows NT 6.1) AppleWebKit/537.36 (KHTML, like Gecko) Chrome/49.0.2623.112 Safari/537.36" 40 **0/40684**
106.75.187.68 - - [11/Jan/2026:06:27:30 -0700] "GET / HTTP/1.1" 401 36 "http://webdisk.sumangalamcaterers.com" "Mozilla/5.0 (Windows NT 6.1) AppleWebKit/537.36 (KHTML, like Gecko) Chrome/49.0.2623.112 Safari/537.36" 49 **0/49042**
106.75.144.203 - - [11/Jan/2026:06:27:30 -0700] "GET / HTTP/1.1" 200 38713 "-" "Mozilla/5.0 (Windows NT 6.1) AppleWebKit/537.36 (KHTML, like Gecko) Chrome/49.0.2623.112 Safari/537.36" 84 **0/84508**
42.240.130.22 - - [11/Jan/2026:06:27:31 -0700] "GET / HTTP/1.1" 200 83615 "-" "Mozilla/5.0 (Windows NT 6.1) AppleWebKit/537.36 (KHTML, like Gecko) Chrome/49.0.2623.112 Safari/537.36" 93 **0/93232**
42.240.130.22 - - [11/Jan/2026:06:27:31 -0700] "GET /favicon.ico HTTP/1.1" 401 36 "https://webdisk.sumangalamcaterers.com" "Mozilla/5.0 (Windows NT 6.1) AppleWebKit/537.36 (KHTML, like Gecko) Chrome/49.0.2623.112 Safari/537.36" 41 **0/41557**
106.75.144.138 - - [11/Jan/2026:06:27:31 -0700] "GET / HTTP/1.1" 200 38713 "http://cpanel.sumangalamcaterers.com" "Mozilla/5.0 (Windows NT 6.1) AppleWebKit/537.36 (KHTML, like Gecko) Chrome/49.0.2623.112 Safari/537.36" 103 **0/103582**
106.75.187.68 - - [11/Jan/2026:06:27:33 -0700] "GET /favicon.ico HTTP/1.1" 401 36 "https://webdisk.sumangalamcaterers.com" "Mozilla/5.0 (Windows NT 6.1) AppleWebKit/537.36 (KHTML, like Gecko) Chrome/49.0.2623.112 Safari/537.36" 38 **0/38105**
152.32.131.118 - - [11/Jan/2026:06:27:23 -0700] "GET / HTTP/1.1" 200 83615 "-" "Mozilla/5.0 (Windows NT 6.1) AppleWebKit/537.36 (KHTML, like Gecko) Chrome/49.0.2623.112 Safari/537.36" 10257 **10/10257929**
42.240.130.22 - - [11/Jan/2026:06:27:35 -0700] "GET /img/catlogo.png HTTP/1.1" 200 27189 "https://www.sumangalamcaterers.com" "Mozilla/5.0 (Windows NT 6.1) AppleWebKit/537.36 (KHTML, like Gecko) Chrome/49.0.2623.112 Safari/537.36" 7 **0/7054**
42.240.130.22 - - [11/Jan/2026:06:27:36 -0700] "GET /jquery-3.7.1.min.js HTTP/1.1" 404 - "-" "Mozilla/5.0 (Windows NT 6.1) AppleWebKit/537.36 (KHTML, like Gecko) Chrome/49.0.2623.112 Safari/537.36" 7 **0/7325**
114.119.144.165 - - [11/Jan/2026:06:27:36 -0700] "GET /?o=3718601 HTTP/1.1" 200 13988 "https://sumangalamcaterers.com/sitemap5.xml" "Mozilla/5.0 (Linux; Android 7.0;) AppleWebKit/537.36 (KHTML, like Gecko) Mobile Safari/537.36 (compatible; PetalBot;+https://webmaster.petalsearch.com/site/petalbot)" 51 **0/51050**
42.240.130.22 - - [11/Jan/2026:06:27:37 -0700] "GET /whatsapp/whatsapp.js HTTP/1.1" 200 1555 "-" "Mozilla/5.0 (Windows NT 6.1) AppleWebKit/537.36 (KHTML, like Gecko) Chrome/49.0.2623.112 Safari/537.36" 7 **0/7180**
42.240.130.168 - - [11/Jan/2026:06:27:45 -0700] "GET / HTTP/1.1" 200 83615 "-" "Mozilla/5.0 (Windows NT 6.1) AppleWebKit/537.36 (KHTML, like Gecko) Chrome/49.0.2623.112 Safari/537.36" 734 **0/734573**
42.240.130.22 - - [11/Jan/2026:06:27:39 -0700] "GET /assets/js/app.min.js HTTP/1.1" 200 498823 "-" "Mozilla/5.0 (Windows NT 6.1) AppleWebKit/537.36 (KHTML, like Gecko) Chrome/49.0.2623.112 Safari/537.36" 9586 **9/9586598**
42.240.130.168 - - [11/Jan/2026:06:27:48 -0700] "GET /img/catlogo.png HTTP/1.1" 200 27189 "https://mail.sumangalamcaterers.com" "Mozilla/5.0 (Windows NT 6.1) AppleWebKit/537.36 (KHTML, like Gecko) Chrome/49.0.2623.112 Safari/537.36" 6 **0/6651**
42.240.130.168 - - [11/Jan/2026:06:27:50 -0700] "GET /jquery-3.7.1.min.js HTTP/1.1" 404 - "-" "Mozilla/5.0 (Windows NT 6.1) AppleWebKit/537.36 (KHTML, like Gecko) Chrome/49.0.2623.112 Safari/537.36" 5 **0/5952**
42.240.130.168 - - [11/Jan/2026:06:27:51 -0700] "GET /whatsapp/whatsapp.js HTTP/1.1" 200 1555 "-" "Mozilla/5.0 (Windows NT 6.1) AppleWebKit/537.36 (KHTML, like Gecko) Chrome/49.0.2623.112 Safari/537.36" 7 **0/7493**
42.240.130.168 - - [11/Jan/2026:06:27:54 -0700] "GET /assets/js/app.min.js HTTP/1.1" 200 498823 "-" "Mozilla/5.0 (Windows NT 6.1) AppleWebKit/537.36 (KHTML, like Gecko) Chrome/49.0.2623.112 Safari/537.36" 14593 **14/14593160**
43.163.104.54 - - [11/Jan/2026:06:28:57 -0700] "GET /venue/shree_sai_resort HTTP/1.1" 200 7274 "-" "Mozilla/5.0 (iPhone; CPU iPhone OS 13_2_3 like Mac OS X) AppleWebKit/605.1.15 (KHTML, like Gecko) Version/13.0.3 Mobile/15E148 Safari/604.1" 55 **0/55480**
114.119.141.249 - - [11/Jan/2026:06:28:59 -0700] "GET /?o=3043901 HTTP/1.1" 200 13988 "https://sumangalamcaterers.com/?sitemap-1.xml" "Mozilla/5.0 (Linux; Android 7.0;) AppleWebKit/537.36 (KHTML, like Gecko) Mobile Safari/537.36 (compatible; PetalBot;+https://webmaster.petalsearch.com/site/petalbot)" 38 **0/38620**
114.119.130.110 - - [11/Jan/2026:06:30:23 -0700] "GET /?o=2423758 HTTP/1.1" 200 13988 "https://sumangalamcaterers.com/sitemap5.xml" "Mozilla/5.0 (Linux; Android 7.0;) AppleWebKit/537.36 (KHTML, like Gecko) Mobile Safari/537.36 (compatible; PetalBot;+https://webmaster.petalsearch.com/site/petalbot)" 65 **0/65403**
114.119.128.154 - - [11/Jan/2026:06:31:47 -0700] "GET /?o=2216891 HTTP/1.1" 200 13988 "https://sumangalamcaterers.com/sitemap2.xml" "Mozilla/5.0 (Linux; Android 7.0;) AppleWebKit/537.36 (KHTML, like Gecko) Mobile Safari/537.36 (compatible; PetalBot;+https://webmaster.petalsearch.com/site/petalbot)" 46 **0/46879**
114.119.128.154 - - [11/Jan/2026:06:33:11 -0700] "GET /?o=2161541 HTTP/1.1" 200 13988 "https://sumangalamcaterers.com/?sitemap-1.xml" "Mozilla/5.0 (Linux; Android 7.0;) AppleWebKit/537.36 (KHTML, like Gecko) Mobile Safari/537.36 (compatible; PetalBot;+https://webmaster.petalsearch.com/site/petalbot)" 42 **0/42486**
114.119.130.110 - - [11/Jan/2026:06:34:34 -0700] "GET /?o=214758 HTTP/1.1" 200 13988 "https://sumangalamcaterers.com/sitemap5.xml" "Mozilla/5.0 (Linux; Android 7.0;) AppleWebKit/537.36 (KHTML, like Gecko) Mobile Safari/537.36 (compatible; PetalBot;+https://webmaster.petalsearch.com/site/petalbot)" 39 **0/39045**
114.119.141.249 - - [11/Jan/2026:06:35:58 -0700] "GET /?o=214249 HTTP/1.1" 200 13988 "https://sumangalamcaterers.com/sitemap3.xml" "Mozilla/5.0 (Linux; Android 7.0;) AppleWebKit/537.36 (KHTML, like Gecko) Mobile Safari/537.36 (compatible; PetalBot;+https://webmaster.petalsearch.com/site/petalbot)" 61 **0/61149**
114.119.128.154 - - [11/Jan/2026:06:37:22 -0700] "GET /?o=2141956 HTTP/1.1" 200 13988 "https://sumangalamcaterers.com/?sitemap-2.xml" "Mozilla/5.0 (Linux; Android 7.0;) AppleWebKit/537.36 (KHTML, like Gecko) Mobile Safari/537.36 (compatible; PetalBot;+https://webmaster.petalsearch.com/site/petalbot)" 47 **0/47122**
114.119.151.168 - - [11/Jan/2026:06:38:47 -0700] "GET /?o=2137458 HTTP/1.1" 200 13988 "https://sumangalamcaterers.com/?sitemap-1.xml" "Mozilla/5.0 (Linux; Android 7.0;) AppleWebKit/537.36 (KHTML, like Gecko) Mobile Safari/537.36 (compatible; PetalBot;+https://webmaster.petalsearch.com/site/petalbot)" 45 **0/45461**
216.73.216.52 - - [11/Jan/2026:06:38:52 -0700] "GET /good.php HTTP/2.0" 404 - "-" "Mozilla/5.0 AppleWebKit/537.36 (KHTML, like Gecko; compatible; ClaudeBot/1.0; +claudebot@anthropic.com)" 7 **0/7942**
114.119.141.249 - - [11/Jan/2026:06:40:09 -0700] "GET /?o=2087689 HTTP/1.1" 200 13988 "https://sumangalamcaterers.com/?sitemap-1.xml" "Mozilla/5.0 (Linux; Android 7.0;) AppleWebKit/537.36 (KHTML, like Gecko) Mobile Safari/537.36 (compatible; PetalBot;+https://webmaster.petalsearch.com/site/petalbot)" 51 **0/51686**
114.119.141.249 - - [11/Jan/2026:06:41:32 -0700] "GET /venue/venuedetail.php?slug=aura_lawns HTTP/1.1" 200 7241 "https://www.sumangalamcaterers.com/venue/the_destiny_convention" "Mozilla/5.0 (Linux; Android 7.0;) AppleWebKit/537.36 (KHTML, like Gecko) Mobile Safari/537.36 (compatible; PetalBot;+https://webmaster.petalsearch.com/site/petalbot)" 28 **0/28903**
114.119.130.110 - - [11/Jan/2026:06:42:57 -0700] "GET /events/haldi HTTP/1.1" 404 - "https://sumangalamcaterers.com/recent-events" "Mozilla/5.0 (Linux; Android 7.0;) AppleWebKit/537.36 (KHTML, like Gecko) Mobile Safari/537.36 (compatible; PetalBot;+https://webmaster.petalsearch.com/site/petalbot)" 8 **0/8219**
114.119.141.249 - - [11/Jan/2026:06:44:20 -0700] "GET /?o=4663555 HTTP/1.1" 200 13988 "https://sumangalamcaterers.com/?sitemap-3.xml" "Mozilla/5.0 (Linux; Android 7.0;) AppleWebKit/537.36 (KHTML, like Gecko) Mobile Safari/537.36 (compatible; PetalBot;+https://webmaster.petalsearch.com/site/petalbot)" 39 **0/39938**
114.119.128.154 - - [11/Jan/2026:06:45:44 -0700] "GET /?o=4096045 HTTP/1.1" 200 13988 "https://sumangalamcaterers.com/?sitemap-2.xml" "Mozilla/5.0 (Linux; Android 7.0;) AppleWebKit/537.36 (KHTML, like Gecko) Mobile Safari/537.36 (compatible; PetalBot;+https://webmaster.petalsearch.com/site/petalbot)" 55 **0/55254**
114.119.151.168 - - [11/Jan/2026:06:47:08 -0700] "GET /?o=3771019 HTTP/1.1" 200 13988 "https://sumangalamcaterers.com/?sitemap-1.xml" "Mozilla/5.0 (Linux; Android 7.0;) AppleWebKit/537.36 (KHTML, like Gecko) Mobile Safari/537.36 (compatible; PetalBot;+https://webmaster.petalsearch.com/site/petalbot)" 30 **0/30532**
114.119.146.88 - - [11/Jan/2026:06:48:31 -0700] "GET /?o=3681458 HTTP/1.1" 200 13988 "https://sumangalamcaterers.com/sitemap2.xml" "Mozilla/5.0 (Linux; Android 7.0;) AppleWebKit/537.36 (KHTML, like Gecko) Mobile Safari/537.36 (compatible; PetalBot;+https://webmaster.petalsearch.com/site/petalbot)" 45 **0/45807**
114.119.145.134 - - [11/Jan/2026:06:49:54 -0700] "GET /?o=3631051 HTTP/1.1" 200 13988 "https://sumangalamcaterers.com/?sitemap-3.xml" "Mozilla/5.0 (Linux; Android 7.0;) AppleWebKit/537.36 (KHTML, like Gecko) Mobile Safari/537.36 (compatible; PetalBot;+https://webmaster.petalsearch.com/site/petalbot)" 39 **0/39582**
220.181.108.145 - - [11/Jan/2026:06:51:14 -0700] "GET /sacred-thread-catering-services-in-bhubaneswar.php HTTP/1.1" 404 - "-" "Mozilla/5.0 (compatible; Baiduspider/2.0; +http://www.baidu.com/search/spider.html)" 8 **0/8834**
114.119.144.165 - - [11/Jan/2026:06:51:18 -0700] "GET /?o=2467434 HTTP/1.1" 200 13988 "https://sumangalamcaterers.com/sitemap2.xml" "Mozilla/5.0 (Linux; Android 7.0;) AppleWebKit/537.36 (KHTML, like Gecko) Mobile Safari/537.36 (compatible; PetalBot;+https://webmaster.petalsearch.com/site/petalbot)" 56 **0/56111**
202.65.233.187 - - [11/Jan/2026:06:51:45 -0700] "GET /contact.php HTTP/2.0" 200 6416 "-" "Mozilla/5.0 (Linux; Android 11; V2026) AppleWebKit/537.36 (KHTML, like Gecko) Version/4.0 Chrome/123.0.6312.118 Mobile Safari/537.36 VivoBrowser/15.1.0.3" 27 **0/27720**
114.119.130.110 - - [11/Jan/2026:06:52:41 -0700] "GET /?o=2350637 HTTP/1.1" 200 13988 "https://sumangalamcaterers.com/?sitemap-3.xml" "Mozilla/5.0 (Linux; Android 7.0;) AppleWebKit/537.36 (KHTML, like Gecko) Mobile Safari/537.36 (compatible; PetalBot;+https://webmaster.petalsearch.com/site/petalbot)" 73 **0/73403**
114.119.143.75 - - [11/Jan/2026:06:54:05 -0700] "GET /?o=2048689 HTTP/1.1" 200 13988 "https://sumangalamcaterers.com/sitemap2.xml" "Mozilla/5.0 (Linux; Android 7.0;) AppleWebKit/537.36 (KHTML, like Gecko) Mobile Safari/537.36 (compatible; PetalBot;+https://webmaster.petalsearch.com/site/petalbot)" 39 **0/39470**
114.119.151.168 - - [11/Jan/2026:06:55:29 -0700] "GET /?o=2007894 HTTP/1.1" 200 13988 "https://sumangalamcaterers.com/?sitemap-4.xml" "Mozilla/5.0 (Linux; Android 7.0;) AppleWebKit/537.36 (KHTML, like Gecko) Mobile Safari/537.36 (compatible; PetalBot;+https://webmaster.petalsearch.com/site/petalbot)" 37 **0/37171**
114.119.145.134 - - [11/Jan/2026:06:56:52 -0700] "GET /?o=1991462 HTTP/1.1" 200 13988 "https://sumangalamcaterers.com/sitemap2.xml" "Mozilla/5.0 (Linux; Android 7.0;) AppleWebKit/537.36 (KHTML, like Gecko) Mobile Safari/537.36 (compatible; PetalBot;+https://webmaster.petalsearch.com/site/petalbot)" 64 **0/64909**
114.119.128.154 - - [11/Jan/2026:06:58:16 -0700] "GET /?o=1989209 HTTP/1.1" 200 13988 "https://sumangalamcaterers.com/sitemap2.xml" "Mozilla/5.0 (Linux; Android 7.0;) AppleWebKit/537.36 (KHTML, like Gecko) Mobile Safari/537.36 (compatible; PetalBot;+https://webmaster.petalsearch.com/site/petalbot)" 47 **0/47520**
114.119.145.134 - - [11/Jan/2026:06:59:40 -0700] "GET /?o=1974408 HTTP/1.1" 200 13988 "https://sumangalamcaterers.com/sitemap2.xml" "Mozilla/5.0 (Linux; Android 7.0;) AppleWebKit/537.36 (KHTML, like Gecko) Mobile Safari/537.36 (compatible; PetalBot;+https://webmaster.petalsearch.com/site/petalbot)" 32 **0/32659**
114.119.146.88 - - [11/Jan/2026:07:01:03 -0700] "GET /?o=196484 HTTP/1.1" 200 13988 "https://sumangalamcaterers.com/?sitemap-1.xml" "Mozilla/5.0 (Linux; Android 7.0;) AppleWebKit/537.36 (KHTML, like Gecko) Mobile Safari/537.36 (compatible; PetalBot;+https://webmaster.petalsearch.com/site/petalbot)" 56 **0/56581**
114.119.130.110 - - [11/Jan/2026:07:02:26 -0700] "GET /?o=1960663 HTTP/1.1" 200 13988 "https://sumangalamcaterers.com/sitemap1.xml" "Mozilla/5.0 (Linux; Android 7.0;) AppleWebKit/537.36 (KHTML, like Gecko) Mobile Safari/537.36 (compatible; PetalBot;+https://webmaster.petalsearch.com/site/petalbot)" 39 **0/39415**
216.73.216.52 - - [11/Jan/2026:07:03:17 -0700] "GET /good.php HTTP/2.0" 404 - "-" "Mozilla/5.0 AppleWebKit/537.36 (KHTML, like Gecko; compatible; ClaudeBot/1.0; +claudebot@anthropic.com)" 8 **0/8013**
114.119.151.168 - - [11/Jan/2026:07:03:50 -0700] "GET /?o=1953345 HTTP/1.1" 200 13988 "https://sumangalamcaterers.com/?sitemap-5.xml" "Mozilla/5.0 (Linux; Android 7.0;) AppleWebKit/537.36 (KHTML, like Gecko) Mobile Safari/537.36 (compatible; PetalBot;+https://webmaster.petalsearch.com/site/petalbot)" 44 **0/44873**
114.119.143.75 - - [11/Jan/2026:07:07:06 -0700] "GET /?o=1946252 HTTP/1.1" 200 13988 "https://sumangalamcaterers.com/?sitemap-1.xml" "Mozilla/5.0 (Linux; Android 7.0;) AppleWebKit/537.36 (KHTML, like Gecko) Mobile Safari/537.36 (compatible; PetalBot;+https://webmaster.petalsearch.com/site/petalbot)" 41 **0/41076**
114.119.145.134 - - [11/Jan/2026:07:07:41 -0700] "GET /?o=1932746 HTTP/1.1" 200 13988 "https://sumangalamcaterers.com/?sitemap-4.xml" "Mozilla/5.0 (Linux; Android 7.0;) AppleWebKit/537.36 (KHTML, like Gecko) Mobile Safari/537.36 (compatible; PetalBot;+https://webmaster.petalsearch.com/site/petalbot)" 31 **0/31958**
114.119.141.249 - - [11/Jan/2026:07:08:09 -0700] "GET /?o=190529 HTTP/1.1" 200 13988 "https://sumangalamcaterers.com/sitemap1.xml" "Mozilla/5.0 (Linux; Android 7.0;) AppleWebKit/537.36 (KHTML, like Gecko) Mobile Safari/537.36 (compatible; PetalBot;+https://webmaster.petalsearch.com/site/petalbot)" 41 **0/41757**
