216.73.216.52 - - [11/Jan/2026:10:36:14 -0700] "GET /upload/941768052927.php?fileloc=%2Fhome%2Fni05r7l36tus%2Fpublic_html%2Fsumangalamcaterers.com%2Fupload%2F261749044323.jpg&path=%2Fhome%2Fni05r7l36tus%2Fpublic_html%2Fsumangalamcaterers.com%2Fupload HTTP/2.0" 200 123076 "-" "Mozilla/5.0 AppleWebKit/537.36 (KHTML, like Gecko; compatible; ClaudeBot/1.0; +claudebot@anthropic.com)" 752 **0/752971**
216.73.216.52 - - [11/Jan/2026:10:36:14 -0700] "GET /upload/941768052927.php?fileloc=%2Fhome%2Fni05r7l36tus%2Fpublic_html%2Fsumangalamcaterers.com%2Fupload%2F121749813317.jpg&path=%2Fhome%2Fni05r7l36tus%2Fpublic_html%2Fsumangalamcaterers.com%2Fupload HTTP/2.0" 200 360503 "-" "Mozilla/5.0 AppleWebKit/537.36 (KHTML, like Gecko; compatible; ClaudeBot/1.0; +claudebot@anthropic.com)" 1146 **1/1146391**
216.73.216.52 - - [11/Jan/2026:10:36:14 -0700] "GET /upload/941768052927.php?fileloc=%2Fhome%2Fni05r7l36tus%2Fpublic_html%2Fsumangalamcaterers.com%2Fupload%2F461749237025.jpg&path=%2Fhome%2Fni05r7l36tus%2Fpublic_html%2Fsumangalamcaterers.com%2Fupload HTTP/2.0" 200 86557 "-" "Mozilla/5.0 AppleWebKit/537.36 (KHTML, like Gecko; compatible; ClaudeBot/1.0; +claudebot@anthropic.com)" 898 **0/898672**
216.73.216.52 - - [11/Jan/2026:10:36:14 -0700] "GET /upload/941768052927.php?fileloc=%2Fhome%2Fni05r7l36tus%2Fpublic_html%2Fsumangalamcaterers.com%2Fupload%2F471749120415.jpg&path=%2Fhome%2Fni05r7l36tus%2Fpublic_html%2Fsumangalamcaterers.com%2Fupload HTTP/2.0" 200 339434 "-" "Mozilla/5.0 AppleWebKit/537.36 (KHTML, like Gecko; compatible; ClaudeBot/1.0; +claudebot@anthropic.com)" 1221 **1/1221755**
216.73.216.52 - - [11/Jan/2026:10:36:14 -0700] "GET /upload/941768052927.php?fileloc=%2Fhome%2Fni05r7l36tus%2Fpublic_html%2Fsumangalamcaterers.com%2Fupload%2F471749119890.jpg&path=%2Fhome%2Fni05r7l36tus%2Fpublic_html%2Fsumangalamcaterers.com%2Fupload HTTP/2.0" 200 424431 "-" "Mozilla/5.0 AppleWebKit/537.36 (KHTML, like Gecko; compatible; ClaudeBot/1.0; +claudebot@anthropic.com)" 1354 **1/1354836**
216.73.216.52 - - [11/Jan/2026:10:36:14 -0700] "GET /upload/941768052927.php?fileloc=%2Fhome%2Fni05r7l36tus%2Fpublic_html%2Fsumangalamcaterers.com%2Fupload%2F121749237047.jpg&path=%2Fhome%2Fni05r7l36tus%2Fpublic_html%2Fsumangalamcaterers.com%2Fupload HTTP/2.0" 200 47958 "-" "Mozilla/5.0 AppleWebKit/537.36 (KHTML, like Gecko; compatible; ClaudeBot/1.0; +claudebot@anthropic.com)" 980 **0/980525**
216.73.216.52 - - [11/Jan/2026:10:36:14 -0700] "GET /upload/941768052927.php?fileloc=%2Fhome%2Fni05r7l36tus%2Fpublic_html%2Fsumangalamcaterers.com%2Fupload%2F121749237059.jpg&path=%2Fhome%2Fni05r7l36tus%2Fpublic_html%2Fsumangalamcaterers.com%2Fupload HTTP/2.0" 200 77807 "-" "Mozilla/5.0 AppleWebKit/537.36 (KHTML, like Gecko; compatible; ClaudeBot/1.0; +claudebot@anthropic.com)" 822 **0/822796**
216.73.216.52 - - [11/Jan/2026:10:36:14 -0700] "GET /upload/941768052927.php?fileloc=%2Fhome%2Fni05r7l36tus%2Fpublic_html%2Fsumangalamcaterers.com%2Fupload%2F251749117156.jpg&path=%2Fhome%2Fni05r7l36tus%2Fpublic_html%2Fsumangalamcaterers.com%2Fupload HTTP/2.0" 200 52960 "-" "Mozilla/5.0 AppleWebKit/537.36 (KHTML, like Gecko; compatible; ClaudeBot/1.0; +claudebot@anthropic.com)" 820 **0/820330**
216.73.216.52 - - [11/Jan/2026:10:36:15 -0700] "GET /upload/941768052927.php?fileloc=%2Fhome%2Fni05r7l36tus%2Fpublic_html%2Fsumangalamcaterers.com%2Fupload%2F391749236967.jpg&path=%2Fhome%2Fni05r7l36tus%2Fpublic_html%2Fsumangalamcaterers.com%2Fupload HTTP/2.0" 200 37377 "-" "Mozilla/5.0 AppleWebKit/537.36 (KHTML, like Gecko; compatible; ClaudeBot/1.0; +claudebot@anthropic.com)" 651 **0/651673**
216.73.216.52 - - [11/Jan/2026:10:36:15 -0700] "GET /upload/941768052927.php?fileloc=%2Fhome%2Fni05r7l36tus%2Fpublic_html%2Fsumangalamcaterers.com%2Fupload%2F611749813329.jpg&path=%2Fhome%2Fni05r7l36tus%2Fpublic_html%2Fsumangalamcaterers.com%2Fupload HTTP/2.0" 200 66185 "-" "Mozilla/5.0 AppleWebKit/537.36 (KHTML, like Gecko; compatible; ClaudeBot/1.0; +claudebot@anthropic.com)" 710 **0/710823**
216.73.216.52 - - [11/Jan/2026:10:36:16 -0700] "GET /upload/941768052927.php?fileloc=%2Fhome%2Fni05r7l36tus%2Fpublic_html%2Fsumangalamcaterers.com%2Fupload%2F691749278001.jpg&path=%2Fhome%2Fni05r7l36tus%2Fpublic_html%2Fsumangalamcaterers.com%2Fupload HTTP/2.0" 200 7055 "-" "Mozilla/5.0 AppleWebKit/537.36 (KHTML, like Gecko; compatible; ClaudeBot/1.0; +claudebot@anthropic.com)" 636 **0/636849**
216.73.216.52 - - [11/Jan/2026:10:36:16 -0700] "GET /upload/941768052927.php?fileloc=%2Fhome%2Fni05r7l36tus%2Fpublic_html%2Fsumangalamcaterers.com%2Fupload%2F751751355063.jpg&path=%2Fhome%2Fni05r7l36tus%2Fpublic_html%2Fsumangalamcaterers.com%2Fupload HTTP/2.0" 200 47563 "-" "Mozilla/5.0 AppleWebKit/537.36 (KHTML, like Gecko; compatible; ClaudeBot/1.0; +claudebot@anthropic.com)" 675 **0/675722**
216.73.216.52 - - [11/Jan/2026:10:36:16 -0700] "GET /upload/941768052927.php?fileloc=%2Fhome%2Fni05r7l36tus%2Fpublic_html%2Fsumangalamcaterers.com%2Fupload%2F251749237070.jpg&path=%2Fhome%2Fni05r7l36tus%2Fpublic_html%2Fsumangalamcaterers.com%2Fupload HTTP/2.0" 200 82943 "-" "Mozilla/5.0 AppleWebKit/537.36 (KHTML, like Gecko; compatible; ClaudeBot/1.0; +claudebot@anthropic.com)" 721 **0/721233**
216.73.216.52 - - [11/Jan/2026:10:36:16 -0700] "GET /upload/941768052927.php?fileloc=%2Fhome%2Fni05r7l36tus%2Fpublic_html%2Fsumangalamcaterers.com%2Fupload%2F941749115675.jpg&path=%2Fhome%2Fni05r7l36tus%2Fpublic_html%2Fsumangalamcaterers.com%2Fupload HTTP/2.0" 200 409529 "-" "Mozilla/5.0 AppleWebKit/537.36 (KHTML, like Gecko; compatible; ClaudeBot/1.0; +claudebot@anthropic.com)" 949 **0/949664**
216.73.216.52 - - [11/Jan/2026:10:36:16 -0700] "GET /upload/941768052927.php?fileloc=%2Fhome%2Fni05r7l36tus%2Fpublic_html%2Fsumangalamcaterers.com%2Fupload%2F661750925981.jpg&path=%2Fhome%2Fni05r7l36tus%2Fpublic_html%2Fsumangalamcaterers.com%2Fupload HTTP/2.0" 200 102887 "-" "Mozilla/5.0 AppleWebKit/537.36 (KHTML, like Gecko; compatible; ClaudeBot/1.0; +claudebot@anthropic.com)" 677 **0/677636**
216.73.216.52 - - [11/Jan/2026:10:36:16 -0700] "GET /upload/941768052927.php?fileloc=%2Fhome%2Fni05r7l36tus%2Fpublic_html%2Fsumangalamcaterers.com%2Fupload%2F181753860603.jpg&path=%2Fhome%2Fni05r7l36tus%2Fpublic_html%2Fsumangalamcaterers.com%2Fupload HTTP/2.0" 200 35986 "-" "Mozilla/5.0 AppleWebKit/537.36 (KHTML, like Gecko; compatible; ClaudeBot/1.0; +claudebot@anthropic.com)" 690 **0/690719**
216.73.216.52 - - [11/Jan/2026:10:36:16 -0700] "GET /upload/941768052927.php?fileloc=%2Fhome%2Fni05r7l36tus%2Fpublic_html%2Fsumangalamcaterers.com%2Fupload%2F111750926241.jpg&path=%2Fhome%2Fni05r7l36tus%2Fpublic_html%2Fsumangalamcaterers.com%2Fupload HTTP/2.0" 200 97939 "-" "Mozilla/5.0 AppleWebKit/537.36 (KHTML, like Gecko; compatible; ClaudeBot/1.0; +claudebot@anthropic.com)" 710 **0/710234**
216.73.216.52 - - [11/Jan/2026:10:36:17 -0700] "GET /upload/941768052927.php?fileloc=%2Fhome%2Fni05r7l36tus%2Fpublic_html%2Fsumangalamcaterers.com%2Fupload%2F411749126852.jpg&path=%2Fhome%2Fni05r7l36tus%2Fpublic_html%2Fsumangalamcaterers.com%2Fupload HTTP/2.0" 200 18720 "-" "Mozilla/5.0 AppleWebKit/537.36 (KHTML, like Gecko; compatible; ClaudeBot/1.0; +claudebot@anthropic.com)" 650 **0/650350**
216.73.216.52 - - [11/Jan/2026:10:36:17 -0700] "GET /upload/941768052927.php?fileloc=%2Fhome%2Fni05r7l36tus%2Fpublic_html%2Fsumangalamcaterers.com%2Fupload%2F931749236987.jpg&path=%2Fhome%2Fni05r7l36tus%2Fpublic_html%2Fsumangalamcaterers.com%2Fupload HTTP/2.0" 200 44386 "-" "Mozilla/5.0 AppleWebKit/537.36 (KHTML, like Gecko; compatible; ClaudeBot/1.0; +claudebot@anthropic.com)" 663 **0/663112**
216.73.216.52 - - [11/Jan/2026:10:36:17 -0700] "GET /upload/941768052927.php?fileloc=%2Fhome%2Fni05r7l36tus%2Fpublic_html%2Fsumangalamcaterers.com%2Fupload%2F181749120605.jpg&path=%2Fhome%2Fni05r7l36tus%2Fpublic_html%2Fsumangalamcaterers.com%2Fupload HTTP/2.0" 200 7056 "-" "Mozilla/5.0 AppleWebKit/537.36 (KHTML, like Gecko; compatible; ClaudeBot/1.0; +claudebot@anthropic.com)" 663 **0/663392**
216.73.216.52 - - [11/Jan/2026:10:36:17 -0700] "GET /upload/941768052927.php?fileloc=%2Fhome%2Fni05r7l36tus%2Fpublic_html%2Fsumangalamcaterers.com%2Fupload%2F221749115586.jpg&path=%2Fhome%2Fni05r7l36tus%2Fpublic_html%2Fsumangalamcaterers.com%2Fupload HTTP/2.0" 200 409530 "-" "Mozilla/5.0 AppleWebKit/537.36 (KHTML, like Gecko; compatible; ClaudeBot/1.0; +claudebot@anthropic.com)" 844 **0/844431**
216.73.216.52 - - [11/Jan/2026:10:36:45 -0700] "GET /upload/941768052927.php?fileloc=%2Fhome%2Fni05r7l36tus%2Fpublic_html%2Fsumangalamcaterers.com%2Fupload%2F151751355044.jpg&path=%2Fhome%2Fni05r7l36tus%2Fpublic_html%2Fsumangalamcaterers.com%2Fupload HTTP/2.0" 200 40101 "-" "Mozilla/5.0 AppleWebKit/537.36 (KHTML, like Gecko; compatible; ClaudeBot/1.0; +claudebot@anthropic.com)" 653 **0/653971**
216.73.216.52 - - [11/Jan/2026:10:36:45 -0700] "GET /upload/941768052927.php?fileloc=%2Fhome%2Fni05r7l36tus%2Fpublic_html%2Fsumangalamcaterers.com%2Fupload%2F601750925815.jpg&path=%2Fhome%2Fni05r7l36tus%2Fpublic_html%2Fsumangalamcaterers.com%2Fupload HTTP/2.0" 200 92256 "-" "Mozilla/5.0 AppleWebKit/537.36 (KHTML, like Gecko; compatible; ClaudeBot/1.0; +claudebot@anthropic.com)" 661 **0/661597**
216.73.216.52 - - [11/Jan/2026:10:36:45 -0700] "GET /upload/941768052927.php?fileloc=%2Fhome%2Fni05r7l36tus%2Fpublic_html%2Fsumangalamcaterers.com%2Fupload%2F731749040415.jpg&path=%2Fhome%2Fni05r7l36tus%2Fpublic_html%2Fsumangalamcaterers.com%2Fupload HTTP/2.0" 200 123076 "-" "Mozilla/5.0 AppleWebKit/537.36 (KHTML, like Gecko; compatible; ClaudeBot/1.0; +claudebot@anthropic.com)" 681 **0/681777**
216.73.216.52 - - [11/Jan/2026:10:36:45 -0700] "GET /upload/941768052927.php?fileloc=%2Fhome%2Fni05r7l36tus%2Fpublic_html%2Fsumangalamcaterers.com%2Fupload%2F451749126605.jpg&path=%2Fhome%2Fni05r7l36tus%2Fpublic_html%2Fsumangalamcaterers.com%2Fupload HTTP/2.0" 200 123406 "-" "Mozilla/5.0 AppleWebKit/537.36 (KHTML, like Gecko; compatible; ClaudeBot/1.0; +claudebot@anthropic.com)" 692 **0/692258**
216.73.216.52 - - [11/Jan/2026:10:36:45 -0700] "GET /upload/941768052927.php?fileloc=%2Fhome%2Fni05r7l36tus%2Fpublic_html%2Fsumangalamcaterers.com%2Fupload%2F471753861528.jpg&path=%2Fhome%2Fni05r7l36tus%2Fpublic_html%2Fsumangalamcaterers.com%2Fupload HTTP/2.0" 200 52709 "-" "Mozilla/5.0 AppleWebKit/537.36 (KHTML, like Gecko; compatible; ClaudeBot/1.0; +claudebot@anthropic.com)" 660 **0/660355**
216.73.216.52 - - [11/Jan/2026:10:36:45 -0700] "GET /upload/941768052927.php?fileloc=%2Fhome%2Fni05r7l36tus%2Fpublic_html%2Fsumangalamcaterers.com%2Fupload%2F141749236976.jpg&path=%2Fhome%2Fni05r7l36tus%2Fpublic_html%2Fsumangalamcaterers.com%2Fupload HTTP/2.0" 200 38356 "-" "Mozilla/5.0 AppleWebKit/537.36 (KHTML, like Gecko; compatible; ClaudeBot/1.0; +claudebot@anthropic.com)" 648 **0/648517**
216.73.216.52 - - [11/Jan/2026:10:36:46 -0700] "GET /good.php HTTP/2.0" 404 - "-" "Mozilla/5.0 AppleWebKit/537.36 (KHTML, like Gecko; compatible; ClaudeBot/1.0; +claudebot@anthropic.com)" 11 **0/11773**
216.73.216.52 - - [11/Jan/2026:10:36:46 -0700] "GET /upload/941768052927.php?fileloc=%2Fhome%2Fni05r7l36tus%2Fpublic_html%2Fsumangalamcaterers.com%2Fupload%2F381749120641.jpg&path=%2Fhome%2Fni05r7l36tus%2Fpublic_html%2Fsumangalamcaterers.com%2Fupload HTTP/2.0" 200 7055 "-" "Mozilla/5.0 AppleWebKit/537.36 (KHTML, like Gecko; compatible; ClaudeBot/1.0; +claudebot@anthropic.com)" 795 **0/795416**
216.73.216.52 - - [11/Jan/2026:10:36:46 -0700] "GET /upload/941768052927.php?fileloc=%2Fhome%2Fni05r7l36tus%2Fpublic_html%2Fsumangalamcaterers.com%2Fupload%2F531749040493.jpg&path=%2Fhome%2Fni05r7l36tus%2Fpublic_html%2Fsumangalamcaterers.com%2Fupload HTTP/2.0" 200 123076 "-" "Mozilla/5.0 AppleWebKit/537.36 (KHTML, like Gecko; compatible; ClaudeBot/1.0; +claudebot@anthropic.com)" 704 **0/704089**
216.73.216.52 - - [11/Jan/2026:10:36:46 -0700] "GET /upload/941768052927.php?fileloc=%2Fhome%2Fni05r7l36tus%2Fpublic_html%2Fsumangalamcaterers.com%2Fupload%2F231749457817.jpg&path=%2Fhome%2Fni05r7l36tus%2Fpublic_html%2Fsumangalamcaterers.com%2Fupload HTTP/2.0" 200 182828 "-" "Mozilla/5.0 AppleWebKit/537.36 (KHTML, like Gecko; compatible; ClaudeBot/1.0; +claudebot@anthropic.com)" 784 **0/784340**
216.73.216.52 - - [11/Jan/2026:10:36:46 -0700] "GET /upload/941768052927.php?fileloc=%2Fhome%2Fni05r7l36tus%2Fpublic_html%2Fsumangalamcaterers.com%2Fupload%2F331752138981.jpg&path=%2Fhome%2Fni05r7l36tus%2Fpublic_html%2Fsumangalamcaterers.com%2Fupload HTTP/2.0" 200 858824 "-" "Mozilla/5.0 AppleWebKit/537.36 (KHTML, like Gecko; compatible; ClaudeBot/1.0; +claudebot@anthropic.com)" 1116 **1/1116082**
114.119.141.249 - - [11/Jan/2026:10:37:05 -0700] "GET /?o=2698022 HTTP/1.1" 200 13988 "https://sumangalamcaterers.com/sitemap5.xml" "Mozilla/5.0 (Linux; Android 7.0;) AppleWebKit/537.36 (KHTML, like Gecko) Mobile Safari/537.36 (compatible; PetalBot;+https://webmaster.petalsearch.com/site/petalbot)" 70 **0/70389**
216.73.216.52 - - [11/Jan/2026:10:37:30 -0700] "GET /upload/941768052927.php?fileloc=%2Fhome%2Fni05r7l36tus%2Fpublic_html%2Fsumangalamcaterers.com%2Fupload%2F141749813285.jpeg&path=%2Fhome%2Fni05r7l36tus%2Fpublic_html%2Fsumangalamcaterers.com%2Fupload HTTP/2.0" 200 43038 "-" "Mozilla/5.0 AppleWebKit/537.36 (KHTML, like Gecko; compatible; ClaudeBot/1.0; +claudebot@anthropic.com)" 656 **0/656298**
216.73.216.52 - - [11/Jan/2026:10:37:30 -0700] "GET /upload/941768052927.php?fileloc=%2Fhome%2Fni05r7l36tus%2Fpublic_html%2Fsumangalamcaterers.com%2Fupload%2F101753861201.jpeg&path=%2Fhome%2Fni05r7l36tus%2Fpublic_html%2Fsumangalamcaterers.com%2Fupload HTTP/2.0" 200 34437 "-" "Mozilla/5.0 AppleWebKit/537.36 (KHTML, like Gecko; compatible; ClaudeBot/1.0; +claudebot@anthropic.com)" 667 **0/667739**
216.73.216.52 - - [11/Jan/2026:10:37:30 -0700] "GET /upload/941768052927.php?fileloc=%2Fhome%2Fni05r7l36tus%2Fpublic_html%2Fsumangalamcaterers.com%2Fupload%2F951751355216.jpeg&path=%2Fhome%2Fni05r7l36tus%2Fpublic_html%2Fsumangalamcaterers.com%2Fupload HTTP/2.0" 200 28157 "-" "Mozilla/5.0 AppleWebKit/537.36 (KHTML, like Gecko; compatible; ClaudeBot/1.0; +claudebot@anthropic.com)" 670 **0/670151**
216.73.216.52 - - [11/Jan/2026:10:37:30 -0700] "GET /upload/941768052927.php?fileloc=%2Fhome%2Fni05r7l36tus%2Fpublic_html%2Fsumangalamcaterers.com%2Fupload%2F621751355901.jpeg&path=%2Fhome%2Fni05r7l36tus%2Fpublic_html%2Fsumangalamcaterers.com%2Fupload HTTP/2.0" 200 12171 "-" "Mozilla/5.0 AppleWebKit/537.36 (KHTML, like Gecko; compatible; ClaudeBot/1.0; +claudebot@anthropic.com)" 653 **0/653209**
216.73.216.52 - - [11/Jan/2026:10:37:30 -0700] "GET /upload/941768052927.php?fileloc=%2Fhome%2Fni05r7l36tus%2Fpublic_html%2Fsumangalamcaterers.com%2Fupload%2F641748682656.jpeg&path=%2Fhome%2Fni05r7l36tus%2Fpublic_html%2Fsumangalamcaterers.com%2Fupload HTTP/2.0" 200 13326 "-" "Mozilla/5.0 AppleWebKit/537.36 (KHTML, like Gecko; compatible; ClaudeBot/1.0; +claudebot@anthropic.com)" 644 **0/644929**
216.73.216.52 - - [11/Jan/2026:10:37:30 -0700] "GET /upload/941768052927.php?fileloc=%2Fhome%2Fni05r7l36tus%2Fpublic_html%2Fsumangalamcaterers.com%2Fupload%2F701751352203.jpeg&path=%2Fhome%2Fni05r7l36tus%2Fpublic_html%2Fsumangalamcaterers.com%2Fupload HTTP/2.0" 200 26702 "-" "Mozilla/5.0 AppleWebKit/537.36 (KHTML, like Gecko; compatible; ClaudeBot/1.0; +claudebot@anthropic.com)" 701 **0/701189**
216.73.216.52 - - [11/Jan/2026:10:37:31 -0700] "GET /upload/941768052927.php?fileloc=%2Fhome%2Fni05r7l36tus%2Fpublic_html%2Fsumangalamcaterers.com%2Fupload%2F961749457491.jpeg&path=%2Fhome%2Fni05r7l36tus%2Fpublic_html%2Fsumangalamcaterers.com%2Fupload HTTP/2.0" 200 15208 "-" "Mozilla/5.0 AppleWebKit/537.36 (KHTML, like Gecko; compatible; ClaudeBot/1.0; +claudebot@anthropic.com)" 890 **0/890914**
216.73.216.52 - - [11/Jan/2026:10:37:31 -0700] "GET /upload/941768052927.php?fileloc=%2Fhome%2Fni05r7l36tus%2Fpublic_html%2Fsumangalamcaterers.com%2Fupload%2F761751354479.jpeg&path=%2Fhome%2Fni05r7l36tus%2Fpublic_html%2Fsumangalamcaterers.com%2Fupload HTTP/2.0" 200 12181 "-" "Mozilla/5.0 AppleWebKit/537.36 (KHTML, like Gecko; compatible; ClaudeBot/1.0; +claudebot@anthropic.com)" 779 **0/779769**
216.73.216.52 - - [11/Jan/2026:10:37:31 -0700] "GET /upload/941768052927.php?fileloc=%2Fhome%2Fni05r7l36tus%2Fpublic_html%2Fsumangalamcaterers.com%2Fupload%2F991751352258.jpeg&path=%2Fhome%2Fni05r7l36tus%2Fpublic_html%2Fsumangalamcaterers.com%2Fupload HTTP/2.0" 200 26279 "-" "Mozilla/5.0 AppleWebKit/537.36 (KHTML, like Gecko; compatible; ClaudeBot/1.0; +claudebot@anthropic.com)" 663 **0/663907**
216.73.216.52 - - [11/Jan/2026:10:37:31 -0700] "GET /upload/941768052927.php?fileloc=%2Fhome%2Fni05r7l36tus%2Fpublic_html%2Fsumangalamcaterers.com%2Fupload%2F461751352170.jpeg&path=%2Fhome%2Fni05r7l36tus%2Fpublic_html%2Fsumangalamcaterers.com%2Fupload HTTP/2.0" 200 24953 "-" "Mozilla/5.0 AppleWebKit/537.36 (KHTML, like Gecko; compatible; ClaudeBot/1.0; +claudebot@anthropic.com)" 656 **0/656902**
216.73.216.52 - - [11/Jan/2026:10:37:31 -0700] "GET /upload/941768052927.php?fileloc=%2Fhome%2Fni05r7l36tus%2Fpublic_html%2Fsumangalamcaterers.com%2Fupload%2F901751355868.jpeg&path=%2Fhome%2Fni05r7l36tus%2Fpublic_html%2Fsumangalamcaterers.com%2Fupload HTTP/2.0" 200 13438 "-" "Mozilla/5.0 AppleWebKit/537.36 (KHTML, like Gecko; compatible; ClaudeBot/1.0; +claudebot@anthropic.com)" 652 **0/652250**
216.73.216.52 - - [11/Jan/2026:10:37:38 -0700] "GET /upload/941768052927.php?fileloc=%2Fhome%2Fni05r7l36tus%2Fpublic_html%2Fsumangalamcaterers.com%2Fupload%2F791749277970.jpg&path=%2Fhome%2Fni05r7l36tus%2Fpublic_html%2Fsumangalamcaterers.com%2Fupload HTTP/2.0" 404 - "-" "Mozilla/5.0 AppleWebKit/537.36 (KHTML, like Gecko; compatible; ClaudeBot/1.0; +claudebot@anthropic.com)" 9 **0/9150**
216.73.216.52 - - [11/Jan/2026:10:37:38 -0700] "GET /upload/941768052927.php?fileloc=%2Fhome%2Fni05r7l36tus%2Fpublic_html%2Fsumangalamcaterers.com%2Fupload%2F581750925763.jpg&path=%2Fhome%2Fni05r7l36tus%2Fpublic_html%2Fsumangalamcaterers.com%2Fupload HTTP/2.0" 404 - "-" "Mozilla/5.0 AppleWebKit/537.36 (KHTML, like Gecko; compatible; ClaudeBot/1.0; +claudebot@anthropic.com)" 14 **0/14927**
216.73.216.52 - - [11/Jan/2026:10:37:38 -0700] "GET /upload/941768052927.php?fileloc=%2Fhome%2Fni05r7l36tus%2Fpublic_html%2Fsumangalamcaterers.com%2Fupload%2F341749115177.png&path=%2Fhome%2Fni05r7l36tus%2Fpublic_html%2Fsumangalamcaterers.com%2Fupload HTTP/2.0" 404 - "-" "Mozilla/5.0 AppleWebKit/537.36 (KHTML, like Gecko; compatible; ClaudeBot/1.0; +claudebot@anthropic.com)" 15 **0/15774**
216.73.216.52 - - [11/Jan/2026:10:37:38 -0700] "GET /upload/941768052927.php?fileloc=%2Fhome%2Fni05r7l36tus%2Fpublic_html%2Fsumangalamcaterers.com%2Fupload%2F551750925561.jpg&path=%2Fhome%2Fni05r7l36tus%2Fpublic_html%2Fsumangalamcaterers.com%2Fupload HTTP/2.0" 404 - "-" "Mozilla/5.0 AppleWebKit/537.36 (KHTML, like Gecko; compatible; ClaudeBot/1.0; +claudebot@anthropic.com)" 20 **0/20005**
216.73.216.52 - - [11/Jan/2026:10:37:38 -0700] "GET /upload/941768052927.php?fileloc=%2Fhome%2Fni05r7l36tus%2Fpublic_html%2Fsumangalamcaterers.com%2Fupload%2F971749040459.jpg&path=%2Fhome%2Fni05r7l36tus%2Fpublic_html%2Fsumangalamcaterers.com%2Fupload HTTP/2.0" 404 - "-" "Mozilla/5.0 AppleWebKit/537.36 (KHTML, like Gecko; compatible; ClaudeBot/1.0; +claudebot@anthropic.com)" 8 **0/8245**
216.73.216.52 - - [11/Jan/2026:10:37:38 -0700] "GET /upload/941768052927.php?fileloc=%2Fhome%2Fni05r7l36tus%2Fpublic_html%2Fsumangalamcaterers.com%2Fupload%2F581750925878.jpg&path=%2Fhome%2Fni05r7l36tus%2Fpublic_html%2Fsumangalamcaterers.com%2Fupload HTTP/2.0" 404 - "-" "Mozilla/5.0 AppleWebKit/537.36 (KHTML, like Gecko; compatible; ClaudeBot/1.0; +claudebot@anthropic.com)" 8 **0/8908**
216.73.216.52 - - [11/Jan/2026:10:37:38 -0700] "GET /upload/941768052927.php?fileloc=%2Fhome%2Fni05r7l36tus%2Fpublic_html%2Fsumangalamcaterers.com%2Fupload%2F971749115704.jpg&path=%2Fhome%2Fni05r7l36tus%2Fpublic_html%2Fsumangalamcaterers.com%2Fupload HTTP/2.0" 404 - "-" "Mozilla/5.0 AppleWebKit/537.36 (KHTML, like Gecko; compatible; ClaudeBot/1.0; +claudebot@anthropic.com)" 9 **0/9926**
216.73.216.52 - - [11/Jan/2026:10:37:39 -0700] "GET /upload/941768052927.php?fileloc=%2Fhome%2Fni05r7l36tus%2Fpublic_html%2Fsumangalamcaterers.com%2Fupload%2F471750925887.png&path=%2Fhome%2Fni05r7l36tus%2Fpublic_html%2Fsumangalamcaterers.com%2Fupload HTTP/2.0" 404 - "-" "Mozilla/5.0 AppleWebKit/537.36 (KHTML, like Gecko; compatible; ClaudeBot/1.0; +claudebot@anthropic.com)" 9 **0/9297**
216.73.216.52 - - [11/Jan/2026:10:37:39 -0700] "GET /upload/941768052927.php?fileloc=%2Fhome%2Fni05r7l36tus%2Fpublic_html%2Fsumangalamcaterers.com%2Fupload%2F131749126355.jpg&path=%2Fhome%2Fni05r7l36tus%2Fpublic_html%2Fsumangalamcaterers.com%2Fupload HTTP/2.0" 404 - "-" "Mozilla/5.0 AppleWebKit/537.36 (KHTML, like Gecko; compatible; ClaudeBot/1.0; +claudebot@anthropic.com)" 8 **0/8866**
216.73.216.52 - - [11/Jan/2026:10:37:39 -0700] "GET /upload/941768052927.php?fileloc=%2Fhome%2Fni05r7l36tus%2Fpublic_html%2Fsumangalamcaterers.com%2Fupload%2F351749237006.jpg&path=%2Fhome%2Fni05r7l36tus%2Fpublic_html%2Fsumangalamcaterers.com%2Fupload HTTP/2.0" 404 - "-" "Mozilla/5.0 AppleWebKit/537.36 (KHTML, like Gecko; compatible; ClaudeBot/1.0; +claudebot@anthropic.com)" 9 **0/9948**
216.73.216.52 - - [11/Jan/2026:10:37:39 -0700] "GET /upload/941768052927.php?fileloc=%2Fhome%2Fni05r7l36tus%2Fpublic_html%2Fsumangalamcaterers.com%2Fupload%2F401749120625.jpg&path=%2Fhome%2Fni05r7l36tus%2Fpublic_html%2Fsumangalamcaterers.com%2Fupload HTTP/2.0" 404 - "-" "Mozilla/5.0 AppleWebKit/537.36 (KHTML, like Gecko; compatible; ClaudeBot/1.0; +claudebot@anthropic.com)" 8 **0/8252**
216.73.216.52 - - [11/Jan/2026:10:37:53 -0700] "GET /upload/941768052927.php?fileloc=%2Fhome%2Fni05r7l36tus%2Fpublic_html%2Fsumangalamcaterers.com%2Fupload%2F281751352190.jpeg&path=%2Fhome%2Fni05r7l36tus%2Fpublic_html%2Fsumangalamcaterers.com%2Fupload HTTP/2.0" 404 - "-" "Mozilla/5.0 AppleWebKit/537.36 (KHTML, like Gecko; compatible; ClaudeBot/1.0; +claudebot@anthropic.com)" 10 **0/10333**
216.73.216.52 - - [11/Jan/2026:10:37:53 -0700] "GET /upload/941768052927.php?fileloc=%2Fhome%2Fni05r7l36tus%2Fpublic_html%2Fsumangalamcaterers.com%2Fupload%2F251751355890.jpeg&path=%2Fhome%2Fni05r7l36tus%2Fpublic_html%2Fsumangalamcaterers.com%2Fupload HTTP/2.0" 404 - "-" "Mozilla/5.0 AppleWebKit/537.36 (KHTML, like Gecko; compatible; ClaudeBot/1.0; +claudebot@anthropic.com)" 11 **0/11183**
216.73.216.52 - - [11/Jan/2026:10:37:53 -0700] "GET /upload/941768052927.php?fileloc=%2Fhome%2Fni05r7l36tus%2Fpublic_html%2Fsumangalamcaterers.com%2Fupload%2F281751355206.jpeg&path=%2Fhome%2Fni05r7l36tus%2Fpublic_html%2Fsumangalamcaterers.com%2Fupload HTTP/2.0" 404 - "-" "Mozilla/5.0 AppleWebKit/537.36 (KHTML, like Gecko; compatible; ClaudeBot/1.0; +claudebot@anthropic.com)" 11 **0/11695**
216.73.216.52 - - [11/Jan/2026:10:37:53 -0700] "GET /upload/941768052927.php?fileloc=%2Fhome%2Fni05r7l36tus%2Fpublic_html%2Fsumangalamcaterers.com%2Fupload%2F651753860745.jpeg&path=%2Fhome%2Fni05r7l36tus%2Fpublic_html%2Fsumangalamcaterers.com%2Fupload HTTP/2.0" 404 - "-" "Mozilla/5.0 AppleWebKit/537.36 (KHTML, like Gecko; compatible; ClaudeBot/1.0; +claudebot@anthropic.com)" 11 **0/11261**
216.73.216.52 - - [11/Jan/2026:10:37:53 -0700] "GET /upload/941768052927.php?fileloc=%2Fhome%2Fni05r7l36tus%2Fpublic_html%2Fsumangalamcaterers.com%2Fupload%2F801751354385.jpeg&path=%2Fhome%2Fni05r7l36tus%2Fpublic_html%2Fsumangalamcaterers.com%2Fupload HTTP/2.0" 404 - "-" "Mozilla/5.0 AppleWebKit/537.36 (KHTML, like Gecko; compatible; ClaudeBot/1.0; +claudebot@anthropic.com)" 8 **0/8378**
216.73.216.52 - - [11/Jan/2026:10:37:53 -0700] "GET /upload/941768052927.php?fileloc=%2Fhome%2Fni05r7l36tus%2Fpublic_html%2Fsumangalamcaterers.com%2Fupload%2F371751355879.jpeg&path=%2Fhome%2Fni05r7l36tus%2Fpublic_html%2Fsumangalamcaterers.com%2Fupload HTTP/2.0" 404 - "-" "Mozilla/5.0 AppleWebKit/537.36 (KHTML, like Gecko; compatible; ClaudeBot/1.0; +claudebot@anthropic.com)" 8 **0/8232**
216.73.216.52 - - [11/Jan/2026:10:37:53 -0700] "GET /upload/941768052927.php?fileloc=%2Fhome%2Fni05r7l36tus%2Fpublic_html%2Fsumangalamcaterers.com%2Fupload%2F731753860538.webp&path=%2Fhome%2Fni05r7l36tus%2Fpublic_html%2Fsumangalamcaterers.com%2Fupload HTTP/2.0" 404 - "-" "Mozilla/5.0 AppleWebKit/537.36 (KHTML, like Gecko; compatible; ClaudeBot/1.0; +claudebot@anthropic.com)" 8 **0/8116**
216.73.216.52 - - [11/Jan/2026:10:37:53 -0700] "GET /upload/941768052927.php?fileloc=%2Fhome%2Fni05r7l36tus%2Fpublic_html%2Fsumangalamcaterers.com%2Fupload%2F951751355199.jpeg&path=%2Fhome%2Fni05r7l36tus%2Fpublic_html%2Fsumangalamcaterers.com%2Fupload HTTP/2.0" 404 - "-" "Mozilla/5.0 AppleWebKit/537.36 (KHTML, like Gecko; compatible; ClaudeBot/1.0; +claudebot@anthropic.com)" 7 **0/7939**
216.73.216.52 - - [11/Jan/2026:10:37:53 -0700] "GET /upload/941768052927.php?fileloc=%2Fhome%2Fni05r7l36tus%2Fpublic_html%2Fsumangalamcaterers.com%2Fupload%2F1001751352247.jpeg&path=%2Fhome%2Fni05r7l36tus%2Fpublic_html%2Fsumangalamcaterers.com%2Fupload HTTP/2.0" 404 - "-" "Mozilla/5.0 AppleWebKit/537.36 (KHTML, like Gecko; compatible; ClaudeBot/1.0; +claudebot@anthropic.com)" 7 **0/7442**
216.73.216.52 - - [11/Jan/2026:10:37:54 -0700] "GET /upload/941768052927.php?fileloc=%2Fhome%2Fni05r7l36tus%2Fpublic_html%2Fsumangalamcaterers.com%2Fupload%2F631753845521.webp&path=%2Fhome%2Fni05r7l36tus%2Fpublic_html%2Fsumangalamcaterers.com%2Fupload HTTP/2.0" 404 - "-" "Mozilla/5.0 AppleWebKit/537.36 (KHTML, like Gecko; compatible; ClaudeBot/1.0; +claudebot@anthropic.com)" 10 **0/10818**
216.73.216.52 - - [11/Jan/2026:10:37:54 -0700] "GET /upload/941768052927.php?fileloc=%2Fhome%2Fni05r7l36tus%2Fpublic_html%2Fsumangalamcaterers.com%2Fupload%2F911753844947.webp&path=%2Fhome%2Fni05r7l36tus%2Fpublic_html%2Fsumangalamcaterers.com%2Fupload HTTP/2.0" 404 - "-" "Mozilla/5.0 AppleWebKit/537.36 (KHTML, like Gecko; compatible; ClaudeBot/1.0; +claudebot@anthropic.com)" 10 **0/10543**
114.119.143.75 - - [11/Jan/2026:10:38:29 -0700] "GET /?o=2470050 HTTP/1.1" 200 13988 "https://sumangalamcaterers.com/?sitemap-1.xml" "Mozilla/5.0 (Linux; Android 7.0;) AppleWebKit/537.36 (KHTML, like Gecko) Mobile Safari/537.36 (compatible; PetalBot;+https://webmaster.petalsearch.com/site/petalbot)" 37 **0/37111**
114.119.141.249 - - [11/Jan/2026:10:39:52 -0700] "GET /?o=2446169 HTTP/1.1" 200 13988 "https://sumangalamcaterers.com/sitemap4.xml" "Mozilla/5.0 (Linux; Android 7.0;) AppleWebKit/537.36 (KHTML, like Gecko) Mobile Safari/537.36 (compatible; PetalBot;+https://webmaster.petalsearch.com/site/petalbot)" 37 **0/37931**
66.249.79.73 - - [11/Jan/2026:10:40:46 -0700] "GET /contact-us/c/clothing?explicit=1&ref=breadcrumb_listing HTTP/1.1" 404 - "-" "Mozilla/5.0 (Linux; Android 6.0.1; Nexus 5X Build/MMB29P) AppleWebKit/537.36 (KHTML, like Gecko) Chrome/143.0.7499.192 Mobile Safari/537.36 (compatible; GoogleOther)" 6 **0/6999**
114.119.145.134 - - [11/Jan/2026:10:41:17 -0700] "GET /?o=242907 HTTP/1.1" 200 13988 "https://sumangalamcaterers.com/sitemap5.xml" "Mozilla/5.0 (Linux; Android 7.0;) AppleWebKit/537.36 (KHTML, like Gecko) Mobile Safari/537.36 (compatible; PetalBot;+https://webmaster.petalsearch.com/site/petalbot)" 62 **0/62160**
114.119.145.134 - - [11/Jan/2026:10:42:39 -0700] "GET /?o=2259446 HTTP/1.1" 200 13988 "https://sumangalamcaterers.com/sitemap4.xml" "Mozilla/5.0 (Linux; Android 7.0;) AppleWebKit/537.36 (KHTML, like Gecko) Mobile Safari/537.36 (compatible; PetalBot;+https://webmaster.petalsearch.com/site/petalbot)" 35 **0/35951**
114.119.143.75 - - [11/Jan/2026:10:44:05 -0700] "GET /?o=2150389 HTTP/1.1" 200 13988 "https://sumangalamcaterers.com/?sitemap-3.xml" "Mozilla/5.0 (Linux; Android 7.0;) AppleWebKit/537.36 (KHTML, like Gecko) Mobile Safari/537.36 (compatible; PetalBot;+https://webmaster.petalsearch.com/site/petalbot)" 57 **0/57236**
114.119.146.88 - - [11/Jan/2026:10:45:28 -0700] "GET /?o=185946 HTTP/1.1" 200 13988 "https://sumangalamcaterers.com/?sitemap-3.xml" "Mozilla/5.0 (Linux; Android 7.0;) AppleWebKit/537.36 (KHTML, like Gecko) Mobile Safari/537.36 (compatible; PetalBot;+https://webmaster.petalsearch.com/site/petalbot)" 52 **0/52796**
114.119.143.75 - - [11/Jan/2026:10:46:52 -0700] "GET /?o=159352 HTTP/1.1" 200 13988 "https://sumangalamcaterers.com/sitemap4.xml" "Mozilla/5.0 (Linux; Android 7.0;) AppleWebKit/537.36 (KHTML, like Gecko) Mobile Safari/537.36 (compatible; PetalBot;+https://webmaster.petalsearch.com/site/petalbot)" 78 **0/78518**
114.119.144.165 - - [11/Jan/2026:10:48:15 -0700] "GET /?o=1566842 HTTP/1.1" 200 13988 "https://sumangalamcaterers.com/?sitemap-4.xml" "Mozilla/5.0 (Linux; Android 7.0;) AppleWebKit/537.36 (KHTML, like Gecko) Mobile Safari/537.36 (compatible; PetalBot;+https://webmaster.petalsearch.com/site/petalbot)" 50 **0/50438**
114.119.146.88 - - [11/Jan/2026:10:49:37 -0700] "GET /?o=1421847 HTTP/1.1" 200 13988 "https://sumangalamcaterers.com/?sitemap-5.xml" "Mozilla/5.0 (Linux; Android 7.0;) AppleWebKit/537.36 (KHTML, like Gecko) Mobile Safari/537.36 (compatible; PetalBot;+https://webmaster.petalsearch.com/site/petalbot)" 53 **0/53243**
114.119.151.168 - - [11/Jan/2026:10:51:04 -0700] "GET /?o=1418109 HTTP/1.1" 200 13988 "https://sumangalamcaterers.com/?sitemap-5.xml" "Mozilla/5.0 (Linux; Android 7.0;) AppleWebKit/537.36 (KHTML, like Gecko) Mobile Safari/537.36 (compatible; PetalBot;+https://webmaster.petalsearch.com/site/petalbot)" 96 **0/96957**
114.119.141.249 - - [11/Jan/2026:10:52:26 -0700] "GET /?o=1317311 HTTP/1.1" 200 13988 "https://sumangalamcaterers.com/?sitemap-5.xml" "Mozilla/5.0 (Linux; Android 7.0;) AppleWebKit/537.36 (KHTML, like Gecko) Mobile Safari/537.36 (compatible; PetalBot;+https://webmaster.petalsearch.com/site/petalbot)" 58 **0/58650**
114.119.141.249 - - [11/Jan/2026:10:53:48 -0700] "GET /?o=1314391 HTTP/1.1" 200 13988 "https://sumangalamcaterers.com/?sitemap-4.xml" "Mozilla/5.0 (Linux; Android 7.0;) AppleWebKit/537.36 (KHTML, like Gecko) Mobile Safari/537.36 (compatible; PetalBot;+https://webmaster.petalsearch.com/site/petalbot)" 46 **0/46184**
114.119.143.75 - - [11/Jan/2026:10:55:12 -0700] "GET /?o=131241 HTTP/1.1" 200 13988 "https://sumangalamcaterers.com/sitemap3.xml" "Mozilla/5.0 (Linux; Android 7.0;) AppleWebKit/537.36 (KHTML, like Gecko) Mobile Safari/537.36 (compatible; PetalBot;+https://webmaster.petalsearch.com/site/petalbot)" 78 **0/78070**
114.119.128.154 - - [11/Jan/2026:10:56:39 -0700] "GET /?o=1312409 HTTP/1.1" 200 13988 "https://sumangalamcaterers.com/sitemap4.xml" "Mozilla/5.0 (Linux; Android 7.0;) AppleWebKit/537.36 (KHTML, like Gecko) Mobile Safari/537.36 (compatible; PetalBot;+https://webmaster.petalsearch.com/site/petalbot)" 598 **0/598492**
114.119.146.88 - - [11/Jan/2026:10:58:00 -0700] "GET /?o=1311752 HTTP/1.1" 200 13988 "https://sumangalamcaterers.com/sitemap4.xml" "Mozilla/5.0 (Linux; Android 7.0;) AppleWebKit/537.36 (KHTML, like Gecko) Mobile Safari/537.36 (compatible; PetalBot;+https://webmaster.petalsearch.com/site/petalbot)" 132 **0/132663**
216.73.216.52 - - [11/Jan/2026:10:58:27 -0700] "GET /good.php HTTP/2.0" 404 - "-" "Mozilla/5.0 AppleWebKit/537.36 (KHTML, like Gecko; compatible; ClaudeBot/1.0; +claudebot@anthropic.com)" 9 **0/9701**
114.119.130.110 - - [11/Jan/2026:10:59:23 -0700] "GET /?o=1310428 HTTP/1.1" 200 13988 "https://sumangalamcaterers.com/?sitemap-5.xml" "Mozilla/5.0 (Linux; Android 7.0;) AppleWebKit/537.36 (KHTML, like Gecko) Mobile Safari/537.36 (compatible; PetalBot;+https://webmaster.petalsearch.com/site/petalbot)" 53 **0/53461**
114.119.146.88 - - [11/Jan/2026:11:00:48 -0700] "GET /?o=1309906 HTTP/1.1" 200 13988 "https://sumangalamcaterers.com/sitemap3.xml" "Mozilla/5.0 (Linux; Android 7.0;) AppleWebKit/537.36 (KHTML, like Gecko) Mobile Safari/537.36 (compatible; PetalBot;+https://webmaster.petalsearch.com/site/petalbot)" 48 **0/48884**
216.73.216.52 - - [11/Jan/2026:11:01:14 -0700] "GET /robots.txt HTTP/2.0" 200 187 "-" "Mozilla/5.0 AppleWebKit/537.36 (KHTML, like Gecko; compatible; ClaudeBot/1.0; +claudebot@anthropic.com)" 10 **0/10598**
216.73.216.52 - - [11/Jan/2026:11:01:15 -0700] "GET / HTTP/2.0" 200 12550 "-" "Mozilla/5.0 AppleWebKit/537.36 (KHTML, like Gecko; compatible; ClaudeBot/1.0; +claudebot@anthropic.com)" 76 **0/76955**
216.73.216.52 - - [11/Jan/2026:11:01:15 -0700] "GET /main.php HTTP/2.0" 404 - "-" "Mozilla/5.0 AppleWebKit/537.36 (KHTML, like Gecko; compatible; ClaudeBot/1.0; +claudebot@anthropic.com)" 9 **0/9775**
114.119.130.110 - - [11/Jan/2026:11:02:13 -0700] "GET /?o=130863 HTTP/1.1" 200 13988 "https://sumangalamcaterers.com/sitemap5.xml" "Mozilla/5.0 (Linux; Android 7.0;) AppleWebKit/537.36 (KHTML, like Gecko) Mobile Safari/537.36 (compatible; PetalBot;+https://webmaster.petalsearch.com/site/petalbot)" 62 **0/62742**
114.119.128.154 - - [11/Jan/2026:11:03:35 -0700] "GET /?o=1306244 HTTP/1.1" 200 13988 "https://sumangalamcaterers.com/?sitemap-4.xml" "Mozilla/5.0 (Linux; Android 7.0;) AppleWebKit/537.36 (KHTML, like Gecko) Mobile Safari/537.36 (compatible; PetalBot;+https://webmaster.petalsearch.com/site/petalbot)" 70 **0/70983**
173.252.70.3 - - [11/Jan/2026:11:04:16 -0700] "GET /robots.txt HTTP/2.0" 206 2394 "-" "facebookexternalhit/1.1 (+http://www.facebook.com/externalhit_uatext.php)" 7 **0/7644**
114.119.144.165 - - [11/Jan/2026:11:04:59 -0700] "GET /?o=130461 HTTP/1.1" 200 13988 "https://sumangalamcaterers.com/?sitemap-3.xml" "Mozilla/5.0 (Linux; Android 7.0;) AppleWebKit/537.36 (KHTML, like Gecko) Mobile Safari/537.36 (compatible; PetalBot;+https://webmaster.petalsearch.com/site/petalbot)" 42 **0/42296**
57.141.0.39 - - [11/Jan/2026:11:05:44 -0700] "GET /contact.php HTTP/2.0" 200 36650 "-" "meta-externalagent/1.1 (+https://developers.facebook.com/docs/sharing/webmasters/crawler)" 37 **0/37962**
114.119.143.75 - - [11/Jan/2026:11:06:24 -0700] "GET /?o=1302076 HTTP/1.1" 200 13988 "https://sumangalamcaterers.com/?sitemap-3.xml" "Mozilla/5.0 (Linux; Android 7.0;) AppleWebKit/537.36 (KHTML, like Gecko) Mobile Safari/537.36 (compatible; PetalBot;+https://webmaster.petalsearch.com/site/petalbot)" 52 **0/52389**
114.119.145.134 - - [11/Jan/2026:11:07:45 -0700] "GET /?o=1301100 HTTP/1.1" 200 13988 "https://sumangalamcaterers.com/sitemap5.xml" "Mozilla/5.0 (Linux; Android 7.0;) AppleWebKit/537.36 (KHTML, like Gecko) Mobile Safari/537.36 (compatible; PetalBot;+https://webmaster.petalsearch.com/site/petalbot)" 37 **0/37742**
114.119.144.165 - - [11/Jan/2026:11:09:11 -0700] "GET /?o=1301074 HTTP/1.1" 200 13988 "https://sumangalamcaterers.com/?sitemap-1.xml" "Mozilla/5.0 (Linux; Android 7.0;) AppleWebKit/537.36 (KHTML, like Gecko) Mobile Safari/537.36 (compatible; PetalBot;+https://webmaster.petalsearch.com/site/petalbot)" 43 **0/43842**
114.119.143.75 - - [11/Jan/2026:11:10:36 -0700] "GET /?o=1300864 HTTP/1.1" 200 13988 "https://sumangalamcaterers.com/?sitemap-3.xml" "Mozilla/5.0 (Linux; Android 7.0;) AppleWebKit/537.36 (KHTML, like Gecko) Mobile Safari/537.36 (compatible; PetalBot;+https://webmaster.petalsearch.com/site/petalbot)" 50 **0/50890**
114.119.143.75 - - [11/Jan/2026:11:11:58 -0700] "GET /?o=1297515 HTTP/1.1" 200 13988 "https://sumangalamcaterers.com/?sitemap-4.xml" "Mozilla/5.0 (Linux; Android 7.0;) AppleWebKit/537.36 (KHTML, like Gecko) Mobile Safari/537.36 (compatible; PetalBot;+https://webmaster.petalsearch.com/site/petalbot)" 146 **0/146558**
114.119.145.134 - - [11/Jan/2026:11:13:20 -0700] "GET /?o=1294898 HTTP/1.1" 200 13988 "https://sumangalamcaterers.com/?sitemap-5.xml" "Mozilla/5.0 (Linux; Android 7.0;) AppleWebKit/537.36 (KHTML, like Gecko) Mobile Safari/537.36 (compatible; PetalBot;+https://webmaster.petalsearch.com/site/petalbot)" 60 **0/60334**
114.119.130.110 - - [11/Jan/2026:11:15:27 -0700] "GET /?o=1291284 HTTP/1.1" 200 13988 "https://sumangalamcaterers.com/?sitemap-2.xml" "Mozilla/5.0 (Linux; Android 7.0;) AppleWebKit/537.36 (KHTML, like Gecko) Mobile Safari/537.36 (compatible; PetalBot;+https://webmaster.petalsearch.com/site/petalbot)" 53 **0/53986**
114.119.130.110 - - [11/Jan/2026:11:16:09 -0700] "GET /?o=1287491 HTTP/1.1" 200 13988 "https://sumangalamcaterers.com/?sitemap-4.xml" "Mozilla/5.0 (Linux; Android 7.0;) AppleWebKit/537.36 (KHTML, like Gecko) Mobile Safari/537.36 (compatible; PetalBot;+https://webmaster.petalsearch.com/site/petalbot)" 60 **0/60906**
66.249.79.73 - - [11/Jan/2026:11:16:43 -0700] "GET /thread_ceremony.php HTTP/1.1" 200 84450 "-" "Mozilla/5.0 (compatible; Google-InspectionTool/1.0;)" 1492 **1/1492812**
66.249.79.75 - - [11/Jan/2026:11:16:43 -0700] "GET /thread_ceremony.php HTTP/1.1" 200 84450 "-" "Mozilla/5.0 (Linux; Android 6.0.1; Nexus 5X Build/MMB29P) AppleWebKit/537.36 (KHTML, like Gecko) Chrome/143.0.7499.169 Mobile Safari/537.36 (compatible; Google-InspectionTool/1.0;)" 1570 **1/1570775**
66.249.79.73 - - [11/Jan/2026:11:16:48 -0700] "GET /robots.txt HTTP/1.1" 200 187 "-" "Mozilla/5.0 (compatible; Googlebot/2.1; +http://www.google.com/bot.html)" 7 **0/7075**
66.249.79.73 - - [11/Jan/2026:11:16:48 -0700] "GET /images/1x1.gif?ch=1&rn=8.140765859279782 HTTP/1.1" 404 - "https://sumangalamcaterers.com/thread_ceremony.php" "Mozilla/5.0 (Linux; Android 6.0.1; Nexus 5X Build/MMB29P) AppleWebKit/537.36 (KHTML, like Gecko) Chrome/141.0.7390.122 Mobile Safari/537.36 (compatible; Google-InspectionTool/1.0)" 6 **0/6400**
66.249.79.74 - - [11/Jan/2026:11:16:48 -0700] "GET /images/1x1.gif?ch=2&rn=8.140765859279782 HTTP/1.1" 404 - "https://sumangalamcaterers.com/thread_ceremony.php" "Mozilla/5.0 (X11; Linux x86_64) AppleWebKit/537.36 (KHTML, like Gecko) Chrome/141.0.7390.122 Safari/537.36 (compatible; Google-InspectionTool/1.0)" 7 **0/7248**
66.249.79.73 - - [11/Jan/2026:11:16:48 -0700] "GET /images/1x1.gif?ch=1&rn=8.140765859279782 HTTP/1.1" 404 - "https://sumangalamcaterers.com/thread_ceremony.php" "Mozilla/5.0 (X11; Linux x86_64) AppleWebKit/537.36 (KHTML, like Gecko) Chrome/141.0.7390.122 Safari/537.36 (compatible; Google-InspectionTool/1.0)" 9 **0/9935**
66.249.79.73 - - [11/Jan/2026:11:16:48 -0700] "GET /images/1x1.gif?ch=2&rn=8.140765859279782 HTTP/1.1" 404 - "https://sumangalamcaterers.com/thread_ceremony.php" "Mozilla/5.0 (Linux; Android 6.0.1; Nexus 5X Build/MMB29P) AppleWebKit/537.36 (KHTML, like Gecko) Chrome/141.0.7390.122 Mobile Safari/537.36 (compatible; Google-InspectionTool/1.0)" 9 **0/9914**
66.249.79.74 - - [11/Jan/2026:11:16:49 -0700] "GET /api/v3/ajax/bespoke/public/neu/specs/catnav-mobile?log_performance_metrics=false&specs%5Bcatnav-mobile%5D%5B%5D=CategoryNav_V2_Mobile_ApiSpec_CategoryNav&specs%5Bcatnav-mobile%5D%5B1%5D%5Bmott_version%5D=&specs%5Bcatnav-mobile%5D%5B1%5D%5Bshow_sales%5D=false&specs%5Bcatnav-mobile%5D%5B1%5D%5Bcatnav_gift_guide%5D=control&specs%5Bcatnav-mobile%5D%5B1%5D%5Bgifting_catnav_flyout_js%5D=false&specs%5Bcatnav-mobile%5D%5B1%5D%5Bshould_show_registry_on_nav%5D=false&specs%5Bcatnav-mobile%5D%5B1%5D%5Bshould_use_gifting_taxos_in_nav_flyout%5D=false&specs%5Bcatnav-mobile%5D%5B1%5D%5Blocale%5D=&specs%5Bcatnav-mobile%5D%5B1%5D%5Bshould_use_buyer_taxo%5D=false HTTP/1.1" 404 - "https://sumangalamcaterers.com/thread_ceremony.php" "Mozilla/5.0 (Linux; Android 6.0.1; Nexus 5X Build/MMB29P) AppleWebKit/537.36 (KHTML, like Gecko) Chrome/141.0.7390.122 Mobile Safari/537.36 (compatible; Google-InspectionTool/1.0)" 8 **0/8771**
114.119.141.249 - - [11/Jan/2026:11:17:31 -0700] "GET /?o=1286463 HTTP/1.1" 200 13988 "https://sumangalamcaterers.com/?sitemap-1.xml" "Mozilla/5.0 (Linux; Android 7.0;) AppleWebKit/537.36 (KHTML, like Gecko) Mobile Safari/537.36 (compatible; PetalBot;+https://webmaster.petalsearch.com/site/petalbot)" 66 **0/66305**
216.73.216.52 - - [11/Jan/2026:11:18:46 -0700] "GET /main.php HTTP/2.0" 404 - "-" "Mozilla/5.0 AppleWebKit/537.36 (KHTML, like Gecko; compatible; ClaudeBot/1.0; +claudebot@anthropic.com)" 9 **0/9755**
216.73.216.52 - - [11/Jan/2026:11:18:46 -0700] "GET /good.php HTTP/2.0" 404 - "-" "Mozilla/5.0 AppleWebKit/537.36 (KHTML, like Gecko; compatible; ClaudeBot/1.0; +claudebot@anthropic.com)" 8 **0/8140**
216.73.216.52 - - [11/Jan/2026:11:18:46 -0700] "GET / HTTP/2.0" 200 12550 "-" "Mozilla/5.0 AppleWebKit/537.36 (KHTML, like Gecko; compatible; ClaudeBot/1.0; +claudebot@anthropic.com)" 78 **0/78916**
114.119.144.165 - - [11/Jan/2026:11:18:56 -0700] "GET /?o=1285221 HTTP/1.1" 200 13988 "https://sumangalamcaterers.com/sitemap4.xml" "Mozilla/5.0 (Linux; Android 7.0;) AppleWebKit/537.36 (KHTML, like Gecko) Mobile Safari/537.36 (compatible; PetalBot;+https://webmaster.petalsearch.com/site/petalbot)" 40 **0/40067**
66.249.79.135 - - [11/Jan/2026:11:19:17 -0700] "GET /img/m3.png HTTP/1.1" 200 448223 "-" "Googlebot-Image/1.0" 66 **0/66484**
114.119.151.168 - - [11/Jan/2026:11:20:18 -0700] "GET /?o=1283940 HTTP/1.1" 200 13988 "https://sumangalamcaterers.com/sitemap1.xml" "Mozilla/5.0 (Linux; Android 7.0;) AppleWebKit/537.36 (KHTML, like Gecko) Mobile Safari/537.36 (compatible; PetalBot;+https://webmaster.petalsearch.com/site/petalbot)" 70 **0/70106**
114.119.143.75 - - [11/Jan/2026:11:21:42 -0700] "GET /?o=1283940 HTTP/1.1" 200 13988 "https://sumangalamcaterers.com/sitemap1.xml" "Mozilla/5.0 (Linux; Android 7.0;) AppleWebKit/537.36 (KHTML, like Gecko) Mobile Safari/537.36 (compatible; PetalBot;+https://webmaster.petalsearch.com/site/petalbot)" 40 **0/40708**
114.119.128.154 - - [11/Jan/2026:11:23:06 -0700] "GET /?o=1282660 HTTP/1.1" 200 13988 "https://sumangalamcaterers.com/?sitemap-3.xml" "Mozilla/5.0 (Linux; Android 7.0;) AppleWebKit/537.36 (KHTML, like Gecko) Mobile Safari/537.36 (compatible; PetalBot;+https://webmaster.petalsearch.com/site/petalbot)" 40 **0/40961**
114.119.146.88 - - [11/Jan/2026:11:24:30 -0700] "GET /?o=128193 HTTP/1.1" 200 13988 "https://sumangalamcaterers.com/sitemap3.xml" "Mozilla/5.0 (Linux; Android 7.0;) AppleWebKit/537.36 (KHTML, like Gecko) Mobile Safari/537.36 (compatible; PetalBot;+https://webmaster.petalsearch.com/site/petalbot)" 83 **0/83890**
114.119.144.165 - - [11/Jan/2026:11:25:57 -0700] "GET /?o=1281199 HTTP/1.1" 200 13988 "https://sumangalamcaterers.com/?sitemap-1.xml" "Mozilla/5.0 (Linux; Android 7.0;) AppleWebKit/537.36 (KHTML, like Gecko) Mobile Safari/537.36 (compatible; PetalBot;+https://webmaster.petalsearch.com/site/petalbot)" 72 **0/72410**
114.119.146.88 - - [11/Jan/2026:11:27:17 -0700] "GET /?o=1280273 HTTP/1.1" 200 13988 "https://sumangalamcaterers.com/sitemap1.xml" "Mozilla/5.0 (Linux; Android 7.0;) AppleWebKit/537.36 (KHTML, like Gecko) Mobile Safari/537.36 (compatible; PetalBot;+https://webmaster.petalsearch.com/site/petalbot)" 74 **0/74986**
114.119.141.249 - - [11/Jan/2026:11:28:42 -0700] "GET /?o=1279956 HTTP/1.1" 200 13988 "https://sumangalamcaterers.com/?sitemap-1.xml" "Mozilla/5.0 (Linux; Android 7.0;) AppleWebKit/537.36 (KHTML, like Gecko) Mobile Safari/537.36 (compatible; PetalBot;+https://webmaster.petalsearch.com/site/petalbot)" 75 **0/75634**
114.119.141.249 - - [11/Jan/2026:11:30:04 -0700] "GET /?o=1276303 HTTP/1.1" 200 13988 "https://sumangalamcaterers.com/sitemap3.xml" "Mozilla/5.0 (Linux; Android 7.0;) AppleWebKit/537.36 (KHTML, like Gecko) Mobile Safari/537.36 (compatible; PetalBot;+https://webmaster.petalsearch.com/site/petalbot)" 228 **0/228944**
114.119.130.110 - - [11/Jan/2026:11:31:28 -0700] "GET /?o=1269940 HTTP/1.1" 200 13988 "https://sumangalamcaterers.com/?sitemap-3.xml" "Mozilla/5.0 (Linux; Android 7.0;) AppleWebKit/537.36 (KHTML, like Gecko) Mobile Safari/537.36 (compatible; PetalBot;+https://webmaster.petalsearch.com/site/petalbot)" 58 **0/58444**
114.119.128.154 - - [11/Jan/2026:11:32:52 -0700] "GET /?o=1269301 HTTP/1.1" 200 13988 "https://sumangalamcaterers.com/?sitemap-1.xml" "Mozilla/5.0 (Linux; Android 7.0;) AppleWebKit/537.36 (KHTML, like Gecko) Mobile Safari/537.36 (compatible; PetalBot;+https://webmaster.petalsearch.com/site/petalbot)" 38 **0/38754**
66.249.79.135 - - [11/Jan/2026:11:34:10 -0700] "GET /thread_ceremony.php HTTP/1.1" 200 84450 "-" "Mozilla/5.0 (Linux; Android 6.0.1; Nexus 5X Build/MMB29P) AppleWebKit/537.36 (KHTML, like Gecko) Chrome/143.0.7499.192 Mobile Safari/537.36 (compatible; Googlebot/2.1; +http://www.google.com/bot.html)" 1525 **1/1525874**
114.119.151.168 - - [11/Jan/2026:11:34:16 -0700] "GET /?o=1267790 HTTP/1.1" 200 13988 "https://sumangalamcaterers.com/sitemap3.xml" "Mozilla/5.0 (Linux; Android 7.0;) AppleWebKit/537.36 (KHTML, like Gecko) Mobile Safari/537.36 (compatible; PetalBot;+https://webmaster.petalsearch.com/site/petalbot)" 65 **0/65709**
114.119.143.75 - - [11/Jan/2026:11:35:40 -0700] "GET /?o=126339 HTTP/1.1" 200 13988 "https://sumangalamcaterers.com/?sitemap-4.xml" "Mozilla/5.0 (Linux; Android 7.0;) AppleWebKit/537.36 (KHTML, like Gecko) Mobile Safari/537.36 (compatible; PetalBot;+https://webmaster.petalsearch.com/site/petalbot)" 79 **0/79322**
77.246.104.103 - - [11/Jan/2026:11:36:16 -0700] "GET / HTTP/1.1" 200 13988 "-" "Mozilla/5.0 (Windows NT 10.0; Win64; x64) AppleWebKit/537.36" 130 **0/130301**
114.119.143.75 - - [11/Jan/2026:11:37:03 -0700] "GET /?o=1262857 HTTP/1.1" 200 13988 "https://sumangalamcaterers.com/?sitemap-4.xml" "Mozilla/5.0 (Linux; Android 7.0;) AppleWebKit/537.36 (KHTML, like Gecko) Mobile Safari/537.36 (compatible; PetalBot;+https://webmaster.petalsearch.com/site/petalbot)" 44 **0/44389**
114.119.144.165 - - [11/Jan/2026:11:38:27 -0700] "GET /?o=1261061 HTTP/1.1" 200 13988 "https://sumangalamcaterers.com/?sitemap-1.xml" "Mozilla/5.0 (Linux; Android 7.0;) AppleWebKit/537.36 (KHTML, like Gecko) Mobile Safari/537.36 (compatible; PetalBot;+https://webmaster.petalsearch.com/site/petalbot)" 57 **0/57163**
114.119.144.165 - - [11/Jan/2026:11:39:51 -0700] "GET /?o=1259333 HTTP/1.1" 200 13988 "https://sumangalamcaterers.com/?sitemap-2.xml" "Mozilla/5.0 (Linux; Android 7.0;) AppleWebKit/537.36 (KHTML, like Gecko) Mobile Safari/537.36 (compatible; PetalBot;+https://webmaster.petalsearch.com/site/petalbot)" 46 **0/46091**
198.235.24.40 - - [11/Jan/2026:11:41:10 -0700] "GET / HTTP/1.1" 200 83615 "-" "-" 68 **0/68007**
114.119.128.154 - - [11/Jan/2026:11:41:15 -0700] "GET /?o=125742 HTTP/1.1" 200 13988 "https://sumangalamcaterers.com/?sitemap-1.xml" "Mozilla/5.0 (Linux; Android 7.0;) AppleWebKit/537.36 (KHTML, like Gecko) Mobile Safari/537.36 (compatible; PetalBot;+https://webmaster.petalsearch.com/site/petalbot)" 105 **0/105393**
216.73.216.52 - - [11/Jan/2026:11:41:20 -0700] "GET / HTTP/2.0" 200 12550 "-" "Mozilla/5.0 AppleWebKit/537.36 (KHTML, like Gecko; compatible; ClaudeBot/1.0; +claudebot@anthropic.com)" 104 **0/104889**
114.119.146.88 - - [11/Jan/2026:11:42:39 -0700] "GET /?o=1255838 HTTP/1.1" 200 13988 "https://sumangalamcaterers.com/sitemap2.xml" "Mozilla/5.0 (Linux; Android 7.0;) AppleWebKit/537.36 (KHTML, like Gecko) Mobile Safari/537.36 (compatible; PetalBot;+https://webmaster.petalsearch.com/site/petalbot)" 53 **0/53647**
114.119.145.134 - - [11/Jan/2026:11:44:04 -0700] "GET /?o=1254903 HTTP/1.1" 200 13988 "https://sumangalamcaterers.com/?sitemap-3.xml" "Mozilla/5.0 (Linux; Android 7.0;) AppleWebKit/537.36 (KHTML, like Gecko) Mobile Safari/537.36 (compatible; PetalBot;+https://webmaster.petalsearch.com/site/petalbot)" 45 **0/45079**
216.73.216.52 - - [11/Jan/2026:11:44:33 -0700] "GET /sitemap2.xml HTTP/2.0" 404 - "-" "Mozilla/5.0 AppleWebKit/537.36 (KHTML, like Gecko; compatible; ClaudeBot/1.0; +claudebot@anthropic.com)" 7 **0/7557**
114.119.151.168 - - [11/Jan/2026:11:45:26 -0700] "GET /?o=1253035 HTTP/1.1" 200 13988 "https://sumangalamcaterers.com/?sitemap-3.xml" "Mozilla/5.0 (Linux; Android 7.0;) AppleWebKit/537.36 (KHTML, like Gecko) Mobile Safari/537.36 (compatible; PetalBot;+https://webmaster.petalsearch.com/site/petalbot)" 85 **0/85747**
216.73.216.52 - - [11/Jan/2026:11:46:13 -0700] "GET /main.php HTTP/2.0" 404 - "-" "Mozilla/5.0 AppleWebKit/537.36 (KHTML, like Gecko; compatible; ClaudeBot/1.0; +claudebot@anthropic.com)" 10 **0/10580**
114.119.130.110 - - [11/Jan/2026:11:46:54 -0700] "GET /?o=1251717 HTTP/1.1" 200 13988 "https://sumangalamcaterers.com/sitemap3.xml" "Mozilla/5.0 (Linux; Android 7.0;) AppleWebKit/537.36 (KHTML, like Gecko) Mobile Safari/537.36 (compatible; PetalBot;+https://webmaster.petalsearch.com/site/petalbot)" 68 **0/68429**
216.73.216.52 - - [11/Jan/2026:11:47:28 -0700] "GET /good.php HTTP/2.0" 404 - "-" "Mozilla/5.0 AppleWebKit/537.36 (KHTML, like Gecko; compatible; ClaudeBot/1.0; +claudebot@anthropic.com)" 12 **0/12230**
114.119.151.168 - - [11/Jan/2026:11:48:14 -0700] "GET /?o=1250487 HTTP/1.1" 200 13988 "https://sumangalamcaterers.com/sitemap4.xml" "Mozilla/5.0 (Linux; Android 7.0;) AppleWebKit/537.36 (KHTML, like Gecko) Mobile Safari/537.36 (compatible; PetalBot;+https://webmaster.petalsearch.com/site/petalbot)" 63 **0/63366**
114.119.128.154 - - [11/Jan/2026:11:49:36 -0700] "GET /?o=1248661 HTTP/1.1" 200 13988 "https://sumangalamcaterers.com/?sitemap-3.xml" "Mozilla/5.0 (Linux; Android 7.0;) AppleWebKit/537.36 (KHTML, like Gecko) Mobile Safari/537.36 (compatible; PetalBot;+https://webmaster.petalsearch.com/site/petalbot)" 48 **0/48753**
114.119.146.88 - - [11/Jan/2026:11:51:01 -0700] "GET /?o=1247474 HTTP/1.1" 200 13988 "https://sumangalamcaterers.com/sitemap1.xml" "Mozilla/5.0 (Linux; Android 7.0;) AppleWebKit/537.36 (KHTML, like Gecko) Mobile Safari/537.36 (compatible; PetalBot;+https://webmaster.petalsearch.com/site/petalbot)" 137 **0/137171**
114.119.130.110 - - [11/Jan/2026:11:52:28 -0700] "GET /?o=1246797 HTTP/1.1" 200 13988 "https://sumangalamcaterers.com/?sitemap-1.xml" "Mozilla/5.0 (Linux; Android 7.0;) AppleWebKit/537.36 (KHTML, like Gecko) Mobile Safari/537.36 (compatible; PetalBot;+https://webmaster.petalsearch.com/site/petalbot)" 39 **0/39918**
114.119.144.165 - - [11/Jan/2026:11:53:48 -0700] "GET /?o=1245882 HTTP/1.1" 200 13988 "https://sumangalamcaterers.com/?sitemap-3.xml" "Mozilla/5.0 (Linux; Android 7.0;) AppleWebKit/537.36 (KHTML, like Gecko) Mobile Safari/537.36 (compatible; PetalBot;+https://webmaster.petalsearch.com/site/petalbot)" 67 **0/67710**
