191.6.79.31 - - [11/Jan/2026:14:04:54 -0700] "GET /sitemap2.xml HTTP/1.1" 404 - "-" "Mozilla/5.0 (Windows NT 6.1) AppleWebKit/534.30 (KHTML, like Gecko) Chrome/12.0.742.113 Safari/534.30" 6 **0/6012**
167.249.102.130 - - [11/Jan/2026:14:05:03 -0700] "GET /main.php?sitemap-7.xml HTTP/1.1" 404 - "-" "Mozilla/5.0 (X11; Linux i686) AppleWebKit/535.2 (KHTML, like Gecko) Ubuntu/11.10 Chromium/15.0.874.120 Chrome/15.0.874.120 Safari/535.2" 7 **0/7605**
41.73.99.19 - - [11/Jan/2026:14:05:07 -0700] "GET /good.php?sitemap5.xml HTTP/1.1" 404 - "-" "Mozilla/5.0 (X11; OpenBSD amd64; rv:28.0) Gecko/20100101 Firefox/28.0" 14 **0/14108**
114.119.146.88 - - [11/Jan/2026:14:05:08 -0700] "GET /?o=4622908 HTTP/1.1" 200 13988 "https://sumangalamcaterers.com/?sitemap-2.xml" "Mozilla/5.0 (Linux; Android 7.0;) AppleWebKit/537.36 (KHTML, like Gecko) Mobile Safari/537.36 (compatible; PetalBot;+https://webmaster.petalsearch.com/site/petalbot)" 76 **0/76061**
202.76.174.233 - - [11/Jan/2026:14:05:09 -0700] "GET /sitemap1.xml HTTP/1.1" 404 - "-" "Mozilla/5.0 (X11; FreeBSD x86_64; rv:2.0) Gecko/20100101 Firefox/3.6.12" 6 **0/6933**
146.174.177.73 - - [11/Jan/2026:14:05:46 -0700] "GET /main.php?sitemap-4.xml HTTP/1.1" 404 - "-" "Mozilla/5.0 (Windows; U; Windows NT 6.0; sv-SE; rv:1.9.2.12) Gecko/20101026 Firefox/3.6.12" 9 **0/9439**
146.174.174.119 - - [11/Jan/2026:14:06:25 -0700] "GET /good.php?sitemap3.xml HTTP/1.1" 404 - "-" "Mozilla/5.0 (X11; U; Linux i686; ko-KR; rv:1.9.2.3) Gecko/20100423 Ubuntu/10.04 (lucid) Firefox/3.6.3" 8 **0/8395**
114.119.151.168 - - [11/Jan/2026:14:06:31 -0700] "GET /?o=4605521 HTTP/1.1" 200 13988 "https://sumangalamcaterers.com/?sitemap-4.xml" "Mozilla/5.0 (Linux; Android 7.0;) AppleWebKit/537.36 (KHTML, like Gecko) Mobile Safari/537.36 (compatible; PetalBot;+https://webmaster.petalsearch.com/site/petalbot)" 63 **0/63909**
202.76.168.198 - - [11/Jan/2026:14:06:50 -0700] "GET /good.php?sitemap.xml HTTP/1.1" 404 - "-" "mozilla/3.0 (Windows NT 6.1; rv:2.0.1) Gecko/20100101 Firefox/5.0.1" 15 **0/15532**
114.119.130.110 - - [11/Jan/2026:14:07:54 -0700] "GET /?o=4592934 HTTP/1.1" 200 13988 "https://sumangalamcaterers.com/?sitemap-3.xml" "Mozilla/5.0 (Linux; Android 7.0;) AppleWebKit/537.36 (KHTML, like Gecko) Mobile Safari/537.36 (compatible; PetalBot;+https://webmaster.petalsearch.com/site/petalbot)" 52 **0/52500**
216.73.216.52 - - [11/Jan/2026:14:08:24 -0700] "GET /main.php HTTP/2.0" 404 - "-" "Mozilla/5.0 AppleWebKit/537.36 (KHTML, like Gecko; compatible; ClaudeBot/1.0; +claudebot@anthropic.com)" 10 **0/10156**
114.119.144.165 - - [11/Jan/2026:14:09:19 -0700] "GET /?o=4591216 HTTP/1.1" 200 13988 "https://sumangalamcaterers.com/sitemap1.xml" "Mozilla/5.0 (Linux; Android 7.0;) AppleWebKit/537.36 (KHTML, like Gecko) Mobile Safari/537.36 (compatible; PetalBot;+https://webmaster.petalsearch.com/site/petalbot)" 54 **0/54787**
202.76.142.201 - - [11/Jan/2026:14:09:22 -0700] "GET /good.php?sitemap4.xml HTTP/1.1" 404 - "-" "Mozilla/5.0 (Windows; U; Windows NT 5.1; en-US) AppleWebKit/532.8 (KHTML, like Gecko) Chrome/4.0.288.1 Safari/532.8" 7 **0/7248**
181.46.137.230 - - [11/Jan/2026:14:09:46 -0700] "GET /main.php?sitemap-1.xml HTTP/1.1" 404 - "-" "Mozilla/5.0 (X11; U; Linux i686; en-US; rv:1.9.2.15) Gecko/20110303 Ubuntu/10.04 (lucid) Firefox/3.6.15 FirePHP/0.5" 10 **0/10089**
114.119.141.249 - - [11/Jan/2026:14:10:43 -0700] "GET /?o=4579372 HTTP/1.1" 200 13988 "https://sumangalamcaterers.com/sitemap2.xml" "Mozilla/5.0 (Linux; Android 7.0;) AppleWebKit/537.36 (KHTML, like Gecko) Mobile Safari/537.36 (compatible; PetalBot;+https://webmaster.petalsearch.com/site/petalbot)" 45 **0/45432**
114.119.151.168 - - [11/Jan/2026:14:12:05 -0700] "GET /?o=4578650 HTTP/1.1" 200 13988 "https://sumangalamcaterers.com/sitemap4.xml" "Mozilla/5.0 (Linux; Android 7.0;) AppleWebKit/537.36 (KHTML, like Gecko) Mobile Safari/537.36 (compatible; PetalBot;+https://webmaster.petalsearch.com/site/petalbot)" 82 **0/82785**
216.73.216.52 - - [11/Jan/2026:14:12:44 -0700] "GET /robots.txt HTTP/2.0" 200 187 "-" "Mozilla/5.0 AppleWebKit/537.36 (KHTML, like Gecko; compatible; ClaudeBot/1.0; +claudebot@anthropic.com)" 8 **0/8237**
216.73.216.52 - - [11/Jan/2026:14:12:44 -0700] "GET /sitemap2.xml HTTP/2.0" 404 - "-" "Mozilla/5.0 AppleWebKit/537.36 (KHTML, like Gecko; compatible; ClaudeBot/1.0; +claudebot@anthropic.com)" 8 **0/8362**
114.119.151.168 - - [11/Jan/2026:14:13:29 -0700] "GET /?o=4550730 HTTP/1.1" 200 13988 "https://sumangalamcaterers.com/?sitemap-3.xml" "Mozilla/5.0 (Linux; Android 7.0;) AppleWebKit/537.36 (KHTML, like Gecko) Mobile Safari/537.36 (compatible; PetalBot;+https://webmaster.petalsearch.com/site/petalbot)" 43 **0/43371**
216.73.216.52 - - [11/Jan/2026:14:14:22 -0700] "GET / HTTP/2.0" 200 12550 "-" "Mozilla/5.0 AppleWebKit/537.36 (KHTML, like Gecko; compatible; ClaudeBot/1.0; +claudebot@anthropic.com)" 43 **0/43121**
114.119.141.249 - - [11/Jan/2026:14:14:52 -0700] "GET /?o=4547151 HTTP/1.1" 200 13988 "https://sumangalamcaterers.com/?sitemap-3.xml" "Mozilla/5.0 (Linux; Android 7.0;) AppleWebKit/537.36 (KHTML, like Gecko) Mobile Safari/537.36 (compatible; PetalBot;+https://webmaster.petalsearch.com/site/petalbot)" 70 **0/70532**
114.119.151.168 - - [11/Jan/2026:14:16:16 -0700] "GET /?o=4537260 HTTP/1.1" 200 13988 "https://sumangalamcaterers.com/sitemap3.xml" "Mozilla/5.0 (Linux; Android 7.0;) AppleWebKit/537.36 (KHTML, like Gecko) Mobile Safari/537.36 (compatible; PetalBot;+https://webmaster.petalsearch.com/site/petalbot)" 77 **0/77423**
216.73.216.52 - - [11/Jan/2026:14:16:28 -0700] "GET /good.php HTTP/2.0" 404 - "-" "Mozilla/5.0 AppleWebKit/537.36 (KHTML, like Gecko; compatible; ClaudeBot/1.0; +claudebot@anthropic.com)" 7 **0/7906**
114.119.146.88 - - [11/Jan/2026:14:17:40 -0700] "GET /?o=4525678 HTTP/1.1" 200 13988 "https://sumangalamcaterers.com/sitemap1.xml" "Mozilla/5.0 (Linux; Android 7.0;) AppleWebKit/537.36 (KHTML, like Gecko) Mobile Safari/537.36 (compatible; PetalBot;+https://webmaster.petalsearch.com/site/petalbot)" 56 **0/56654**
114.119.128.154 - - [11/Jan/2026:14:19:04 -0700] "GET /?o=4516283 HTTP/1.1" 200 13988 "https://sumangalamcaterers.com/?sitemap-2.xml" "Mozilla/5.0 (Linux; Android 7.0;) AppleWebKit/537.36 (KHTML, like Gecko) Mobile Safari/537.36 (compatible; PetalBot;+https://webmaster.petalsearch.com/site/petalbot)" 46 **0/46049**
114.119.146.88 - - [11/Jan/2026:14:20:28 -0700] "GET /?o=4509360 HTTP/1.1" 200 13988 "https://sumangalamcaterers.com/sitemap1.xml" "Mozilla/5.0 (Linux; Android 7.0;) AppleWebKit/537.36 (KHTML, like Gecko) Mobile Safari/537.36 (compatible; PetalBot;+https://webmaster.petalsearch.com/site/petalbot)" 45 **0/45964**
114.119.143.75 - - [11/Jan/2026:14:21:53 -0700] "GET /?o=4508602 HTTP/1.1" 200 13988 "https://sumangalamcaterers.com/?sitemap-3.xml" "Mozilla/5.0 (Linux; Android 7.0;) AppleWebKit/537.36 (KHTML, like Gecko) Mobile Safari/537.36 (compatible; PetalBot;+https://webmaster.petalsearch.com/site/petalbot)" 59 **0/59054**
114.119.146.88 - - [11/Jan/2026:14:23:16 -0700] "GET /?o=4498906 HTTP/1.1" 200 13988 "https://sumangalamcaterers.com/?sitemap-4.xml" "Mozilla/5.0 (Linux; Android 7.0;) AppleWebKit/537.36 (KHTML, like Gecko) Mobile Safari/537.36 (compatible; PetalBot;+https://webmaster.petalsearch.com/site/petalbot)" 43 **0/43338**
114.119.128.154 - - [11/Jan/2026:14:24:40 -0700] "GET /?o=4483130 HTTP/1.1" 200 13988 "https://sumangalamcaterers.com/?sitemap-4.xml" "Mozilla/5.0 (Linux; Android 7.0;) AppleWebKit/537.36 (KHTML, like Gecko) Mobile Safari/537.36 (compatible; PetalBot;+https://webmaster.petalsearch.com/site/petalbot)" 64 **0/64349**
114.119.145.134 - - [11/Jan/2026:14:26:02 -0700] "GET /?o=4468598 HTTP/1.1" 200 13988 "https://sumangalamcaterers.com/?sitemap-3.xml" "Mozilla/5.0 (Linux; Android 7.0;) AppleWebKit/537.36 (KHTML, like Gecko) Mobile Safari/537.36 (compatible; PetalBot;+https://webmaster.petalsearch.com/site/petalbot)" 71 **0/71354**
114.119.146.88 - - [11/Jan/2026:14:27:26 -0700] "GET /?o=4447567 HTTP/1.1" 200 13988 "https://sumangalamcaterers.com/?sitemap-2.xml" "Mozilla/5.0 (Linux; Android 7.0;) AppleWebKit/537.36 (KHTML, like Gecko) Mobile Safari/537.36 (compatible; PetalBot;+https://webmaster.petalsearch.com/site/petalbot)" 121 **0/121942**
114.119.146.88 - - [11/Jan/2026:14:28:51 -0700] "GET /?o=4440759 HTTP/1.1" 200 13988 "https://sumangalamcaterers.com/sitemap3.xml" "Mozilla/5.0 (Linux; Android 7.0;) AppleWebKit/537.36 (KHTML, like Gecko) Mobile Safari/537.36 (compatible; PetalBot;+https://webmaster.petalsearch.com/site/petalbot)" 173 **0/173019**
168.194.235.236 - - [11/Jan/2026:14:28:56 -0700] "GET /good.php?sitemap-3.xml HTTP/1.1" 404 - "-" "Mozilla/5.0 (Macintosh; Intel Mac OS X 10_7_2) AppleWebKit/535.1 (KHTML, like Gecko) Chrome/14.0.834.0 Safari/535.1" 7 **0/7186**
114.119.145.134 - - [11/Jan/2026:14:30:13 -0700] "GET /?o=4437901 HTTP/1.1" 200 13988 "https://sumangalamcaterers.com/?sitemap-4.xml" "Mozilla/5.0 (Linux; Android 7.0;) AppleWebKit/537.36 (KHTML, like Gecko) Mobile Safari/537.36 (compatible; PetalBot;+https://webmaster.petalsearch.com/site/petalbot)" 288 **0/288525**
202.76.173.5 - - [11/Jan/2026:14:30:54 -0700] "GET /main.php?sitemap-14.xml HTTP/1.1" 404 - "-" "Mozilla/5.0 (Windows; U; Windows NT 5.1; zh-CN; rv:1.9.2.8) Gecko/20100722 Firefox/3.6.8" 10 **0/10350**
151.244.146.155 - - [11/Jan/2026:14:31:17 -0700] "GET /?sitemap-1.xml HTTP/1.1" 200 13988 "-" "Mozilla/5.0 (Windows NT 6.1) AppleWebKit/535.2 (KHTML, like Gecko) Chrome/18.6.872.0 Safari/535.2 UNTRUSTED/1.0 3gpp-gba UNTRUSTED/1.0" 84 **0/84429**
114.119.141.249 - - [11/Jan/2026:14:31:38 -0700] "GET /?o=4394320 HTTP/1.1" 200 13988 "https://sumangalamcaterers.com/?sitemap-1.xml" "Mozilla/5.0 (Linux; Android 7.0;) AppleWebKit/537.36 (KHTML, like Gecko) Mobile Safari/537.36 (compatible; PetalBot;+https://webmaster.petalsearch.com/site/petalbot)" 75 **0/75258**
114.119.128.154 - - [11/Jan/2026:14:33:01 -0700] "GET /?o=4381418 HTTP/1.1" 200 13988 "https://sumangalamcaterers.com/sitemap1.xml" "Mozilla/5.0 (Linux; Android 7.0;) AppleWebKit/537.36 (KHTML, like Gecko) Mobile Safari/537.36 (compatible; PetalBot;+https://webmaster.petalsearch.com/site/petalbot)" 142 **0/142722**
216.73.216.52 - - [11/Jan/2026:14:33:06 -0700] "GET /good.php HTTP/2.0" 404 - "-" "Mozilla/5.0 AppleWebKit/537.36 (KHTML, like Gecko; compatible; ClaudeBot/1.0; +claudebot@anthropic.com)" 13 **0/13777**
216.73.216.52 - - [11/Jan/2026:14:33:38 -0700] "GET /main.php HTTP/2.0" 404 - "-" "Mozilla/5.0 AppleWebKit/537.36 (KHTML, like Gecko; compatible; ClaudeBot/1.0; +claudebot@anthropic.com)" 18 **0/18144**
114.119.143.75 - - [11/Jan/2026:14:34:25 -0700] "GET /?o=4360815 HTTP/1.1" 200 13988 "https://sumangalamcaterers.com/sitemap3.xml" "Mozilla/5.0 (Linux; Android 7.0;) AppleWebKit/537.36 (KHTML, like Gecko) Mobile Safari/537.36 (compatible; PetalBot;+https://webmaster.petalsearch.com/site/petalbot)" 68 **0/68083**
114.119.151.168 - - [11/Jan/2026:14:35:48 -0700] "GET /?o=4360170 HTTP/1.1" 200 13988 "https://sumangalamcaterers.com/?sitemap-3.xml" "Mozilla/5.0 (Linux; Android 7.0;) AppleWebKit/537.36 (KHTML, like Gecko) Mobile Safari/537.36 (compatible; PetalBot;+https://webmaster.petalsearch.com/site/petalbot)" 81 **0/81056**
66.249.79.73 - - [11/Jan/2026:14:36:06 -0700] "GET /thread_ceremony.phpfr?locale_override=EUR%7Cfr%7CFR HTTP/1.1" 404 - "-" "Mozilla/5.0 (Linux; Android 6.0.1; Nexus 5X Build/MMB29P) AppleWebKit/537.36 (KHTML, like Gecko) Chrome/143.0.7499.192 Mobile Safari/537.36 (compatible; GoogleOther)" 8 **0/8089**
114.119.144.165 - - [11/Jan/2026:14:37:12 -0700] "GET /?o=4356745 HTTP/1.1" 200 13988 "https://sumangalamcaterers.com/sitemap1.xml" "Mozilla/5.0 (Linux; Android 7.0;) AppleWebKit/537.36 (KHTML, like Gecko) Mobile Safari/537.36 (compatible; PetalBot;+https://webmaster.petalsearch.com/site/petalbot)" 54 **0/54919**
216.73.216.52 - - [11/Jan/2026:14:37:54 -0700] "GET /sitemap2.xml HTTP/2.0" 404 - "-" "Mozilla/5.0 AppleWebKit/537.36 (KHTML, like Gecko; compatible; ClaudeBot/1.0; +claudebot@anthropic.com)" 9 **0/9430**
114.119.130.110 - - [11/Jan/2026:14:38:37 -0700] "GET /?o=4356133 HTTP/1.1" 200 13988 "https://sumangalamcaterers.com/?sitemap-3.xml" "Mozilla/5.0 (Linux; Android 7.0;) AppleWebKit/537.36 (KHTML, like Gecko) Mobile Safari/537.36 (compatible; PetalBot;+https://webmaster.petalsearch.com/site/petalbot)" 41 **0/41781**
66.249.79.75 - - [11/Jan/2026:14:39:13 -0700] "GET /contact.php HTTP/1.1" 200 6416 "-" "Mozilla/5.0 (Linux; Android 6.0.1; Nexus 5X Build/MMB29P) AppleWebKit/537.36 (KHTML, like Gecko) Chrome/143.0.7499.192 Mobile Safari/537.36 (compatible; GoogleOther)" 32 **0/32078**
216.73.216.52 - - [11/Jan/2026:14:39:28 -0700] "GET / HTTP/2.0" 200 12550 "-" "Mozilla/5.0 AppleWebKit/537.36 (KHTML, like Gecko; compatible; ClaudeBot/1.0; +claudebot@anthropic.com)" 55 **0/55584**
114.119.146.88 - - [11/Jan/2026:14:39:59 -0700] "GET /?o=4335724 HTTP/1.1" 200 13988 "https://sumangalamcaterers.com/?sitemap-1.xml" "Mozilla/5.0 (Linux; Android 7.0;) AppleWebKit/537.36 (KHTML, like Gecko) Mobile Safari/537.36 (compatible; PetalBot;+https://webmaster.petalsearch.com/site/petalbot)" 52 **0/52968**
216.73.216.52 - - [11/Jan/2026:14:40:36 -0700] "GET /sitemap1.xml HTTP/2.0" 404 - "-" "Mozilla/5.0 AppleWebKit/537.36 (KHTML, like Gecko; compatible; ClaudeBot/1.0; +claudebot@anthropic.com)" 8 **0/8433**
114.119.145.134 - - [11/Jan/2026:14:41:23 -0700] "GET /?o=4309490 HTTP/1.1" 200 13988 "https://sumangalamcaterers.com/?sitemap-2.xml" "Mozilla/5.0 (Linux; Android 7.0;) AppleWebKit/537.36 (KHTML, like Gecko) Mobile Safari/537.36 (compatible; PetalBot;+https://webmaster.petalsearch.com/site/petalbot)" 38 **0/38001**
122.192.32.174 - - [11/Jan/2026:14:41:41 -0700] "GET / HTTP/2.0" 200 12550 "-" "Mozilla/5.0 (Macintosh; Intel Mac OS X 10_15_7) AppleWebKit/537.36 (KHTML, like Gecko) Chrome/131.0.0.0 Safari/537.36" 45 **0/45961**
122.192.32.174 - - [11/Jan/2026:14:41:41 -0700] "GET /sumangalamcaterers.com/jquery-3.7.1.min.js HTTP/2.0" 404 - "https://sumangalamcaterers.com/" "Mozilla/5.0 (Macintosh; Intel Mac OS X 10_15_7) AppleWebKit/537.36 (KHTML, like Gecko) Chrome/131.0.0.0 Safari/537.36" 6 **0/6577**
122.192.32.174 - - [11/Jan/2026:14:41:41 -0700] "GET /whatsapp/whatsapp.css HTTP/2.0" 200 2324 "https://sumangalamcaterers.com/" "Mozilla/5.0 (Macintosh; Intel Mac OS X 10_15_7) AppleWebKit/537.36 (KHTML, like Gecko) Chrome/131.0.0.0 Safari/537.36" 13 **0/13623**
122.192.32.174 - - [11/Jan/2026:14:41:41 -0700] "GET /assets/css/app.min.css HTTP/2.0" 200 30387 "https://sumangalamcaterers.com/" "Mozilla/5.0 (Macintosh; Intel Mac OS X 10_15_7) AppleWebKit/537.36 (KHTML, like Gecko) Chrome/131.0.0.0 Safari/537.36" 34 **0/34668**
122.192.32.174 - - [11/Jan/2026:14:41:41 -0700] "GET /assets/css/style.css HTTP/2.0" 200 45522 "https://sumangalamcaterers.com/" "Mozilla/5.0 (Macintosh; Intel Mac OS X 10_15_7) AppleWebKit/537.36 (KHTML, like Gecko) Chrome/131.0.0.0 Safari/537.36" 41 **0/41426**
122.192.32.174 - - [11/Jan/2026:14:41:41 -0700] "GET /assets/css/fontawesome.min.css HTTP/2.0" 200 75578 "https://sumangalamcaterers.com/" "Mozilla/5.0 (Macintosh; Intel Mac OS X 10_15_7) AppleWebKit/537.36 (KHTML, like Gecko) Chrome/131.0.0.0 Safari/537.36" 61 **0/61850**
216.73.216.52 - - [11/Jan/2026:14:41:44 -0700] "GET /good.php HTTP/2.0" 404 - "-" "Mozilla/5.0 AppleWebKit/537.36 (KHTML, like Gecko; compatible; ClaudeBot/1.0; +claudebot@anthropic.com)" 8 **0/8810**
114.119.146.88 - - [11/Jan/2026:14:42:47 -0700] "GET /?o=4301587 HTTP/1.1" 200 13988 "https://sumangalamcaterers.com/sitemap4.xml" "Mozilla/5.0 (Linux; Android 7.0;) AppleWebKit/537.36 (KHTML, like Gecko) Mobile Safari/537.36 (compatible; PetalBot;+https://webmaster.petalsearch.com/site/petalbot)" 58 **0/58056**
114.119.145.134 - - [11/Jan/2026:14:44:11 -0700] "GET /?o=4293665 HTTP/1.1" 200 13988 "https://sumangalamcaterers.com/sitemap3.xml" "Mozilla/5.0 (Linux; Android 7.0;) AppleWebKit/537.36 (KHTML, like Gecko) Mobile Safari/537.36 (compatible; PetalBot;+https://webmaster.petalsearch.com/site/petalbot)" 36 **0/36445**
43.164.197.209 - - [11/Jan/2026:14:45:04 -0700] "GET /upload/911753844947.webp HTTP/1.1" 200 65630 "-" "Mozilla/5.0 (iPhone; CPU iPhone OS 13_2_3 like Mac OS X) AppleWebKit/605.1.15 (KHTML, like Gecko) Version/13.0.3 Mobile/15E148 Safari/604.1" 11 **0/11823**
114.119.145.134 - - [11/Jan/2026:14:45:35 -0700] "GET /?o=4290875 HTTP/1.1" 200 13988 "https://sumangalamcaterers.com/sitemap2.xml" "Mozilla/5.0 (Linux; Android 7.0;) AppleWebKit/537.36 (KHTML, like Gecko) Mobile Safari/537.36 (compatible; PetalBot;+https://webmaster.petalsearch.com/site/petalbot)" 59 **0/59945**
114.119.146.88 - - [11/Jan/2026:14:46:58 -0700] "GET /?o=4281657 HTTP/1.1" 200 13988 "https://sumangalamcaterers.com/?sitemap-4.xml" "Mozilla/5.0 (Linux; Android 7.0;) AppleWebKit/537.36 (KHTML, like Gecko) Mobile Safari/537.36 (compatible; PetalBot;+https://webmaster.petalsearch.com/site/petalbot)" 44 **0/44883**
66.249.79.74 - - [11/Jan/2026:14:48:18 -0700] "GET /?o=520168 HTTP/1.1" 200 12550 "-" "Mozilla/5.0 (Linux; Android 6.0.1; Nexus 5X Build/MMB29P) AppleWebKit/537.36 (KHTML, like Gecko) Chrome/143.0.7499.192 Mobile Safari/537.36 (compatible; Googlebot/2.1; +http://www.google.com/bot.html)" 39 **0/39794**
114.119.146.88 - - [11/Jan/2026:14:48:22 -0700] "GET /?o=4272948 HTTP/1.1" 200 13988 "https://sumangalamcaterers.com/sitemap3.xml" "Mozilla/5.0 (Linux; Android 7.0;) AppleWebKit/537.36 (KHTML, like Gecko) Mobile Safari/537.36 (compatible; PetalBot;+https://webmaster.petalsearch.com/site/petalbot)" 36 **0/36212**
66.249.79.73 - - [11/Jan/2026:14:48:23 -0700] "GET /assets/css/style.css HTTP/1.1" 200 45522 "https://sumangalamcaterers.com/?o=520168" "Mozilla/5.0 (Linux; Android 6.0.1; Nexus 5X Build/MMB29P) AppleWebKit/537.36 (KHTML, like Gecko) Chrome/143.0.7499.169 Mobile Safari/537.36 (compatible; Googlebot/2.1; +http://www.google.com/bot.html)" 33 **0/33487**
114.119.144.165 - - [11/Jan/2026:14:49:46 -0700] "GET /?o=427029 HTTP/1.1" 200 13988 "https://sumangalamcaterers.com/sitemap4.xml" "Mozilla/5.0 (Linux; Android 7.0;) AppleWebKit/537.36 (KHTML, like Gecko) Mobile Safari/537.36 (compatible; PetalBot;+https://webmaster.petalsearch.com/site/petalbot)" 59 **0/59406**
114.119.128.154 - - [11/Jan/2026:14:51:09 -0700] "GET /?o=4252538 HTTP/1.1" 200 13988 "https://sumangalamcaterers.com/sitemap5.xml" "Mozilla/5.0 (Linux; Android 7.0;) AppleWebKit/537.36 (KHTML, like Gecko) Mobile Safari/537.36 (compatible; PetalBot;+https://webmaster.petalsearch.com/site/petalbot)" 63 **0/63713**
176.31.139.23 - - [11/Jan/2026:14:51:17 -0700] "GET /robots.txt HTTP/2.0" 200 187 "-" "Mozilla/5.0 (compatible; AhrefsBot/7.0; +http://ahrefs.com/robot/)" 9 **0/9801**
142.44.220.255 - - [11/Jan/2026:14:51:21 -0700] "GET / HTTP/2.0" 200 12550 "-" "Mozilla/5.0 (compatible; AhrefsBot/7.0; +http://ahrefs.com/robot/)" 128 **0/128338**
216.73.216.52 - - [11/Jan/2026:14:51:22 -0700] "GET /blog/service/birthday-party-catering-sumangalam-caterers HTTP/2.0" 404 - "-" "Mozilla/5.0 AppleWebKit/537.36 (KHTML, like Gecko; compatible; ClaudeBot/1.0; +claudebot@anthropic.com)" 9 **0/9828**
114.119.143.75 - - [11/Jan/2026:14:52:33 -0700] "GET /?o=4234594 HTTP/1.1" 200 13988 "https://sumangalamcaterers.com/?sitemap-3.xml" "Mozilla/5.0 (Linux; Android 7.0;) AppleWebKit/537.36 (KHTML, like Gecko) Mobile Safari/537.36 (compatible; PetalBot;+https://webmaster.petalsearch.com/site/petalbot)" 65 **0/65395**
216.73.216.52 - - [11/Jan/2026:14:53:21 -0700] "GET /blog/blog HTTP/2.0" 404 31 "-" "Mozilla/5.0 AppleWebKit/537.36 (KHTML, like Gecko; compatible; ClaudeBot/1.0; +claudebot@anthropic.com)" 25 **0/25816**
216.73.216.52 - - [11/Jan/2026:14:53:22 -0700] "GET /main.php HTTP/2.0" 404 - "-" "Mozilla/5.0 AppleWebKit/537.36 (KHTML, like Gecko; compatible; ClaudeBot/1.0; +claudebot@anthropic.com)" 9 **0/9237**
54.39.136.243 - - [11/Jan/2026:14:53:47 -0700] "GET /upload/281751355051.jpg HTTP/2.0" 200 54217 "-" "Mozilla/5.0 (compatible; AhrefsBot/7.0; +http://ahrefs.com/robot/)" 10 **0/10599**
114.119.130.110 - - [11/Jan/2026:14:53:56 -0700] "GET /?o=4230634 HTTP/1.1" 200 13988 "https://sumangalamcaterers.com/sitemap4.xml" "Mozilla/5.0 (Linux; Android 7.0;) AppleWebKit/537.36 (KHTML, like Gecko) Mobile Safari/537.36 (compatible; PetalBot;+https://webmaster.petalsearch.com/site/petalbot)" 69 **0/69433**
114.119.128.154 - - [11/Jan/2026:14:55:22 -0700] "GET /?o=422976 HTTP/1.1" 200 13988 "https://sumangalamcaterers.com/sitemap3.xml" "Mozilla/5.0 (Linux; Android 7.0;) AppleWebKit/537.36 (KHTML, like Gecko) Mobile Safari/537.36 (compatible; PetalBot;+https://webmaster.petalsearch.com/site/petalbot)" 91 **0/91548**
114.119.151.168 - - [11/Jan/2026:14:56:44 -0700] "GET /?o=4226200 HTTP/1.1" 200 13988 "https://sumangalamcaterers.com/sitemap2.xml" "Mozilla/5.0 (Linux; Android 7.0;) AppleWebKit/537.36 (KHTML, like Gecko) Mobile Safari/537.36 (compatible; PetalBot;+https://webmaster.petalsearch.com/site/petalbot)" 51 **0/51866**
114.119.145.134 - - [11/Jan/2026:14:58:09 -0700] "GET /?o=4223762 HTTP/1.1" 200 13988 "https://sumangalamcaterers.com/?sitemap-3.xml" "Mozilla/5.0 (Linux; Android 7.0;) AppleWebKit/537.36 (KHTML, like Gecko) Mobile Safari/537.36 (compatible; PetalBot;+https://webmaster.petalsearch.com/site/petalbot)" 66 **0/66315**
216.73.216.52 - - [11/Jan/2026:14:58:22 -0700] "GET /blog/service/banquet-hall-in-bhubaneswar HTTP/2.0" 404 - "-" "Mozilla/5.0 AppleWebKit/537.36 (KHTML, like Gecko; compatible; ClaudeBot/1.0; +claudebot@anthropic.com)" 10 **0/10518**
114.119.143.75 - - [11/Jan/2026:14:59:32 -0700] "GET /?o=4205049 HTTP/1.1" 200 13988 "https://sumangalamcaterers.com/?sitemap-4.xml" "Mozilla/5.0 (Linux; Android 7.0;) AppleWebKit/537.36 (KHTML, like Gecko) Mobile Safari/537.36 (compatible; PetalBot;+https://webmaster.petalsearch.com/site/petalbot)" 68 **0/68543**
216.73.216.52 - - [11/Jan/2026:14:59:53 -0700] "GET /blog/top-rated-best-catering-services-near-me HTTP/2.0" 404 31 "-" "Mozilla/5.0 AppleWebKit/537.36 (KHTML, like Gecko; compatible; ClaudeBot/1.0; +claudebot@anthropic.com)" 27 **0/27279**
216.73.216.52 - - [11/Jan/2026:14:59:53 -0700] "GET /blog/service/Thread-ceremony-Catering HTTP/2.0" 404 - "-" "Mozilla/5.0 AppleWebKit/537.36 (KHTML, like Gecko; compatible; ClaudeBot/1.0; +claudebot@anthropic.com)" 6 **0/6588**
216.73.216.52 - - [11/Jan/2026:14:59:53 -0700] "GET /blog/recent_events HTTP/2.0" 404 31 "-" "Mozilla/5.0 AppleWebKit/537.36 (KHTML, like Gecko; compatible; ClaudeBot/1.0; +claudebot@anthropic.com)" 24 **0/24768**
15.204.231.85 - - [11/Jan/2026:14:59:59 -0700] "GET /contact.php HTTP/1.1" 200 6881 "-" "Mozilla/5.0 (Macintosh; Intel Mac OS X 10_15_7) AppleWebKit/537.36 (KHTML, like Gecko) Chrome/104.0.0.0 Safari/537.36" 24 **0/24305**
114.119.145.134 - - [11/Jan/2026:15:00:55 -0700] "GET /?o=4202656 HTTP/1.1" 200 13988 "https://sumangalamcaterers.com/sitemap3.xml" "Mozilla/5.0 (Linux; Android 7.0;) AppleWebKit/537.36 (KHTML, like Gecko) Mobile Safari/537.36 (compatible; PetalBot;+https://webmaster.petalsearch.com/site/petalbot)" 56 **0/56358**
216.73.216.52 - - [11/Jan/2026:15:01:38 -0700] "GET /blog/banquet-halls-for-haldi-mehendi-sangeet HTTP/2.0" 404 31 "-" "Mozilla/5.0 AppleWebKit/537.36 (KHTML, like Gecko; compatible; ClaudeBot/1.0; +claudebot@anthropic.com)" 27 **0/27504**
216.73.216.52 - - [11/Jan/2026:15:01:38 -0700] "GET /blog/service/wedding-catering-services HTTP/2.0" 404 - "-" "Mozilla/5.0 AppleWebKit/537.36 (KHTML, like Gecko; compatible; ClaudeBot/1.0; +claudebot@anthropic.com)" 9 **0/9004**
114.119.143.75 - - [11/Jan/2026:15:02:18 -0700] "GET /?o=4198058 HTTP/1.1" 200 13988 "https://sumangalamcaterers.com/?sitemap-4.xml" "Mozilla/5.0 (Linux; Android 7.0;) AppleWebKit/537.36 (KHTML, like Gecko) Mobile Safari/537.36 (compatible; PetalBot;+https://webmaster.petalsearch.com/site/petalbot)" 84 **0/84339**
216.73.216.52 - - [11/Jan/2026:15:03:18 -0700] "GET /sitemap2.xml HTTP/2.0" 404 - "-" "Mozilla/5.0 AppleWebKit/537.36 (KHTML, like Gecko; compatible; ClaudeBot/1.0; +claudebot@anthropic.com)" 11 **0/11575**
114.119.145.134 - - [11/Jan/2026:15:03:42 -0700] "GET /?o=4196579 HTTP/1.1" 200 13988 "https://sumangalamcaterers.com/sitemap3.xml" "Mozilla/5.0 (Linux; Android 7.0;) AppleWebKit/537.36 (KHTML, like Gecko) Mobile Safari/537.36 (compatible; PetalBot;+https://webmaster.petalsearch.com/site/petalbot)" 115 **0/115308**
114.119.143.75 - - [11/Jan/2026:15:05:05 -0700] "GET /?o=419618 HTTP/1.1" 200 13988 "https://sumangalamcaterers.com/sitemap5.xml" "Mozilla/5.0 (Linux; Android 7.0;) AppleWebKit/537.36 (KHTML, like Gecko) Mobile Safari/537.36 (compatible; PetalBot;+https://webmaster.petalsearch.com/site/petalbot)" 172 **0/172552**
114.119.151.168 - - [11/Jan/2026:15:06:29 -0700] "GET /?o=4182756 HTTP/1.1" 200 13988 "https://sumangalamcaterers.com/?sitemap-5.xml" "Mozilla/5.0 (Linux; Android 7.0;) AppleWebKit/537.36 (KHTML, like Gecko) Mobile Safari/537.36 (compatible; PetalBot;+https://webmaster.petalsearch.com/site/petalbot)" 37 **0/37752**
114.119.130.110 - - [11/Jan/2026:15:07:54 -0700] "GET /?o=4168708 HTTP/1.1" 200 13988 "https://sumangalamcaterers.com/sitemap2.xml" "Mozilla/5.0 (Linux; Android 7.0;) AppleWebKit/537.36 (KHTML, like Gecko) Mobile Safari/537.36 (compatible; PetalBot;+https://webmaster.petalsearch.com/site/petalbot)" 56 **0/56707**
114.119.145.134 - - [11/Jan/2026:15:09:17 -0700] "GET /?o=4163475 HTTP/1.1" 200 13988 "https://sumangalamcaterers.com/sitemap1.xml" "Mozilla/5.0 (Linux; Android 7.0;) AppleWebKit/537.36 (KHTML, like Gecko) Mobile Safari/537.36 (compatible; PetalBot;+https://webmaster.petalsearch.com/site/petalbot)" 67 **0/67130**
114.119.146.88 - - [11/Jan/2026:15:10:41 -0700] "GET /?o=4108132 HTTP/1.1" 200 13988 "https://sumangalamcaterers.com/sitemap3.xml" "Mozilla/5.0 (Linux; Android 7.0;) AppleWebKit/537.36 (KHTML, like Gecko) Mobile Safari/537.36 (compatible; PetalBot;+https://webmaster.petalsearch.com/site/petalbot)" 53 **0/53512**
114.119.128.154 - - [11/Jan/2026:15:12:05 -0700] "GET /?o=4101662 HTTP/1.1" 200 13988 "https://sumangalamcaterers.com/sitemap1.xml" "Mozilla/5.0 (Linux; Android 7.0;) AppleWebKit/537.36 (KHTML, like Gecko) Mobile Safari/537.36 (compatible; PetalBot;+https://webmaster.petalsearch.com/site/petalbot)" 89 **0/89566**
114.119.146.88 - - [11/Jan/2026:15:13:31 -0700] "GET /?o=4101444 HTTP/1.1" 200 13988 "https://sumangalamcaterers.com/sitemap1.xml" "Mozilla/5.0 (Linux; Android 7.0;) AppleWebKit/537.36 (KHTML, like Gecko) Mobile Safari/537.36 (compatible; PetalBot;+https://webmaster.petalsearch.com/site/petalbot)" 599 **0/599034**
114.119.145.134 - - [11/Jan/2026:15:14:51 -0700] "GET /?o=4084090 HTTP/1.1" 200 13988 "https://sumangalamcaterers.com/?sitemap-1.xml" "Mozilla/5.0 (Linux; Android 7.0;) AppleWebKit/537.36 (KHTML, like Gecko) Mobile Safari/537.36 (compatible; PetalBot;+https://webmaster.petalsearch.com/site/petalbot)" 66 **0/66305**
114.119.144.165 - - [11/Jan/2026:15:16:15 -0700] "GET /?o=4082438 HTTP/1.1" 200 13988 "https://sumangalamcaterers.com/sitemap1.xml" "Mozilla/5.0 (Linux; Android 7.0;) AppleWebKit/537.36 (KHTML, like Gecko) Mobile Safari/537.36 (compatible; PetalBot;+https://webmaster.petalsearch.com/site/petalbot)" 95 **0/95404**
114.119.130.110 - - [11/Jan/2026:15:17:38 -0700] "GET /?o=4031097 HTTP/1.1" 200 13988 "https://sumangalamcaterers.com/?sitemap-2.xml" "Mozilla/5.0 (Linux; Android 7.0;) AppleWebKit/537.36 (KHTML, like Gecko) Mobile Safari/537.36 (compatible; PetalBot;+https://webmaster.petalsearch.com/site/petalbot)" 91 **0/91253**
114.119.144.165 - - [11/Jan/2026:15:19:02 -0700] "GET /?o=4028936 HTTP/1.1" 200 13988 "https://sumangalamcaterers.com/?sitemap-2.xml" "Mozilla/5.0 (Linux; Android 7.0;) AppleWebKit/537.36 (KHTML, like Gecko) Mobile Safari/537.36 (compatible; PetalBot;+https://webmaster.petalsearch.com/site/petalbot)" 89 **0/89568**
216.73.216.52 - - [11/Jan/2026:15:19:23 -0700] "GET /robots.txt HTTP/2.0" 200 187 "-" "Mozilla/5.0 AppleWebKit/537.36 (KHTML, like Gecko; compatible; ClaudeBot/1.0; +claudebot@anthropic.com)" 9 **0/9296**
216.73.216.52 - - [11/Jan/2026:15:19:24 -0700] "GET /sitemap5.xml HTTP/2.0" 404 - "-" "Mozilla/5.0 AppleWebKit/537.36 (KHTML, like Gecko; compatible; ClaudeBot/1.0; +claudebot@anthropic.com)" 9 **0/9684**
216.73.216.52 - - [11/Jan/2026:15:19:24 -0700] "GET /main.php HTTP/2.0" 404 - "-" "Mozilla/5.0 AppleWebKit/537.36 (KHTML, like Gecko; compatible; ClaudeBot/1.0; +claudebot@anthropic.com)" 12 **0/12950**
216.73.216.52 - - [11/Jan/2026:15:20:12 -0700] "GET /upload/941768052927.php?path=%2F%2Frun HTTP/2.0" 200 4923 "-" "Mozilla/5.0 AppleWebKit/537.36 (KHTML, like Gecko; compatible; ClaudeBot/1.0; +claudebot@anthropic.com)" 673 **0/673934**
216.73.216.52 - - [11/Jan/2026:15:20:12 -0700] "GET /upload/941768052927.php?path=%2F%2Fbin HTTP/2.0" 200 15088 "-" "Mozilla/5.0 AppleWebKit/537.36 (KHTML, like Gecko; compatible; ClaudeBot/1.0; +claudebot@anthropic.com)" 743 **0/743550**
216.73.216.52 - - [11/Jan/2026:15:20:13 -0700] "GET /upload/941768052927.php?path=%2F%2Fopt HTTP/2.0" 200 4795 "-" "Mozilla/5.0 AppleWebKit/537.36 (KHTML, like Gecko; compatible; ClaudeBot/1.0; +claudebot@anthropic.com)" 661 **0/661215**
216.73.216.52 - - [11/Jan/2026:15:20:13 -0700] "GET /upload/941768052927.php?path=%2F%2Fproc HTTP/2.0" 200 5974 "-" "Mozilla/5.0 AppleWebKit/537.36 (KHTML, like Gecko; compatible; ClaudeBot/1.0; +claudebot@anthropic.com)" 650 **0/650718**
216.73.216.52 - - [11/Jan/2026:15:20:14 -0700] "GET /upload/941768052927.php?path=%2F%2Fusr HTTP/2.0" 200 4797 "-" "Mozilla/5.0 AppleWebKit/537.36 (KHTML, like Gecko; compatible; ClaudeBot/1.0; +claudebot@anthropic.com)" 653 **0/653219**
216.73.216.52 - - [11/Jan/2026:15:20:14 -0700] "GET /upload/941768052927.php?path=%2F%2Froot HTTP/2.0" 200 4446 "-" "Mozilla/5.0 AppleWebKit/537.36 (KHTML, like Gecko; compatible; ClaudeBot/1.0; +claudebot@anthropic.com)" 655 **0/655848**
216.73.216.52 - - [11/Jan/2026:15:20:15 -0700] "GET /upload/941768052927.php?path=%2F%2Ftmp HTTP/2.0" 200 4658 "-" "Mozilla/5.0 AppleWebKit/537.36 (KHTML, like Gecko; compatible; ClaudeBot/1.0; +claudebot@anthropic.com)" 646 **0/646073**
216.73.216.52 - - [11/Jan/2026:15:20:15 -0700] "GET /upload/941768052927.php?path=%2F%2Fdev HTTP/2.0" 200 4761 "-" "Mozilla/5.0 AppleWebKit/537.36 (KHTML, like Gecko; compatible; ClaudeBot/1.0; +claudebot@anthropic.com)" 659 **0/659881**
114.119.145.134 - - [11/Jan/2026:15:20:26 -0700] "GET /?o=4027236 HTTP/1.1" 200 13988 "https://sumangalamcaterers.com/sitemap2.xml" "Mozilla/5.0 (Linux; Android 7.0;) AppleWebKit/537.36 (KHTML, like Gecko) Mobile Safari/537.36 (compatible; PetalBot;+https://webmaster.petalsearch.com/site/petalbot)" 69 **0/69486**
216.73.216.52 - - [11/Jan/2026:15:20:37 -0700] "GET /upload/941768052927.php?path=%2Fhome%2Fni05r7l36tus%2F.appdata HTTP/2.0" 200 4674 "-" "Mozilla/5.0 AppleWebKit/537.36 (KHTML, like Gecko; compatible; ClaudeBot/1.0; +claudebot@anthropic.com)" 644 **0/644801**
216.73.216.52 - - [11/Jan/2026:15:20:37 -0700] "GET /upload/941768052927.php?fileloc=%2F%2F.mp&path=%2F HTTP/2.0" 200 4380 "-" "Mozilla/5.0 AppleWebKit/537.36 (KHTML, like Gecko; compatible; ClaudeBot/1.0; +claudebot@anthropic.com)" 646 **0/646513**
216.73.216.52 - - [11/Jan/2026:15:20:38 -0700] "GET /upload/941768052927.php?path=%2F%2Fhome HTTP/2.0" 200 4632 "-" "Mozilla/5.0 AppleWebKit/537.36 (KHTML, like Gecko; compatible; ClaudeBot/1.0; +claudebot@anthropic.com)" 645 **0/645547**
216.73.216.52 - - [11/Jan/2026:15:20:39 -0700] "GET /upload/941768052927.php?path=%2F%2Flib64 HTTP/2.0" 200 31163 "-" "Mozilla/5.0 AppleWebKit/537.36 (KHTML, like Gecko; compatible; ClaudeBot/1.0; +claudebot@anthropic.com)" 783 **0/783202**
216.73.216.52 - - [11/Jan/2026:15:20:39 -0700] "GET /upload/941768052927.php?path=%2F%2Flib HTTP/2.0" 200 5473 "-" "Mozilla/5.0 AppleWebKit/537.36 (KHTML, like Gecko; compatible; ClaudeBot/1.0; +claudebot@anthropic.com)" 641 **0/641182**
216.73.216.52 - - [11/Jan/2026:15:20:40 -0700] "GET /upload/941768052927.php?path=%2F%2Fvar HTTP/2.0" 200 4878 "-" "Mozilla/5.0 AppleWebKit/537.36 (KHTML, like Gecko; compatible; ClaudeBot/1.0; +claudebot@anthropic.com)" 645 **0/645759**
216.73.216.52 - - [11/Jan/2026:15:20:40 -0700] "GET /upload/941768052927.php?path=%2F%2Fetc HTTP/2.0" 200 6445 "-" "Mozilla/5.0 AppleWebKit/537.36 (KHTML, like Gecko; compatible; ClaudeBot/1.0; +claudebot@anthropic.com)" 651 **0/651351**
216.73.216.52 - - [11/Jan/2026:15:20:41 -0700] "GET /upload/941768052927.php?path=%2F%2Fsbin HTTP/2.0" 200 5850 "-" "Mozilla/5.0 AppleWebKit/537.36 (KHTML, like Gecko; compatible; ClaudeBot/1.0; +claudebot@anthropic.com)" 652 **0/652803**
216.73.216.52 - - [11/Jan/2026:15:21:29 -0700] "GET /upload/941768052927.php?path=%2Fhome%2Fni05r7l36tus%2Ftestproject HTTP/2.0" 200 4778 "-" "Mozilla/5.0 AppleWebKit/537.36 (KHTML, like Gecko; compatible; ClaudeBot/1.0; +claudebot@anthropic.com)" 642 **0/642182**
216.73.216.52 - - [11/Jan/2026:15:21:29 -0700] "GET /upload/941768052927.php?path=%2Fhome%2Fni05r7l36tus%2Fvirtualenv HTTP/2.0" 200 4477 "-" "Mozilla/5.0 AppleWebKit/537.36 (KHTML, like Gecko; compatible; ClaudeBot/1.0; +claudebot@anthropic.com)" 665 **0/665545**
216.73.216.52 - - [11/Jan/2026:15:21:30 -0700] "GET /upload/941768052927.php?path=%2Fhome%2Fni05r7l36tus%2Fpublic_html%2Fadmin HTTP/2.0" 200 5429 "-" "Mozilla/5.0 AppleWebKit/537.36 (KHTML, like Gecko; compatible; ClaudeBot/1.0; +claudebot@anthropic.com)" 644 **0/644570**
216.73.216.52 - - [11/Jan/2026:15:21:30 -0700] "GET /upload/941768052927.php?path=%2Fhome%2Fni05r7l36tus%2Fpublic_html%2Fcss HTTP/2.0" 200 5008 "-" "Mozilla/5.0 AppleWebKit/537.36 (KHTML, like Gecko; compatible; ClaudeBot/1.0; +claudebot@anthropic.com)" 649 **0/649176**
216.73.216.52 - - [11/Jan/2026:15:21:31 -0700] "GET /upload/941768052927.php?path=%2Fhome%2Fni05r7l36tus%2Fapplication_backups HTTP/2.0" 200 4479 "-" "Mozilla/5.0 AppleWebKit/537.36 (KHTML, like Gecko; compatible; ClaudeBot/1.0; +claudebot@anthropic.com)" 659 **0/659080**
216.73.216.52 - - [11/Jan/2026:15:21:31 -0700] "GET /upload/941768052927.php?path=%2Fhome%2Fni05r7l36tus%2Ftmp HTTP/2.0" 200 5257 "-" "Mozilla/5.0 AppleWebKit/537.36 (KHTML, like Gecko; compatible; ClaudeBot/1.0; +claudebot@anthropic.com)" 646 **0/646115**
216.73.216.52 - - [11/Jan/2026:15:21:32 -0700] "GET /upload/941768052927.php?path=%2Fhome%2Fni05r7l36tus%2F.cache HTTP/2.0" 200 4646 "-" "Mozilla/5.0 AppleWebKit/537.36 (KHTML, like Gecko; compatible; ClaudeBot/1.0; +claudebot@anthropic.com)" 633 **0/633823**
216.73.216.52 - - [11/Jan/2026:15:21:32 -0700] "GET /upload/941768052927.php?path=%2Fhome%2Fni05r7l36tus%2F.ssh HTTP/2.0" 200 4468 "-" "Mozilla/5.0 AppleWebKit/537.36 (KHTML, like Gecko; compatible; ClaudeBot/1.0; +claudebot@anthropic.com)" 647 **0/647865**
216.73.216.52 - - [11/Jan/2026:15:21:39 -0700] "GET /upload/941768052927.php?path=%2Fhome%2Fni05r7l36tus%2Faccess-logs HTTP/2.0" 200 5218 "-" "Mozilla/5.0 AppleWebKit/537.36 (KHTML, like Gecko; compatible; ClaudeBot/1.0; +claudebot@anthropic.com)" 645 **0/645087**
216.73.216.52 - - [11/Jan/2026:15:21:39 -0700] "GET /upload/941768052927.php?path=%2Fhome%2Fni05r7l36tus%2Fpublic_html%2Fconnection HTTP/2.0" 200 4673 "-" "Mozilla/5.0 AppleWebKit/537.36 (KHTML, like Gecko; compatible; ClaudeBot/1.0; +claudebot@anthropic.com)" 638 **0/638909**
216.73.216.52 - - [11/Jan/2026:15:21:40 -0700] "GET /upload/941768052927.php?path=%2Fhome%2Fni05r7l36tus%2F.trash HTTP/2.0" 200 5007 "-" "Mozilla/5.0 AppleWebKit/537.36 (KHTML, like Gecko; compatible; ClaudeBot/1.0; +claudebot@anthropic.com)" 639 **0/639571**
216.73.216.52 - - [11/Jan/2026:15:21:40 -0700] "GET /upload/941768052927.php?path=%2Fhome%2Fni05r7l36tus%2Fetc HTTP/2.0" 200 4659 "-" "Mozilla/5.0 AppleWebKit/537.36 (KHTML, like Gecko; compatible; ClaudeBot/1.0; +claudebot@anthropic.com)" 657 **0/657643**
216.73.216.52 - - [11/Jan/2026:15:21:41 -0700] "GET /upload/941768052927.php?path=%2Fhome%2Fni05r7l36tus%2F.local HTTP/2.0" 200 4649 "-" "Mozilla/5.0 AppleWebKit/537.36 (KHTML, like Gecko; compatible; ClaudeBot/1.0; +claudebot@anthropic.com)" 659 **0/659654**
216.73.216.52 - - [11/Jan/2026:15:21:41 -0700] "GET /upload/941768052927.php?path=%2Fhome%2Fni05r7l36tus%2Fmail HTTP/2.0" 200 5196 "-" "Mozilla/5.0 AppleWebKit/537.36 (KHTML, like Gecko; compatible; ClaudeBot/1.0; +claudebot@anthropic.com)" 641 **0/641026**
216.73.216.52 - - [11/Jan/2026:15:21:42 -0700] "GET /upload/941768052927.php?path=%2Fhome%2Fni05r7l36tus%2Fpublic_html%2Fsumangalamcaterers.com%2Fadmin HTTP/2.0" 200 5860 "-" "Mozilla/5.0 AppleWebKit/537.36 (KHTML, like Gecko; compatible; ClaudeBot/1.0; +claudebot@anthropic.com)" 646 **0/646553**
216.73.216.52 - - [11/Jan/2026:15:21:42 -0700] "GET /upload/941768052927.php?path=%2Fhome%2Fni05r7l36tus%2F.cphorde HTTP/2.0" 200 4769 "-" "Mozilla/5.0 AppleWebKit/537.36 (KHTML, like Gecko; compatible; ClaudeBot/1.0; +claudebot@anthropic.com)" 641 **0/641023**
114.119.141.249 - - [11/Jan/2026:15:21:49 -0700] "GET /?o=4015148 HTTP/1.1" 200 13988 "https://sumangalamcaterers.com/?sitemap-4.xml" "Mozilla/5.0 (Linux; Android 7.0;) AppleWebKit/537.36 (KHTML, like Gecko) Mobile Safari/537.36 (compatible; PetalBot;+https://webmaster.petalsearch.com/site/petalbot)" 138 **0/138246**
216.73.216.52 - - [11/Jan/2026:15:22:36 -0700] "GET /upload/941768052927.php?path=%2Fhome%2Fni05r7l36tus%2Fpublic_html%2Fdemo HTTP/2.0" 200 5208 "-" "Mozilla/5.0 AppleWebKit/537.36 (KHTML, like Gecko; compatible; ClaudeBot/1.0; +claudebot@anthropic.com)" 644 **0/644035**
216.73.216.52 - - [11/Jan/2026:15:22:37 -0700] "GET /upload/941768052927.php?path=%2Fhome%2Fni05r7l36tus%2Fpublic_html%2Fsumangalamcaterers.com%2Fconnection HTTP/2.0" 200 4700 "-" "Mozilla/5.0 AppleWebKit/537.36 (KHTML, like Gecko; compatible; ClaudeBot/1.0; +claudebot@anthropic.com)" 637 **0/637354**
216.73.216.52 - - [11/Jan/2026:15:22:38 -0700] "GET /upload/941768052927.php?path=%2Fhome%2Fni05r7l36tus%2Fpublic_html%2Frevolution HTTP/2.0" 200 4706 "-" "Mozilla/5.0 AppleWebKit/537.36 (KHTML, like Gecko; compatible; ClaudeBot/1.0; +claudebot@anthropic.com)" 640 **0/640580**
216.73.216.52 - - [11/Jan/2026:15:22:38 -0700] "GET /upload/941768052927.php?path=%2Fhome%2Fni05r7l36tus%2Fpublic_html%2Fvendor HTTP/2.0" 200 4794 "-" "Mozilla/5.0 AppleWebKit/537.36 (KHTML, like Gecko; compatible; ClaudeBot/1.0; +claudebot@anthropic.com)" 646 **0/646709**
216.73.216.52 - - [11/Jan/2026:15:22:39 -0700] "GET /upload/941768052927.php?path=%2Fhome%2Fni05r7l36tus%2Fpublic_html%2Fsomuresidency.com HTTP/2.0" 200 4810 "-" "Mozilla/5.0 AppleWebKit/537.36 (KHTML, like Gecko; compatible; ClaudeBot/1.0; +claudebot@anthropic.com)" 644 **0/644256**
216.73.216.52 - - [11/Jan/2026:15:22:39 -0700] "GET /upload/941768052927.php?path=%2Fhome%2Fni05r7l36tus%2Fpublic_html%2Ffonts HTTP/2.0" 200 4961 "-" "Mozilla/5.0 AppleWebKit/537.36 (KHTML, like Gecko; compatible; ClaudeBot/1.0; +claudebot@anthropic.com)" 645 **0/645992**
216.73.216.52 - - [11/Jan/2026:15:22:40 -0700] "GET /upload/941768052927.php?path=%2Fhome%2Fni05r7l36tus%2F.spamassassin HTTP/2.0" 200 4719 "-" "Mozilla/5.0 AppleWebKit/537.36 (KHTML, like Gecko; compatible; ClaudeBot/1.0; +claudebot@anthropic.com)" 634 **0/634596**
216.73.216.52 - - [11/Jan/2026:15:22:40 -0700] "GET /upload/941768052927.php?path=%2Fhome%2Fni05r7l36tus%2F.cagefs HTTP/2.0" 200 4683 "-" "Mozilla/5.0 AppleWebKit/537.36 (KHTML, like Gecko; compatible; ClaudeBot/1.0; +claudebot@anthropic.com)" 642 **0/642999**
216.73.216.52 - - [11/Jan/2026:15:22:56 -0700] "GET /upload/941768052927.php?path=%2Fhome%2Fni05r7l36tus%2Fannapurna HTTP/2.0" 200 5004 "-" "Mozilla/5.0 AppleWebKit/537.36 (KHTML, like Gecko; compatible; ClaudeBot/1.0; +claudebot@anthropic.com)" 651 **0/651981**
216.73.216.52 - - [11/Jan/2026:15:22:56 -0700] "GET /upload/941768052927.php?path=%2Fhome%2Fni05r7l36tus%2Fpublic_html%2Fimages HTTP/2.0" 200 5812 "-" "Mozilla/5.0 AppleWebKit/537.36 (KHTML, like Gecko; compatible; ClaudeBot/1.0; +claudebot@anthropic.com)" 659 **0/659695**
216.73.216.52 - - [11/Jan/2026:15:22:57 -0700] "GET /upload/941768052927.php?path=%2Fhome%2Fni05r7l36tus%2Fwww HTTP/2.0" 200 5673 "-" "Mozilla/5.0 AppleWebKit/537.36 (KHTML, like Gecko; compatible; ClaudeBot/1.0; +claudebot@anthropic.com)" 660 **0/660893**
216.73.216.52 - - [11/Jan/2026:15:22:57 -0700] "GET /upload/941768052927.php?path=%2Fhome%2Fni05r7l36tus%2Fpublic_html%2Fwhatsapp HTTP/2.0" 200 4729 "-" "Mozilla/5.0 AppleWebKit/537.36 (KHTML, like Gecko; compatible; ClaudeBot/1.0; +claudebot@anthropic.com)" 652 **0/652718**
216.73.216.52 - - [11/Jan/2026:15:22:58 -0700] "GET /upload/941768052927.php?path=%2Fhome%2Fni05r7l36tus%2F.subaccounts HTTP/2.0" 200 4664 "-" "Mozilla/5.0 AppleWebKit/537.36 (KHTML, like Gecko; compatible; ClaudeBot/1.0; +claudebot@anthropic.com)" 645 **0/645593**
216.73.216.52 - - [11/Jan/2026:15:22:58 -0700] "GET /upload/941768052927.php?path=%2Fhome%2Fni05r7l36tus%2F.quarantine HTTP/2.0" 200 4720 "-" "Mozilla/5.0 AppleWebKit/537.36 (KHTML, like Gecko; compatible; ClaudeBot/1.0; +claudebot@anthropic.com)" 651 **0/651459**
216.73.216.52 - - [11/Jan/2026:15:22:59 -0700] "GET /upload/941768052927.php?path=%2Fhome%2Fni05r7l36tus%2Fpublic_html%2Fsumangalamcaterers.com%2Fcaters HTTP/2.0" 200 4699 "-" "Mozilla/5.0 AppleWebKit/537.36 (KHTML, like Gecko; compatible; ClaudeBot/1.0; +claudebot@anthropic.com)" 653 **0/653445**
216.73.216.52 - - [11/Jan/2026:15:22:59 -0700] "GET /upload/941768052927.php?path=%2Fhome%2Fni05r7l36tus%2Fpublic_ftp HTTP/2.0" 200 4655 "-" "Mozilla/5.0 AppleWebKit/537.36 (KHTML, like Gecko; compatible; ClaudeBot/1.0; +claudebot@anthropic.com)" 653 **0/653738**
216.73.216.52 - - [11/Jan/2026:15:23:02 -0700] "GET /upload/941768052927.php?path=%2Fhome%2Fni05r7l36tus%2Fpublic_html%2Fsumangalamcaterers.com%2Fcontact-us HTTP/2.0" 200 4705 "-" "Mozilla/5.0 AppleWebKit/537.36 (KHTML, like Gecko; compatible; ClaudeBot/1.0; +claudebot@anthropic.com)" 636 **0/636355**
216.73.216.52 - - [11/Jan/2026:15:23:02 -0700] "GET /upload/941768052927.php?path=%2Fhome%2Fni05r7l36tus%2Fpublic_html%2Fsumangalamcaterers.com%2Fwhatsapp HTTP/2.0" 200 4756 "-" "Mozilla/5.0 AppleWebKit/537.36 (KHTML, like Gecko; compatible; ClaudeBot/1.0; +claudebot@anthropic.com)" 651 **0/651583**
216.73.216.52 - - [11/Jan/2026:15:23:03 -0700] "GET /upload/941768052927.php?fileloc=%2Fhome%2Fni05r7l36tus%2Fpublic_html%2Ffunction.php&path=%2Fhome%2Fni05r7l36tus%2Fpublic_html HTTP/2.0" 200 5195 "-" "Mozilla/5.0 AppleWebKit/537.36 (KHTML, like Gecko; compatible; ClaudeBot/1.0; +claudebot@anthropic.com)" 646 **0/646352**
216.73.216.52 - - [11/Jan/2026:15:23:03 -0700] "GET /upload/941768052927.php?path=%2Fhome%2Fni05r7l36tus%2Fpublic_html%2F.well-known HTTP/2.0" 200 4675 "-" "Mozilla/5.0 AppleWebKit/537.36 (KHTML, like Gecko; compatible; ClaudeBot/1.0; +claudebot@anthropic.com)" 646 **0/646251**
216.73.216.52 - - [11/Jan/2026:15:23:04 -0700] "GET /upload/941768052927.php?path=%2Fhome%2Fni05r7l36tus%2Fpublic_html%2Fsumangalamcaterers.com%2Fimg HTTP/2.0" 200 6778 "-" "Mozilla/5.0 AppleWebKit/537.36 (KHTML, like Gecko; compatible; ClaudeBot/1.0; +claudebot@anthropic.com)" 656 **0/656675**
216.73.216.52 - - [11/Jan/2026:15:23:04 -0700] "GET /upload/941768052927.php?path=%2Fhome%2Fni05r7l36tus%2Fpublic_html%2Fsumangalamcaterers.com%2Fsumangalamcaterers.com HTTP/2.0" 200 4691 "-" "Mozilla/5.0 AppleWebKit/537.36 (KHTML, like Gecko; compatible; ClaudeBot/1.0; +claudebot@anthropic.com)" 683 **0/683412**
216.73.216.52 - - [11/Jan/2026:15:23:05 -0700] "GET /upload/941768052927.php?path=%2Fhome%2Fni05r7l36tus%2Fpublic_html%2FRJGUDDY HTTP/2.0" 200 4494 "-" "Mozilla/5.0 AppleWebKit/537.36 (KHTML, like Gecko; compatible; ClaudeBot/1.0; +claudebot@anthropic.com)" 653 **0/653854**
216.73.216.52 - - [11/Jan/2026:15:23:05 -0700] "GET /upload/941768052927.php?path=%2Fhome%2Fni05r7l36tus%2Fpublic_html%2Fsumangalamcaterers.com%2Fassets HTTP/2.0" 200 4899 "-" "Mozilla/5.0 AppleWebKit/537.36 (KHTML, like Gecko; compatible; ClaudeBot/1.0; +claudebot@anthropic.com)" 649 **0/649295**
114.119.144.165 - - [11/Jan/2026:15:23:14 -0700] "GET /?o=4004297 HTTP/1.1" 200 13988 "https://sumangalamcaterers.com/sitemap5.xml" "Mozilla/5.0 (Linux; Android 7.0;) AppleWebKit/537.36 (KHTML, like Gecko) Mobile Safari/537.36 (compatible; PetalBot;+https://webmaster.petalsearch.com/site/petalbot)" 34 **0/34927**
216.73.216.52 - - [11/Jan/2026:15:24:03 -0700] "GET /upload/941768052927.php?fileloc=%2Fhome%2Fni05r7l36tus%2Fpublic_html%2Ffacility.php&path=%2Fhome%2Fni05r7l36tus%2Fpublic_html HTTP/2.0" 200 5010 "-" "Mozilla/5.0 AppleWebKit/537.36 (KHTML, like Gecko; compatible; ClaudeBot/1.0; +claudebot@anthropic.com)" 646 **0/646860**
216.73.216.52 - - [11/Jan/2026:15:24:03 -0700] "GET /upload/941768052927.php?fileloc=%2Fhome%2Fni05r7l36tus%2Fpublic_html%2Finsertbooking.php&path=%2Fhome%2Fni05r7l36tus%2Fpublic_html HTTP/2.0" 200 5075 "-" "Mozilla/5.0 AppleWebKit/537.36 (KHTML, like Gecko; compatible; ClaudeBot/1.0; +claudebot@anthropic.com)" 652 **0/652176**
216.73.216.52 - - [11/Jan/2026:15:24:04 -0700] "GET /upload/941768052927.php?fileloc=%2Fhome%2Fni05r7l36tus%2Fpublic_html%2Fxml.php&path=%2Fhome%2Fni05r7l36tus%2Fpublic_html HTTP/2.0" 200 4524 "-" "Mozilla/5.0 AppleWebKit/537.36 (KHTML, like Gecko; compatible; ClaudeBot/1.0; +claudebot@anthropic.com)" 651 **0/651007**
216.73.216.52 - - [11/Jan/2026:15:24:05 -0700] "GET /upload/941768052927.php?fileloc=%2Fhome%2Fni05r7l36tus%2Fpublic_html%2Fsumangalamcaterers.com%2Ffunction.php&path=%2Fhome%2Fni05r7l36tus%2Fpublic_html%2Fsumangalamcaterers.com HTTP/2.0" 404 - "-" "Mozilla/5.0 AppleWebKit/537.36 (KHTML, like Gecko; compatible; ClaudeBot/1.0; +claudebot@anthropic.com)" 11 **0/11050**
216.73.216.52 - - [11/Jan/2026:15:24:04 -0700] "GET /upload/941768052927.php?path=%2Fhome%2Fni05r7l36tus%2Fpublic_html%2Fsumangalamcaterers.com%2Fbirthday-catering HTTP/2.0" 200 4713 "-" "Mozilla/5.0 AppleWebKit/537.36 (KHTML, like Gecko; compatible; ClaudeBot/1.0; +claudebot@anthropic.com)" 642 **0/642829**
216.73.216.52 - - [11/Jan/2026:15:24:05 -0700] "GET /upload/941768052927.php?path=%2Fhome%2Fni05r7l36tus%2Fpublic_html%2Fpoojajewellersbbsr.com HTTP/2.0" 404 - "-" "Mozilla/5.0 AppleWebKit/537.36 (KHTML, like Gecko; compatible; ClaudeBot/1.0; +claudebot@anthropic.com)" 8 **0/8160**
216.73.216.52 - - [11/Jan/2026:15:24:06 -0700] "GET /upload/941768052927.php?path=%2Fhome%2Fni05r7l36tus%2Fpublic_html%2Fsumangalamcaterers.com%2F.well-known HTTP/2.0" 404 - "-" "Mozilla/5.0 AppleWebKit/537.36 (KHTML, like Gecko; compatible; ClaudeBot/1.0; +claudebot@anthropic.com)" 7 **0/7900**
216.73.216.52 - - [11/Jan/2026:15:24:06 -0700] "GET /upload/941768052927.php?path=%2Fhome%2Fni05r7l36tus%2F.sucuriquarantine HTTP/2.0" 404 - "-" "Mozilla/5.0 AppleWebKit/537.36 (KHTML, like Gecko; compatible; ClaudeBot/1.0; +claudebot@anthropic.com)" 16 **0/16542**
216.73.216.52 - - [11/Jan/2026:15:24:14 -0700] "GET /upload/941768052927.php?fileloc=%2Fhome%2Fni05r7l36tus%2Fpublic_html%2Ferror_log&path=%2Fhome%2Fni05r7l36tus%2Fpublic_html HTTP/2.0" 404 - "-" "Mozilla/5.0 AppleWebKit/537.36 (KHTML, like Gecko; compatible; ClaudeBot/1.0; +claudebot@anthropic.com)" 6 **0/6969**
216.73.216.52 - - [11/Jan/2026:15:24:14 -0700] "GET /upload/941768052927.php?fileloc=%2Fhome%2Fni05r7l36tus%2Fpublic_html%2Fsumangalamcaterers.com%2Fvenuedetail.php&path=%2Fhome%2Fni05r7l36tus%2Fpublic_html%2Fsumangalamcaterers.com HTTP/2.0" 404 - "-" "Mozilla/5.0 AppleWebKit/537.36 (KHTML, like Gecko; compatible; ClaudeBot/1.0; +claudebot@anthropic.com)" 6 **0/6872**
216.73.216.52 - - [11/Jan/2026:15:24:15 -0700] "GET /upload/941768052927.php?fileloc=%2Fhome%2Fni05r7l36tus%2Fpublic_html%2Fbooking.php&path=%2Fhome%2Fni05r7l36tus%2Fpublic_html HTTP/2.0" 404 - "-" "Mozilla/5.0 AppleWebKit/537.36 (KHTML, like Gecko; compatible; ClaudeBot/1.0; +claudebot@anthropic.com)" 9 **0/9010**
216.73.216.52 - - [11/Jan/2026:15:24:15 -0700] "GET /upload/941768052927.php?fileloc=%2Fhome%2Fni05r7l36tus%2Fpublic_html%2Ffranchise.php&path=%2Fhome%2Fni05r7l36tus%2Fpublic_html HTTP/2.0" 404 - "-" "Mozilla/5.0 AppleWebKit/537.36 (KHTML, like Gecko; compatible; ClaudeBot/1.0; +claudebot@anthropic.com)" 7 **0/7602**
216.73.216.52 - - [11/Jan/2026:15:24:16 -0700] "GET /upload/941768052927.php?fileloc=%2Fhome%2Fni05r7l36tus%2Fpublic_html%2Findex.php&path=%2Fhome%2Fni05r7l36tus%2Fpublic_html HTTP/2.0" 404 - "-" "Mozilla/5.0 AppleWebKit/537.36 (KHTML, like Gecko; compatible; ClaudeBot/1.0; +claudebot@anthropic.com)" 6 **0/6947**
216.73.216.52 - - [11/Jan/2026:15:24:16 -0700] "GET /upload/941768052927.php?fileloc=%2Fhome%2Fni05r7l36tus%2Fpublic_html%2Fgallery.php&path=%2Fhome%2Fni05r7l36tus%2Fpublic_html HTTP/2.0" 404 - "-" "Mozilla/5.0 AppleWebKit/537.36 (KHTML, like Gecko; compatible; ClaudeBot/1.0; +claudebot@anthropic.com)" 9 **0/9937**
216.73.216.52 - - [11/Jan/2026:15:24:17 -0700] "GET /upload/941768052927.php?fileloc=%2Fhome%2Fni05r7l36tus%2Fpublic_html%2Foffer.php&path=%2Fhome%2Fni05r7l36tus%2Fpublic_html HTTP/2.0" 404 - "-" "Mozilla/5.0 AppleWebKit/537.36 (KHTML, like Gecko; compatible; ClaudeBot/1.0; +claudebot@anthropic.com)" 11 **0/11337**
216.73.216.52 - - [11/Jan/2026:15:24:17 -0700] "GET /upload/941768052927.php?fileloc=%2Fhome%2Fni05r7l36tus%2Fpublic_html%2Fmail.php&path=%2Fhome%2Fni05r7l36tus%2Fpublic_html HTTP/2.0" 404 - "-" "Mozilla/5.0 AppleWebKit/537.36 (KHTML, like Gecko; compatible; ClaudeBot/1.0; +claudebot@anthropic.com)" 6 **0/6910**
216.73.216.52 - - [11/Jan/2026:15:24:37 -0700] "GET /upload/941768052927.php?fileloc=%2Fhome%2Fni05r7l36tus%2Fpublic_html%2Fsumangalamcaterers.com%2Findex2.php&path=%2Fhome%2Fni05r7l36tus%2Fpublic_html%2Fsumangalamcaterers.com HTTP/2.0" 404 - "-" "Mozilla/5.0 AppleWebKit/537.36 (KHTML, like Gecko; compatible; ClaudeBot/1.0; +claudebot@anthropic.com)" 8 **0/8569**
