110.74.216.47 - - [11/Jan/2026:08:10:11 -0700] "GET /assets/img/shape/garlic_2.png HTTP/2.0" 200 21546 "https://sumangalamcaterers.com/" "Mozilla/5.0 (Windows NT 10.0; Win64; x64) AppleWebKit/537.36 (KHTML, like Gecko) Chrome/143.0.0.0 Safari/537.36 Edg/143.0.0.0" 56723 **56/56723685**
110.74.216.47 - - [11/Jan/2026:08:10:11 -0700] "GET /upload/491749237444.jpg HTTP/2.0" 200 39800 "https://sumangalamcaterers.com/" "Mozilla/5.0 (Windows NT 10.0; Win64; x64) AppleWebKit/537.36 (KHTML, like Gecko) Chrome/143.0.0.0 Safari/537.36 Edg/143.0.0.0" 56724 **56/56724975**
110.74.216.47 - - [11/Jan/2026:08:10:11 -0700] "GET /upload/751751355063.jpg HTTP/2.0" 200 64074 "https://sumangalamcaterers.com/" "Mozilla/5.0 (Windows NT 10.0; Win64; x64) AppleWebKit/537.36 (KHTML, like Gecko) Chrome/143.0.0.0 Safari/537.36 Edg/143.0.0.0" 56725 **56/56725116**
110.74.216.47 - - [11/Jan/2026:08:10:11 -0700] "GET /upload/591749238264.jpeg HTTP/2.0" 200 221200 "https://sumangalamcaterers.com/" "Mozilla/5.0 (Windows NT 10.0; Win64; x64) AppleWebKit/537.36 (KHTML, like Gecko) Chrome/143.0.0.0 Safari/537.36 Edg/143.0.0.0" 56725 **56/56725785**
110.74.216.47 - - [11/Jan/2026:08:10:11 -0700] "GET /img/18.png HTTP/2.0" 200 294504 "https://sumangalamcaterers.com/" "Mozilla/5.0 (Windows NT 10.0; Win64; x64) AppleWebKit/537.36 (KHTML, like Gecko) Chrome/143.0.0.0 Safari/537.36 Edg/143.0.0.0" 56725 **56/56725534**
110.74.216.47 - - [11/Jan/2026:08:10:11 -0700] "GET /img/20.png HTTP/2.0" 200 290440 "https://sumangalamcaterers.com/" "Mozilla/5.0 (Windows NT 10.0; Win64; x64) AppleWebKit/537.36 (KHTML, like Gecko) Chrome/143.0.0.0 Safari/537.36 Edg/143.0.0.0" 56725 **56/56725945**
110.74.216.47 - - [11/Jan/2026:08:10:11 -0700] "GET /upload/831749238298.jpeg HTTP/2.0" 200 320574 "https://sumangalamcaterers.com/" "Mozilla/5.0 (Windows NT 10.0; Win64; x64) AppleWebKit/537.36 (KHTML, like Gecko) Chrome/143.0.0.0 Safari/537.36 Edg/143.0.0.0" 56727 **56/56727052**
110.74.216.47 - - [11/Jan/2026:08:10:11 -0700] "GET /img/b.png HTTP/2.0" 200 374822 "https://sumangalamcaterers.com/" "Mozilla/5.0 (Windows NT 10.0; Win64; x64) AppleWebKit/537.36 (KHTML, like Gecko) Chrome/143.0.0.0 Safari/537.36 Edg/143.0.0.0" 56726 **56/56726345**
110.74.216.47 - - [11/Jan/2026:08:10:11 -0700] "GET /img/a.png HTTP/2.0" 200 392888 "https://sumangalamcaterers.com/" "Mozilla/5.0 (Windows NT 10.0; Win64; x64) AppleWebKit/537.36 (KHTML, like Gecko) Chrome/143.0.0.0 Safari/537.36 Edg/143.0.0.0" 56726 **56/56726848**
110.74.216.47 - - [11/Jan/2026:08:10:11 -0700] "GET /img/c.png HTTP/2.0" 200 411775 "https://sumangalamcaterers.com/" "Mozilla/5.0 (Windows NT 10.0; Win64; x64) AppleWebKit/537.36 (KHTML, like Gecko) Chrome/143.0.0.0 Safari/537.36 Edg/143.0.0.0" 56727 **56/56727145**
110.74.216.47 - - [11/Jan/2026:08:10:11 -0700] "GET /img/d.png HTTP/2.0" 200 411022 "https://sumangalamcaterers.com/" "Mozilla/5.0 (Windows NT 10.0; Win64; x64) AppleWebKit/537.36 (KHTML, like Gecko) Chrome/143.0.0.0 Safari/537.36 Edg/143.0.0.0" 56727 **56/56727550**
110.74.216.47 - - [11/Jan/2026:08:10:11 -0700] "GET /img/16.png HTTP/2.0" 200 803840 "https://sumangalamcaterers.com/" "Mozilla/5.0 (Windows NT 10.0; Win64; x64) AppleWebKit/537.36 (KHTML, like Gecko) Chrome/143.0.0.0 Safari/537.36 Edg/143.0.0.0" 56728 **56/56728378**
110.74.216.47 - - [11/Jan/2026:08:10:11 -0700] "GET /img/15.png HTTP/2.0" 200 1973288 "https://sumangalamcaterers.com/" "Mozilla/5.0 (Windows NT 10.0; Win64; x64) AppleWebKit/537.36 (KHTML, like Gecko) Chrome/143.0.0.0 Safari/537.36 Edg/143.0.0.0" 56729 **56/56729033**
110.74.216.47 - - [11/Jan/2026:08:10:11 -0700] "GET /assets/img/theme-img/arrow.svg HTTP/2.0" 200 267 "https://sumangalamcaterers.com/assets/css/style.css" "Mozilla/5.0 (Windows NT 10.0; Win64; x64) AppleWebKit/537.36 (KHTML, like Gecko) Chrome/143.0.0.0 Safari/537.36 Edg/143.0.0.0" 59114 **59/59114289**
110.74.216.47 - - [11/Jan/2026:08:11:07 -0700] "GET /assets/img/theme-img/circle.svg HTTP/2.0" 200 336 "https://sumangalamcaterers.com/assets/css/style.css" "Mozilla/5.0 (Windows NT 10.0; Win64; x64) AppleWebKit/537.36 (KHTML, like Gecko) Chrome/143.0.0.0 Safari/537.36 Edg/143.0.0.0" 2649 **2/2649738**
110.74.216.47 - - [11/Jan/2026:08:11:07 -0700] "GET /assets/img/bg/reservation_bg_1.jpg HTTP/2.0" 200 13566 "https://sumangalamcaterers.com/" "Mozilla/5.0 (Windows NT 10.0; Win64; x64) AppleWebKit/537.36 (KHTML, like Gecko) Chrome/143.0.0.0 Safari/537.36 Edg/143.0.0.0" 2649 **2/2649008**
110.74.216.47 - - [11/Jan/2026:08:11:07 -0700] "GET /sumangalamcaterers.com/assets/img/bg/footer_bg_1.jpg HTTP/2.0" 404 - "https://sumangalamcaterers.com/" "Mozilla/5.0 (Windows NT 10.0; Win64; x64) AppleWebKit/537.36 (KHTML, like Gecko) Chrome/143.0.0.0 Safari/537.36 Edg/143.0.0.0" 2649 **2/2649270**
110.74.216.47 - - [11/Jan/2026:08:11:07 -0700] "GET /banquet-halls-for-haldi-mehendi-sangeet HTTP/2.0" 200 6488 "https://sumangalamcaterers.com/" "Mozilla/5.0 (Windows NT 10.0; Win64; x64) AppleWebKit/537.36 (KHTML, like Gecko) Chrome/143.0.0.0 Safari/537.36 Edg/143.0.0.0" 5424 **5/5424270**
114.119.151.168 - - [11/Jan/2026:08:12:08 -0700] "GET /?o=1596015 HTTP/1.1" 200 13988 "https://sumangalamcaterers.com/?sitemap-1.xml" "Mozilla/5.0 (Linux; Android 7.0;) AppleWebKit/537.36 (KHTML, like Gecko) Mobile Safari/537.36 (compatible; PetalBot;+https://webmaster.petalsearch.com/site/petalbot)" 35 **0/35698**
66.249.79.73 - - [11/Jan/2026:08:12:18 -0700] "GET /thread_ceremony.php HTTP/1.1" 200 84450 "-" "Mozilla/5.0 (compatible; Google-InspectionTool/1.0;)" 1536 **1/1536623**
66.249.79.74 - - [11/Jan/2026:08:12:18 -0700] "GET /thread_ceremony.php HTTP/1.1" 200 84450 "-" "Mozilla/5.0 (Linux; Android 6.0.1; Nexus 5X Build/MMB29P) AppleWebKit/537.36 (KHTML, like Gecko) Chrome/143.0.7499.169 Mobile Safari/537.36 (compatible; Google-InspectionTool/1.0;)" 1617 **1/1617486**
66.249.79.73 - - [11/Jan/2026:08:12:25 -0700] "GET /robots.txt HTTP/1.1" 200 187 "-" "Mozilla/5.0 (compatible; Googlebot/2.1; +http://www.google.com/bot.html)" 5 **0/5798**
66.249.79.74 - - [11/Jan/2026:08:12:26 -0700] "GET /images/1x1.gif?ch=1&rn=8.140765859279782 HTTP/1.1" 404 - "https://sumangalamcaterers.com/thread_ceremony.php" "Mozilla/5.0 (X11; Linux x86_64) AppleWebKit/537.36 (KHTML, like Gecko) Chrome/141.0.7390.122 Safari/537.36 (compatible; Google-InspectionTool/1.0)" 8 **0/8923**
66.249.79.73 - - [11/Jan/2026:08:12:26 -0700] "GET /images/1x1.gif?ch=1&rn=8.140765859279782 HTTP/1.1" 404 - "https://sumangalamcaterers.com/thread_ceremony.php" "Mozilla/5.0 (Linux; Android 6.0.1; Nexus 5X Build/MMB29P) AppleWebKit/537.36 (KHTML, like Gecko) Chrome/141.0.7390.122 Mobile Safari/537.36 (compatible; Google-InspectionTool/1.0)" 5 **0/5205**
66.249.79.74 - - [11/Jan/2026:08:12:26 -0700] "GET /images/1x1.gif?ch=2&rn=8.140765859279782 HTTP/1.1" 404 - "https://sumangalamcaterers.com/thread_ceremony.php" "Mozilla/5.0 (X11; Linux x86_64) AppleWebKit/537.36 (KHTML, like Gecko) Chrome/141.0.7390.122 Safari/537.36 (compatible; Google-InspectionTool/1.0)" 7 **0/7749**
66.249.79.73 - - [11/Jan/2026:08:12:26 -0700] "GET /images/1x1.gif?ch=2&rn=8.140765859279782 HTTP/1.1" 404 - "https://sumangalamcaterers.com/thread_ceremony.php" "Mozilla/5.0 (Linux; Android 6.0.1; Nexus 5X Build/MMB29P) AppleWebKit/537.36 (KHTML, like Gecko) Chrome/141.0.7390.122 Mobile Safari/537.36 (compatible; Google-InspectionTool/1.0)" 6 **0/6414**
66.249.79.73 - - [11/Jan/2026:08:12:30 -0700] "GET /api/v3/ajax/bespoke/public/neu/specs/catnav-mobile?log_performance_metrics=false&specs%5Bcatnav-mobile%5D%5B%5D=CategoryNav_V2_Mobile_ApiSpec_CategoryNav&specs%5Bcatnav-mobile%5D%5B1%5D%5Bmott_version%5D=&specs%5Bcatnav-mobile%5D%5B1%5D%5Bshow_sales%5D=false&specs%5Bcatnav-mobile%5D%5B1%5D%5Bcatnav_gift_guide%5D=control&specs%5Bcatnav-mobile%5D%5B1%5D%5Bgifting_catnav_flyout_js%5D=false&specs%5Bcatnav-mobile%5D%5B1%5D%5Bshould_show_registry_on_nav%5D=false&specs%5Bcatnav-mobile%5D%5B1%5D%5Bshould_use_gifting_taxos_in_nav_flyout%5D=false&specs%5Bcatnav-mobile%5D%5B1%5D%5Blocale%5D=&specs%5Bcatnav-mobile%5D%5B1%5D%5Bshould_use_buyer_taxo%5D=false HTTP/1.1" 404 - "https://sumangalamcaterers.com/thread_ceremony.php" "Mozilla/5.0 (Linux; Android 6.0.1; Nexus 5X Build/MMB29P) AppleWebKit/537.36 (KHTML, like Gecko) Chrome/141.0.7390.122 Mobile Safari/537.36 (compatible; Google-InspectionTool/1.0)" 6 **0/6220**
110.74.216.47 - - [11/Jan/2026:08:12:33 -0700] "GET /upload/631753845521.webp HTTP/2.0" 200 67387 "https://sumangalamcaterers.com/banquet-halls-for-haldi-mehendi-sangeet" "Mozilla/5.0 (Windows NT 10.0; Win64; x64) AppleWebKit/537.36 (KHTML, like Gecko) Chrome/143.0.0.0 Safari/537.36 Edg/143.0.0.0" 22 **0/22950**
110.74.216.47 - - [11/Jan/2026:08:12:33 -0700] "GET /upload/911753844947.webp HTTP/2.0" 200 65635 "https://sumangalamcaterers.com/banquet-halls-for-haldi-mehendi-sangeet" "Mozilla/5.0 (Windows NT 10.0; Win64; x64) AppleWebKit/537.36 (KHTML, like Gecko) Chrome/143.0.0.0 Safari/537.36 Edg/143.0.0.0" 23 **0/23044**
110.74.216.47 - - [11/Jan/2026:08:12:33 -0700] "GET /upload/221753844043.webp HTTP/2.0" 200 50590 "https://sumangalamcaterers.com/banquet-halls-for-haldi-mehendi-sangeet" "Mozilla/5.0 (Windows NT 10.0; Win64; x64) AppleWebKit/537.36 (KHTML, like Gecko) Chrome/143.0.0.0 Safari/537.36 Edg/143.0.0.0" 28 **0/28524**
110.74.216.47 - - [11/Jan/2026:08:12:34 -0700] "GET /upload/611749813329.jpg HTTP/2.0" 200 80212 "https://sumangalamcaterers.com/banquet-halls-for-haldi-mehendi-sangeet" "Mozilla/5.0 (Windows NT 10.0; Win64; x64) AppleWebKit/537.36 (KHTML, like Gecko) Chrome/143.0.0.0 Safari/537.36 Edg/143.0.0.0" 10 **0/10656**
110.74.216.47 - - [11/Jan/2026:08:12:34 -0700] "GET /upload/781753792215.avif HTTP/2.0" 200 6563 "https://sumangalamcaterers.com/banquet-halls-for-haldi-mehendi-sangeet" "Mozilla/5.0 (Windows NT 10.0; Win64; x64) AppleWebKit/537.36 (KHTML, like Gecko) Chrome/143.0.0.0 Safari/537.36 Edg/143.0.0.0" 11 **0/11279**
110.74.216.47 - - [11/Jan/2026:08:12:35 -0700] "GET /upload/121749813317.jpg HTTP/2.0" 200 453463 "https://sumangalamcaterers.com/banquet-halls-for-haldi-mehendi-sangeet" "Mozilla/5.0 (Windows NT 10.0; Win64; x64) AppleWebKit/537.36 (KHTML, like Gecko) Chrome/143.0.0.0 Safari/537.36 Edg/143.0.0.0" 2118 **2/2118259**
110.74.216.47 - - [11/Jan/2026:08:12:37 -0700] "GET /upload/201749813302.jpg HTTP/2.0" 200 342872 "https://sumangalamcaterers.com/banquet-halls-for-haldi-mehendi-sangeet" "Mozilla/5.0 (Windows NT 10.0; Win64; x64) AppleWebKit/537.36 (KHTML, like Gecko) Chrome/143.0.0.0 Safari/537.36 Edg/143.0.0.0" 1330 **1/1330083**
110.74.216.47 - - [11/Jan/2026:08:12:37 -0700] "GET /upload/331752138981.jpg HTTP/2.0" 200 1038005 "https://sumangalamcaterers.com/banquet-halls-for-haldi-mehendi-sangeet" "Mozilla/5.0 (Windows NT 10.0; Win64; x64) AppleWebKit/537.36 (KHTML, like Gecko) Chrome/143.0.0.0 Safari/537.36 Edg/143.0.0.0" 5324 **5/5324308**
114.119.146.88 - - [11/Jan/2026:08:13:34 -0700] "GET /?o=1585263 HTTP/1.1" 200 13988 "https://sumangalamcaterers.com/sitemap5.xml" "Mozilla/5.0 (Linux; Android 7.0;) AppleWebKit/537.36 (KHTML, like Gecko) Mobile Safari/537.36 (compatible; PetalBot;+https://webmaster.petalsearch.com/site/petalbot)" 82 **0/82415**
66.249.79.73 - - [11/Jan/2026:08:14:11 -0700] "GET /thread_ceremony.php HTTP/1.1" 200 84450 "-" "Mozilla/5.0 (Linux; Android 6.0.1; Nexus 5X Build/MMB29P) AppleWebKit/537.36 (KHTML, like Gecko) Chrome/143.0.7499.192 Mobile Safari/537.36 (compatible; Googlebot/2.1; +http://www.google.com/bot.html)" 2594 **2/2594950**
114.119.146.88 - - [11/Jan/2026:08:14:56 -0700] "GET /?o=1584384 HTTP/1.1" 200 13988 "https://sumangalamcaterers.com/sitemap4.xml" "Mozilla/5.0 (Linux; Android 7.0;) AppleWebKit/537.36 (KHTML, like Gecko) Mobile Safari/537.36 (compatible; PetalBot;+https://webmaster.petalsearch.com/site/petalbot)" 64 **0/64702**
114.119.145.134 - - [11/Jan/2026:08:16:23 -0700] "GET /?o=1581092 HTTP/1.1" 200 13988 "https://sumangalamcaterers.com/sitemap2.xml" "Mozilla/5.0 (Linux; Android 7.0;) AppleWebKit/537.36 (KHTML, like Gecko) Mobile Safari/537.36 (compatible; PetalBot;+https://webmaster.petalsearch.com/site/petalbot)" 53 **0/53667**
49.42.190.131 - - [11/Jan/2026:08:16:25 -0700] "GET /upload/331752138981.jpg HTTP/2.0" 200 1038005 "https://www.google.com/" "Mozilla/5.0 (Linux; Android 15; V2416 Build/AP3A.240905.015.A2; wv) AppleWebKit/537.36 (KHTML, like Gecko) Version/4.0 Chrome/143.0.7499.146 Mobile Safari/537.36 GoogleApp/17.0.4.ve.arm64" 868 **0/868576**
66.249.79.74 - - [11/Jan/2026:08:16:42 -0700] "GET /images/favicon.png HTTP/1.1" 404 - "-" "Googlebot-Image/1.0" 6 **0/6361**
116.196.81.183 - - [11/Jan/2026:08:17:12 -0700] "GET /wp-content/uploads/2024/01/WhatsApp-Image-2024-01-29-at-4.17.52-PM-1536x1152.jpeg HTTP/1.1" 404 - "https://www.sumangalamcaterers.com/gallery/" "Python/3.12 aiohttp/3.13.2" 8 **0/8294**
114.119.130.110 - - [11/Jan/2026:08:17:44 -0700] "GET /?o=1556320 HTTP/1.1" 200 13988 "https://sumangalamcaterers.com/sitemap5.xml" "Mozilla/5.0 (Linux; Android 7.0;) AppleWebKit/537.36 (KHTML, like Gecko) Mobile Safari/537.36 (compatible; PetalBot;+https://webmaster.petalsearch.com/site/petalbot)" 50 **0/50331**
114.119.143.75 - - [11/Jan/2026:08:19:06 -0700] "GET /?o=1540378 HTTP/1.1" 200 13988 "https://sumangalamcaterers.com/sitemap2.xml" "Mozilla/5.0 (Linux; Android 7.0;) AppleWebKit/537.36 (KHTML, like Gecko) Mobile Safari/537.36 (compatible; PetalBot;+https://webmaster.petalsearch.com/site/petalbot)" 48 **0/48148**
114.119.146.88 - - [11/Jan/2026:08:20:30 -0700] "GET /?o=1538363 HTTP/1.1" 200 13988 "https://sumangalamcaterers.com/sitemap5.xml" "Mozilla/5.0 (Linux; Android 7.0;) AppleWebKit/537.36 (KHTML, like Gecko) Mobile Safari/537.36 (compatible; PetalBot;+https://webmaster.petalsearch.com/site/petalbot)" 73 **0/73503**
114.119.143.75 - - [11/Jan/2026:08:21:53 -0700] "GET /?o=1536119 HTTP/1.1" 200 13988 "https://sumangalamcaterers.com/?sitemap-2.xml" "Mozilla/5.0 (Linux; Android 7.0;) AppleWebKit/537.36 (KHTML, like Gecko) Mobile Safari/537.36 (compatible; PetalBot;+https://webmaster.petalsearch.com/site/petalbot)" 41 **0/41795**
114.119.128.154 - - [11/Jan/2026:08:23:18 -0700] "GET /?o=1530318 HTTP/1.1" 200 13988 "https://sumangalamcaterers.com/?sitemap-4.xml" "Mozilla/5.0 (Linux; Android 7.0;) AppleWebKit/537.36 (KHTML, like Gecko) Mobile Safari/537.36 (compatible; PetalBot;+https://webmaster.petalsearch.com/site/petalbot)" 51 **0/51843**
114.119.130.110 - - [11/Jan/2026:08:24:42 -0700] "GET /?o=1526657 HTTP/1.1" 200 13988 "https://sumangalamcaterers.com/sitemap2.xml" "Mozilla/5.0 (Linux; Android 7.0;) AppleWebKit/537.36 (KHTML, like Gecko) Mobile Safari/537.36 (compatible; PetalBot;+https://webmaster.petalsearch.com/site/petalbot)" 60 **0/60006**
114.119.130.110 - - [11/Jan/2026:08:26:04 -0700] "GET /?o=1525251 HTTP/1.1" 200 13988 "https://sumangalamcaterers.com/?sitemap-3.xml" "Mozilla/5.0 (Linux; Android 7.0;) AppleWebKit/537.36 (KHTML, like Gecko) Mobile Safari/537.36 (compatible; PetalBot;+https://webmaster.petalsearch.com/site/petalbot)" 50 **0/50208**
66.249.79.75 - - [11/Jan/2026:08:26:53 -0700] "GET /thread_ceremony.php HTTP/1.1" 200 84450 "-" "Mozilla/5.0 (Linux; Android 6.0.1; Nexus 5X Build/MMB29P) AppleWebKit/537.36 (KHTML, like Gecko) Chrome/143.0.7499.169 Mobile Safari/537.36 (compatible; Google-InspectionTool/1.0;)" 1523 **1/1523902**
66.249.79.73 - - [11/Jan/2026:08:26:54 -0700] "GET /thread_ceremony.php HTTP/1.1" 200 84450 "-" "Mozilla/5.0 (compatible; Google-InspectionTool/1.0;)" 1466 **1/1466697**
66.249.79.74 - - [11/Jan/2026:08:26:58 -0700] "GET /robots.txt HTTP/1.1" 200 187 "-" "Mozilla/5.0 (compatible; Googlebot/2.1; +http://www.google.com/bot.html)" 7 **0/7930**
66.249.79.73 - - [11/Jan/2026:08:26:58 -0700] "GET /images/1x1.gif?ch=1&rn=9.318034390220419 HTTP/1.1" 404 - "https://sumangalamcaterers.com/thread_ceremony.php" "Mozilla/5.0 (X11; Linux x86_64) AppleWebKit/537.36 (KHTML, like Gecko) Chrome/141.0.7390.122 Safari/537.36 (compatible; Google-InspectionTool/1.0)" 6 **0/6557**
66.249.79.74 - - [11/Jan/2026:08:26:58 -0700] "GET /images/1x1.gif?ch=1&rn=9.318034390220419 HTTP/1.1" 404 - "https://sumangalamcaterers.com/thread_ceremony.php" "Mozilla/5.0 (Linux; Android 6.0.1; Nexus 5X Build/MMB29P) AppleWebKit/537.36 (KHTML, like Gecko) Chrome/141.0.7390.122 Mobile Safari/537.36 (compatible; Google-InspectionTool/1.0)" 6 **0/6955**
66.249.79.74 - - [11/Jan/2026:08:26:58 -0700] "GET /images/1x1.gif?ch=2&rn=9.318034390220419 HTTP/1.1" 404 - "https://sumangalamcaterers.com/thread_ceremony.php" "Mozilla/5.0 (X11; Linux x86_64) AppleWebKit/537.36 (KHTML, like Gecko) Chrome/141.0.7390.122 Safari/537.36 (compatible; Google-InspectionTool/1.0)" 6 **0/6291**
66.249.79.73 - - [11/Jan/2026:08:26:58 -0700] "GET /images/1x1.gif?ch=2&rn=9.318034390220419 HTTP/1.1" 404 - "https://sumangalamcaterers.com/thread_ceremony.php" "Mozilla/5.0 (Linux; Android 6.0.1; Nexus 5X Build/MMB29P) AppleWebKit/537.36 (KHTML, like Gecko) Chrome/141.0.7390.122 Mobile Safari/537.36 (compatible; Google-InspectionTool/1.0)" 8 **0/8824**
66.249.79.73 - - [11/Jan/2026:08:26:59 -0700] "GET /api/v3/ajax/bespoke/public/neu/specs/catnav-mobile?log_performance_metrics=false&specs%5Bcatnav-mobile%5D%5B%5D=CategoryNav_V2_Mobile_ApiSpec_CategoryNav&specs%5Bcatnav-mobile%5D%5B1%5D%5Bmott_version%5D=&specs%5Bcatnav-mobile%5D%5B1%5D%5Bshow_sales%5D=false&specs%5Bcatnav-mobile%5D%5B1%5D%5Bcatnav_gift_guide%5D=control&specs%5Bcatnav-mobile%5D%5B1%5D%5Bgifting_catnav_flyout_js%5D=false&specs%5Bcatnav-mobile%5D%5B1%5D%5Bshould_show_registry_on_nav%5D=false&specs%5Bcatnav-mobile%5D%5B1%5D%5Bshould_use_gifting_taxos_in_nav_flyout%5D=false&specs%5Bcatnav-mobile%5D%5B1%5D%5Blocale%5D=&specs%5Bcatnav-mobile%5D%5B1%5D%5Bshould_use_buyer_taxo%5D=false HTTP/1.1" 404 - "https://sumangalamcaterers.com/thread_ceremony.php" "Mozilla/5.0 (Linux; Android 6.0.1; Nexus 5X Build/MMB29P) AppleWebKit/537.36 (KHTML, like Gecko) Chrome/141.0.7390.122 Mobile Safari/537.36 (compatible; Google-InspectionTool/1.0)" 10 **0/10470**
114.119.151.168 - - [11/Jan/2026:08:27:31 -0700] "GET /?o=1522614 HTTP/1.1" 200 13988 "https://sumangalamcaterers.com/sitemap1.xml" "Mozilla/5.0 (Linux; Android 7.0;) AppleWebKit/537.36 (KHTML, like Gecko) Mobile Safari/537.36 (compatible; PetalBot;+https://webmaster.petalsearch.com/site/petalbot)" 75 **0/75953**
114.119.144.165 - - [11/Jan/2026:08:28:51 -0700] "GET /?o=1519759 HTTP/1.1" 200 13988 "https://sumangalamcaterers.com/?sitemap-3.xml" "Mozilla/5.0 (Linux; Android 7.0;) AppleWebKit/537.36 (KHTML, like Gecko) Mobile Safari/537.36 (compatible; PetalBot;+https://webmaster.petalsearch.com/site/petalbot)" 35 **0/35519**
114.119.145.134 - - [11/Jan/2026:08:30:15 -0700] "GET /?o=1515667 HTTP/1.1" 200 13988 "https://sumangalamcaterers.com/?sitemap-2.xml" "Mozilla/5.0 (Linux; Android 7.0;) AppleWebKit/537.36 (KHTML, like Gecko) Mobile Safari/537.36 (compatible; PetalBot;+https://webmaster.petalsearch.com/site/petalbot)" 95 **0/95173**
66.249.79.75 - - [11/Jan/2026:08:30:15 -0700] "GET /thread_ceremony.php HTTP/1.1" 200 84450 "-" "Mozilla/5.0 (compatible; Google-InspectionTool/1.0;)" 1645 **1/1645520**
66.249.79.74 - - [11/Jan/2026:08:30:16 -0700] "GET /thread_ceremony.php HTTP/1.1" 200 84450 "-" "Mozilla/5.0 (Linux; Android 6.0.1; Nexus 5X Build/MMB29P) AppleWebKit/537.36 (KHTML, like Gecko) Chrome/143.0.7499.169 Mobile Safari/537.36 (compatible; Google-InspectionTool/1.0;)" 1628 **1/1628359**
66.249.79.73 - - [11/Jan/2026:08:30:22 -0700] "GET /robots.txt HTTP/1.1" 200 187 "-" "Mozilla/5.0 (compatible; Googlebot/2.1; +http://www.google.com/bot.html)" 7 **0/7322**
66.249.79.73 - - [11/Jan/2026:08:30:22 -0700] "GET /images/1x1.gif?ch=1&rn=8.140765859279782 HTTP/1.1" 404 - "https://sumangalamcaterers.com/thread_ceremony.php" "Mozilla/5.0 (X11; Linux x86_64) AppleWebKit/537.36 (KHTML, like Gecko) Chrome/141.0.7390.122 Safari/537.36 (compatible; Google-InspectionTool/1.0)" 8 **0/8379**
66.249.79.73 - - [11/Jan/2026:08:30:22 -0700] "GET /images/1x1.gif?ch=2&rn=9.318034390220419 HTTP/1.1" 404 - "https://sumangalamcaterers.com/thread_ceremony.php" "Mozilla/5.0 (Linux; Android 6.0.1; Nexus 5X Build/MMB29P) AppleWebKit/537.36 (KHTML, like Gecko) Chrome/141.0.7390.122 Mobile Safari/537.36 (compatible; Google-InspectionTool/1.0)" 9 **0/9303**
66.249.79.74 - - [11/Jan/2026:08:30:22 -0700] "GET /images/1x1.gif?ch=1&rn=9.318034390220419 HTTP/1.1" 404 - "https://sumangalamcaterers.com/thread_ceremony.php" "Mozilla/5.0 (Linux; Android 6.0.1; Nexus 5X Build/MMB29P) AppleWebKit/537.36 (KHTML, like Gecko) Chrome/141.0.7390.122 Mobile Safari/537.36 (compatible; Google-InspectionTool/1.0)" 8 **0/8569**
66.249.79.73 - - [11/Jan/2026:08:30:22 -0700] "GET /images/1x1.gif?ch=2&rn=8.140765859279782 HTTP/1.1" 404 - "https://sumangalamcaterers.com/thread_ceremony.php" "Mozilla/5.0 (X11; Linux x86_64) AppleWebKit/537.36 (KHTML, like Gecko) Chrome/141.0.7390.122 Safari/537.36 (compatible; Google-InspectionTool/1.0)" 9 **0/9093**
66.249.79.74 - - [11/Jan/2026:08:30:22 -0700] "GET /api/v3/ajax/bespoke/public/neu/specs/catnav-mobile?log_performance_metrics=false&specs%5Bcatnav-mobile%5D%5B%5D=CategoryNav_V2_Mobile_ApiSpec_CategoryNav&specs%5Bcatnav-mobile%5D%5B1%5D%5Bmott_version%5D=&specs%5Bcatnav-mobile%5D%5B1%5D%5Bshow_sales%5D=false&specs%5Bcatnav-mobile%5D%5B1%5D%5Bcatnav_gift_guide%5D=control&specs%5Bcatnav-mobile%5D%5B1%5D%5Bgifting_catnav_flyout_js%5D=false&specs%5Bcatnav-mobile%5D%5B1%5D%5Bshould_show_registry_on_nav%5D=false&specs%5Bcatnav-mobile%5D%5B1%5D%5Bshould_use_gifting_taxos_in_nav_flyout%5D=false&specs%5Bcatnav-mobile%5D%5B1%5D%5Blocale%5D=&specs%5Bcatnav-mobile%5D%5B1%5D%5Bshould_use_buyer_taxo%5D=false HTTP/1.1" 404 - "https://sumangalamcaterers.com/thread_ceremony.php" "Mozilla/5.0 (Linux; Android 6.0.1; Nexus 5X Build/MMB29P) AppleWebKit/537.36 (KHTML, like Gecko) Chrome/141.0.7390.122 Mobile Safari/537.36 (compatible; Google-InspectionTool/1.0)" 9 **0/9410**
173.231.59.154 - - [11/Jan/2026:08:30:42 -0700] "GET /contact.php HTTP/1.1" 200 6881 "-" "Mozilla/5.0 (Macintosh; Intel Mac OS X 10_15_6) AppleWebKit/537.36 (KHTML, like Gecko) Chrome/84.0.4147.105 Safari/537.36" 43 **0/43760**
173.231.59.154 - - [11/Jan/2026:08:30:52 -0700] "GET /contact HTTP/1.1" 200 6881 "-" "Mozilla/5.0 (Macintosh; Intel Mac OS X 10_15_6) AppleWebKit/537.36 (KHTML, like Gecko) Chrome/84.0.4147.105 Safari/537.36" 41 **0/41198**
114.119.141.249 - - [11/Jan/2026:08:31:39 -0700] "GET /?o=1514671 HTTP/1.1" 200 13988 "https://sumangalamcaterers.com/?sitemap-4.xml" "Mozilla/5.0 (Linux; Android 7.0;) AppleWebKit/537.36 (KHTML, like Gecko) Mobile Safari/537.36 (compatible; PetalBot;+https://webmaster.petalsearch.com/site/petalbot)" 50 **0/50344**
116.196.81.183 - - [11/Jan/2026:08:31:43 -0700] "GET /wp-content/uploads/2022/08/ring-ceremony-event.png HTTP/1.1" 404 - "https://www.sumangalamcaterers.com/" "Python/3.12 aiohttp/3.13.2" 7 **0/7511**
114.119.143.75 - - [11/Jan/2026:08:33:03 -0700] "GET /?o=1514400 HTTP/1.1" 200 13988 "https://sumangalamcaterers.com/?sitemap-4.xml" "Mozilla/5.0 (Linux; Android 7.0;) AppleWebKit/537.36 (KHTML, like Gecko) Mobile Safari/537.36 (compatible; PetalBot;+https://webmaster.petalsearch.com/site/petalbot)" 85 **0/85141**
66.249.79.73 - - [11/Jan/2026:08:33:04 -0700] "GET /thread_ceremony.php HTTP/1.1" 200 84450 "-" "Mozilla/5.0 (Linux; Android 6.0.1; Nexus 5X Build/MMB29P) AppleWebKit/537.36 (KHTML, like Gecko) Chrome/143.0.7499.192 Mobile Safari/537.36 (compatible; Googlebot/2.1; +http://www.google.com/bot.html)" 1524 **1/1524636**
114.119.143.75 - - [11/Jan/2026:08:34:26 -0700] "GET /?o=1508077 HTTP/1.1" 200 13988 "https://sumangalamcaterers.com/sitemap1.xml" "Mozilla/5.0 (Linux; Android 7.0;) AppleWebKit/537.36 (KHTML, like Gecko) Mobile Safari/537.36 (compatible; PetalBot;+https://webmaster.petalsearch.com/site/petalbot)" 37 **0/37671**
114.119.128.154 - - [11/Jan/2026:08:35:50 -0700] "GET /?o=1506674 HTTP/1.1" 200 13988 "https://sumangalamcaterers.com/sitemap2.xml" "Mozilla/5.0 (Linux; Android 7.0;) AppleWebKit/537.36 (KHTML, like Gecko) Mobile Safari/537.36 (compatible; PetalBot;+https://webmaster.petalsearch.com/site/petalbot)" 67 **0/67465**
114.119.128.154 - - [11/Jan/2026:08:37:14 -0700] "GET /?o=1501076 HTTP/1.1" 200 13988 "https://sumangalamcaterers.com/?sitemap-4.xml" "Mozilla/5.0 (Linux; Android 7.0;) AppleWebKit/537.36 (KHTML, like Gecko) Mobile Safari/537.36 (compatible; PetalBot;+https://webmaster.petalsearch.com/site/petalbot)" 50 **0/50647**
114.119.144.165 - - [11/Jan/2026:08:38:37 -0700] "GET /?o=1494335 HTTP/1.1" 200 13988 "https://sumangalamcaterers.com/?sitemap-4.xml" "Mozilla/5.0 (Linux; Android 7.0;) AppleWebKit/537.36 (KHTML, like Gecko) Mobile Safari/537.36 (compatible; PetalBot;+https://webmaster.petalsearch.com/site/petalbot)" 51 **0/51766**
114.119.141.249 - - [11/Jan/2026:08:40:02 -0700] "GET /?o=1488948 HTTP/1.1" 200 13988 "https://sumangalamcaterers.com/?sitemap-5.xml" "Mozilla/5.0 (Linux; Android 7.0;) AppleWebKit/537.36 (KHTML, like Gecko) Mobile Safari/537.36 (compatible; PetalBot;+https://webmaster.petalsearch.com/site/petalbot)" 362 **0/362511**
114.119.141.249 - - [11/Jan/2026:08:41:24 -0700] "GET /?o=148845 HTTP/1.1" 200 13988 "https://sumangalamcaterers.com/?sitemap-4.xml" "Mozilla/5.0 (Linux; Android 7.0;) AppleWebKit/537.36 (KHTML, like Gecko) Mobile Safari/537.36 (compatible; PetalBot;+https://webmaster.petalsearch.com/site/petalbot)" 48 **0/48361**
114.119.128.154 - - [11/Jan/2026:08:42:48 -0700] "GET /?o=1487700 HTTP/1.1" 200 13988 "https://sumangalamcaterers.com/?sitemap-4.xml" "Mozilla/5.0 (Linux; Android 7.0;) AppleWebKit/537.36 (KHTML, like Gecko) Mobile Safari/537.36 (compatible; PetalBot;+https://webmaster.petalsearch.com/site/petalbot)" 77 **0/77882**
114.119.145.134 - - [11/Jan/2026:08:44:12 -0700] "GET /?o=1486117 HTTP/1.1" 200 13988 "https://sumangalamcaterers.com/sitemap5.xml" "Mozilla/5.0 (Linux; Android 7.0;) AppleWebKit/537.36 (KHTML, like Gecko) Mobile Safari/537.36 (compatible; PetalBot;+https://webmaster.petalsearch.com/site/petalbot)" 43 **0/43642**
114.119.146.88 - - [11/Jan/2026:08:45:35 -0700] "GET /?o=1485699 HTTP/1.1" 200 13988 "https://sumangalamcaterers.com/sitemap2.xml" "Mozilla/5.0 (Linux; Android 7.0;) AppleWebKit/537.36 (KHTML, like Gecko) Mobile Safari/537.36 (compatible; PetalBot;+https://webmaster.petalsearch.com/site/petalbot)" 40 **0/40615**
114.119.143.75 - - [11/Jan/2026:08:46:59 -0700] "GET /?o=1485106 HTTP/1.1" 200 13988 "https://sumangalamcaterers.com/?sitemap-5.xml" "Mozilla/5.0 (Linux; Android 7.0;) AppleWebKit/537.36 (KHTML, like Gecko) Mobile Safari/537.36 (compatible; PetalBot;+https://webmaster.petalsearch.com/site/petalbot)" 34 **0/34012**
114.119.143.75 - - [11/Jan/2026:08:48:24 -0700] "GET /?o=1476663 HTTP/1.1" 200 13988 "https://sumangalamcaterers.com/?sitemap-5.xml" "Mozilla/5.0 (Linux; Android 7.0;) AppleWebKit/537.36 (KHTML, like Gecko) Mobile Safari/537.36 (compatible; PetalBot;+https://webmaster.petalsearch.com/site/petalbot)" 43 **0/43640**
66.249.79.74 - - [11/Jan/2026:08:48:29 -0700] "GET /thread_ceremony.php HTTP/1.1" 200 84450 "-" "Mozilla/5.0 (Linux; Android 6.0.1; Nexus 5X Build/MMB29P) AppleWebKit/537.36 (KHTML, like Gecko) Chrome/143.0.7499.169 Mobile Safari/537.36 (compatible; Google-InspectionTool/1.0;)" 1573 **1/1573830**
66.249.79.74 - - [11/Jan/2026:08:48:30 -0700] "GET /thread_ceremony.php HTTP/1.1" 200 84450 "-" "Mozilla/5.0 (compatible; Google-InspectionTool/1.0;)" 1804 **1/1804766**
66.249.79.74 - - [11/Jan/2026:08:48:34 -0700] "GET /robots.txt HTTP/1.1" 200 187 "-" "Mozilla/5.0 (compatible; Googlebot/2.1; +http://www.google.com/bot.html)" 6 **0/6273**
66.249.79.74 - - [11/Jan/2026:08:48:34 -0700] "GET /images/1x1.gif?ch=2&rn=9.318034390220419 HTTP/1.1" 404 - "https://sumangalamcaterers.com/thread_ceremony.php" "Mozilla/5.0 (Linux; Android 6.0.1; Nexus 5X Build/MMB29P) AppleWebKit/537.36 (KHTML, like Gecko) Chrome/141.0.7390.122 Mobile Safari/537.36 (compatible; Google-InspectionTool/1.0)" 6 **0/6796**
66.249.79.74 - - [11/Jan/2026:08:48:34 -0700] "GET /images/1x1.gif?ch=1&rn=9.318034390220419 HTTP/1.1" 404 - "https://sumangalamcaterers.com/thread_ceremony.php" "Mozilla/5.0 (Linux; Android 6.0.1; Nexus 5X Build/MMB29P) AppleWebKit/537.36 (KHTML, like Gecko) Chrome/141.0.7390.122 Mobile Safari/537.36 (compatible; Google-InspectionTool/1.0)" 8 **0/8041**
66.249.79.74 - - [11/Jan/2026:08:48:34 -0700] "GET /images/1x1.gif?ch=1&rn=7.015851705800742 HTTP/1.1" 404 - "https://sumangalamcaterers.com/thread_ceremony.php" "Mozilla/5.0 (X11; Linux x86_64) AppleWebKit/537.36 (KHTML, like Gecko) Chrome/141.0.7390.122 Safari/537.36 (compatible; Google-InspectionTool/1.0)" 6 **0/6465**
66.249.79.74 - - [11/Jan/2026:08:48:34 -0700] "GET /images/1x1.gif?ch=2&rn=7.015851705800742 HTTP/1.1" 404 - "https://sumangalamcaterers.com/thread_ceremony.php" "Mozilla/5.0 (X11; Linux x86_64) AppleWebKit/537.36 (KHTML, like Gecko) Chrome/141.0.7390.122 Safari/537.36 (compatible; Google-InspectionTool/1.0)" 4 **0/4915**
66.249.79.73 - - [11/Jan/2026:08:48:34 -0700] "GET /api/v3/ajax/bespoke/public/neu/specs/catnav-mobile?log_performance_metrics=false&specs%5Bcatnav-mobile%5D%5B%5D=CategoryNav_V2_Mobile_ApiSpec_CategoryNav&specs%5Bcatnav-mobile%5D%5B1%5D%5Bmott_version%5D=&specs%5Bcatnav-mobile%5D%5B1%5D%5Bshow_sales%5D=false&specs%5Bcatnav-mobile%5D%5B1%5D%5Bcatnav_gift_guide%5D=control&specs%5Bcatnav-mobile%5D%5B1%5D%5Bgifting_catnav_flyout_js%5D=false&specs%5Bcatnav-mobile%5D%5B1%5D%5Bshould_show_registry_on_nav%5D=false&specs%5Bcatnav-mobile%5D%5B1%5D%5Bshould_use_gifting_taxos_in_nav_flyout%5D=false&specs%5Bcatnav-mobile%5D%5B1%5D%5Blocale%5D=&specs%5Bcatnav-mobile%5D%5B1%5D%5Bshould_use_buyer_taxo%5D=false HTTP/1.1" 404 - "https://sumangalamcaterers.com/thread_ceremony.php" "Mozilla/5.0 (Linux; Android 6.0.1; Nexus 5X Build/MMB29P) AppleWebKit/537.36 (KHTML, like Gecko) Chrome/141.0.7390.122 Mobile Safari/537.36 (compatible; Google-InspectionTool/1.0)" 12 **0/12482**
114.119.130.110 - - [11/Jan/2026:08:49:47 -0700] "GET /?o=1463203 HTTP/1.1" 200 13988 "https://sumangalamcaterers.com/?sitemap-3.xml" "Mozilla/5.0 (Linux; Android 7.0;) AppleWebKit/537.36 (KHTML, like Gecko) Mobile Safari/537.36 (compatible; PetalBot;+https://webmaster.petalsearch.com/site/petalbot)" 42 **0/42572**
114.119.141.249 - - [11/Jan/2026:08:51:10 -0700] "GET /?o=1462148 HTTP/1.1" 200 13988 "https://sumangalamcaterers.com/?sitemap-4.xml" "Mozilla/5.0 (Linux; Android 7.0;) AppleWebKit/537.36 (KHTML, like Gecko) Mobile Safari/537.36 (compatible; PetalBot;+https://webmaster.petalsearch.com/site/petalbot)" 59 **0/59806**
114.119.144.165 - - [11/Jan/2026:08:52:34 -0700] "GET /?o=145777 HTTP/1.1" 200 13988 "https://sumangalamcaterers.com/sitemap2.xml" "Mozilla/5.0 (Linux; Android 7.0;) AppleWebKit/537.36 (KHTML, like Gecko) Mobile Safari/537.36 (compatible; PetalBot;+https://webmaster.petalsearch.com/site/petalbot)" 51 **0/51511**
114.119.145.134 - - [11/Jan/2026:08:53:58 -0700] "GET /?o=1447224 HTTP/1.1" 200 13988 "https://sumangalamcaterers.com/?sitemap-2.xml" "Mozilla/5.0 (Linux; Android 7.0;) AppleWebKit/537.36 (KHTML, like Gecko) Mobile Safari/537.36 (compatible; PetalBot;+https://webmaster.petalsearch.com/site/petalbot)" 69 **0/69488**
114.119.146.88 - - [11/Jan/2026:08:55:22 -0700] "GET /?o=144665 HTTP/1.1" 200 13988 "https://sumangalamcaterers.com/?sitemap-1.xml" "Mozilla/5.0 (Linux; Android 7.0;) AppleWebKit/537.36 (KHTML, like Gecko) Mobile Safari/537.36 (compatible; PetalBot;+https://webmaster.petalsearch.com/site/petalbot)" 58 **0/58212**
114.119.145.134 - - [11/Jan/2026:08:56:44 -0700] "GET /?o=1439786 HTTP/1.1" 200 13988 "https://sumangalamcaterers.com/sitemap4.xml" "Mozilla/5.0 (Linux; Android 7.0;) AppleWebKit/537.36 (KHTML, like Gecko) Mobile Safari/537.36 (compatible; PetalBot;+https://webmaster.petalsearch.com/site/petalbot)" 40 **0/40696**
216.73.216.52 - - [11/Jan/2026:08:57:28 -0700] "GET /robots.txt HTTP/2.0" 200 187 "-" "Mozilla/5.0 AppleWebKit/537.36 (KHTML, like Gecko; compatible; ClaudeBot/1.0; +claudebot@anthropic.com)" 105 **0/105673**
216.73.216.52 - - [11/Jan/2026:08:57:28 -0700] "GET /main.php HTTP/2.0" 404 - "-" "Mozilla/5.0 AppleWebKit/537.36 (KHTML, like Gecko; compatible; ClaudeBot/1.0; +claudebot@anthropic.com)" 13 **0/13130**
114.119.151.168 - - [11/Jan/2026:08:58:08 -0700] "GET /?o=143961 HTTP/1.1" 200 13988 "https://sumangalamcaterers.com/sitemap3.xml" "Mozilla/5.0 (Linux; Android 7.0;) AppleWebKit/537.36 (KHTML, like Gecko) Mobile Safari/537.36 (compatible; PetalBot;+https://webmaster.petalsearch.com/site/petalbot)" 49 **0/49691**
114.119.128.154 - - [11/Jan/2026:08:59:32 -0700] "GET /?o=1439181 HTTP/1.1" 200 13988 "https://sumangalamcaterers.com/?sitemap-2.xml" "Mozilla/5.0 (Linux; Android 7.0;) AppleWebKit/537.36 (KHTML, like Gecko) Mobile Safari/537.36 (compatible; PetalBot;+https://webmaster.petalsearch.com/site/petalbot)" 40 **0/40554**
114.119.130.110 - - [11/Jan/2026:09:00:56 -0700] "GET /?o=1435569 HTTP/1.1" 200 13988 "https://sumangalamcaterers.com/sitemap4.xml" "Mozilla/5.0 (Linux; Android 7.0;) AppleWebKit/537.36 (KHTML, like Gecko) Mobile Safari/537.36 (compatible; PetalBot;+https://webmaster.petalsearch.com/site/petalbot)" 70 **0/70541**
114.119.128.154 - - [11/Jan/2026:09:02:19 -0700] "GET /?o=1431136 HTTP/1.1" 200 13988 "https://sumangalamcaterers.com/sitemap4.xml" "Mozilla/5.0 (Linux; Android 7.0;) AppleWebKit/537.36 (KHTML, like Gecko) Mobile Safari/537.36 (compatible; PetalBot;+https://webmaster.petalsearch.com/site/petalbot)" 51 **0/51299**
114.119.143.75 - - [11/Jan/2026:09:03:43 -0700] "GET /?o=142479 HTTP/1.1" 200 13988 "https://sumangalamcaterers.com/?sitemap-5.xml" "Mozilla/5.0 (Linux; Android 7.0;) AppleWebKit/537.36 (KHTML, like Gecko) Mobile Safari/537.36 (compatible; PetalBot;+https://webmaster.petalsearch.com/site/petalbot)" 39 **0/39376**
114.119.145.134 - - [11/Jan/2026:09:05:06 -0700] "GET /?o=1423370 HTTP/1.1" 200 13988 "https://sumangalamcaterers.com/?sitemap-5.xml" "Mozilla/5.0 (Linux; Android 7.0;) AppleWebKit/537.36 (KHTML, like Gecko) Mobile Safari/537.36 (compatible; PetalBot;+https://webmaster.petalsearch.com/site/petalbot)" 206 **0/206065**
114.119.130.110 - - [11/Jan/2026:09:06:31 -0700] "GET /?o=1421134 HTTP/1.1" 200 13988 "https://sumangalamcaterers.com/?sitemap-1.xml" "Mozilla/5.0 (Linux; Android 7.0;) AppleWebKit/537.36 (KHTML, like Gecko) Mobile Safari/537.36 (compatible; PetalBot;+https://webmaster.petalsearch.com/site/petalbot)" 55 **0/55249**
114.119.143.75 - - [11/Jan/2026:09:07:55 -0700] "GET /?o=1418657 HTTP/1.1" 200 13988 "https://sumangalamcaterers.com/sitemap4.xml" "Mozilla/5.0 (Linux; Android 7.0;) AppleWebKit/537.36 (KHTML, like Gecko) Mobile Safari/537.36 (compatible; PetalBot;+https://webmaster.petalsearch.com/site/petalbot)" 50 **0/50141**
216.73.216.52 - - [11/Jan/2026:09:08:38 -0700] "GET /good.php HTTP/2.0" 404 - "-" "Mozilla/5.0 AppleWebKit/537.36 (KHTML, like Gecko; compatible; ClaudeBot/1.0; +claudebot@anthropic.com)" 9 **0/9147**
114.119.143.75 - - [11/Jan/2026:09:09:19 -0700] "GET /?o=1418021 HTTP/1.1" 200 13988 "https://sumangalamcaterers.com/?sitemap-5.xml" "Mozilla/5.0 (Linux; Android 7.0;) AppleWebKit/537.36 (KHTML, like Gecko) Mobile Safari/537.36 (compatible; PetalBot;+https://webmaster.petalsearch.com/site/petalbot)" 60 **0/60676**
114.119.151.168 - - [11/Jan/2026:09:10:42 -0700] "GET /?o=1410069 HTTP/1.1" 200 13988 "https://sumangalamcaterers.com/?sitemap-1.xml" "Mozilla/5.0 (Linux; Android 7.0;) AppleWebKit/537.36 (KHTML, like Gecko) Mobile Safari/537.36 (compatible; PetalBot;+https://webmaster.petalsearch.com/site/petalbot)" 55 **0/55417**
114.119.143.75 - - [11/Jan/2026:09:12:08 -0700] "GET /?o=1407446 HTTP/1.1" 200 13988 "https://sumangalamcaterers.com/sitemap4.xml" "Mozilla/5.0 (Linux; Android 7.0;) AppleWebKit/537.36 (KHTML, like Gecko) Mobile Safari/537.36 (compatible; PetalBot;+https://webmaster.petalsearch.com/site/petalbot)" 61 **0/61100**
114.119.144.165 - - [11/Jan/2026:09:13:30 -0700] "GET /?o=1395738 HTTP/1.1" 200 13988 "https://sumangalamcaterers.com/sitemap4.xml" "Mozilla/5.0 (Linux; Android 7.0;) AppleWebKit/537.36 (KHTML, like Gecko) Mobile Safari/537.36 (compatible; PetalBot;+https://webmaster.petalsearch.com/site/petalbot)" 73 **0/73405**
114.119.130.110 - - [11/Jan/2026:09:14:53 -0700] "GET /?o=1393428 HTTP/1.1" 200 13988 "https://sumangalamcaterers.com/?sitemap-5.xml" "Mozilla/5.0 (Linux; Android 7.0;) AppleWebKit/537.36 (KHTML, like Gecko) Mobile Safari/537.36 (compatible; PetalBot;+https://webmaster.petalsearch.com/site/petalbot)" 71 **0/71229**
114.119.144.165 - - [11/Jan/2026:09:16:18 -0700] "GET /?o=139210 HTTP/1.1" 200 13988 "https://sumangalamcaterers.com/?sitemap-1.xml" "Mozilla/5.0 (Linux; Android 7.0;) AppleWebKit/537.36 (KHTML, like Gecko) Mobile Safari/537.36 (compatible; PetalBot;+https://webmaster.petalsearch.com/site/petalbot)" 39 **0/39032**
69.171.231.20 - - [11/Jan/2026:09:16:24 -0700] "GET /venue/aqua-lawn HTTP/2.0" 200 36351 "-" "facebookexternalhit/1.1 (+http://www.facebook.com/externalhit_uatext.php)" 59 **0/59282**
114.119.143.75 - - [11/Jan/2026:09:17:41 -0700] "GET /?o=1391241 HTTP/1.1" 200 13988 "https://sumangalamcaterers.com/sitemap2.xml" "Mozilla/5.0 (Linux; Android 7.0;) AppleWebKit/537.36 (KHTML, like Gecko) Mobile Safari/537.36 (compatible; PetalBot;+https://webmaster.petalsearch.com/site/petalbot)" 45 **0/45553**
114.119.143.75 - - [11/Jan/2026:09:19:04 -0700] "GET /?o=1387964 HTTP/1.1" 200 13988 "https://sumangalamcaterers.com/?sitemap-3.xml" "Mozilla/5.0 (Linux; Android 7.0;) AppleWebKit/537.36 (KHTML, like Gecko) Mobile Safari/537.36 (compatible; PetalBot;+https://webmaster.petalsearch.com/site/petalbot)" 41 **0/41704**
216.73.216.52 - - [11/Jan/2026:09:19:16 -0700] "GET /good.php HTTP/2.0" 404 - "-" "Mozilla/5.0 AppleWebKit/537.36 (KHTML, like Gecko; compatible; ClaudeBot/1.0; +claudebot@anthropic.com)" 9 **0/9092**
114.119.144.165 - - [11/Jan/2026:09:20:28 -0700] "GET /?o=1382947 HTTP/1.1" 200 13988 "https://sumangalamcaterers.com/?sitemap-1.xml" "Mozilla/5.0 (Linux; Android 7.0;) AppleWebKit/537.36 (KHTML, like Gecko) Mobile Safari/537.36 (compatible; PetalBot;+https://webmaster.petalsearch.com/site/petalbot)" 47 **0/47994**
66.249.79.74 - - [11/Jan/2026:09:20:57 -0700] "GET / HTTP/1.1" 200 12550 "-" "Mozilla/5.0 (Linux; Android 6.0.1; Nexus 5X Build/MMB29P) AppleWebKit/537.36 (KHTML, like Gecko) Chrome/143.0.7499.192 Mobile Safari/537.36 (compatible; Googlebot/2.1; +http://www.google.com/bot.html)" 37 **0/37087**
114.119.146.88 - - [11/Jan/2026:09:21:52 -0700] "GET /?o=1373953 HTTP/1.1" 200 13988 "https://sumangalamcaterers.com/?sitemap-4.xml" "Mozilla/5.0 (Linux; Android 7.0;) AppleWebKit/537.36 (KHTML, like Gecko) Mobile Safari/537.36 (compatible; PetalBot;+https://webmaster.petalsearch.com/site/petalbot)" 61 **0/61388**
114.119.141.249 - - [11/Jan/2026:09:23:15 -0700] "GET /?o=1371950 HTTP/1.1" 200 13988 "https://sumangalamcaterers.com/sitemap5.xml" "Mozilla/5.0 (Linux; Android 7.0;) AppleWebKit/537.36 (KHTML, like Gecko) Mobile Safari/537.36 (compatible; PetalBot;+https://webmaster.petalsearch.com/site/petalbot)" 38 **0/38398**
114.119.144.165 - - [11/Jan/2026:09:24:38 -0700] "GET /?o=1371558 HTTP/1.1" 200 13988 "https://sumangalamcaterers.com/?sitemap-4.xml" "Mozilla/5.0 (Linux; Android 7.0;) AppleWebKit/537.36 (KHTML, like Gecko) Mobile Safari/537.36 (compatible; PetalBot;+https://webmaster.petalsearch.com/site/petalbot)" 37 **0/37558**
114.119.130.110 - - [11/Jan/2026:09:26:02 -0700] "GET /?o=1365828 HTTP/1.1" 200 13988 "https://sumangalamcaterers.com/sitemap5.xml" "Mozilla/5.0 (Linux; Android 7.0;) AppleWebKit/537.36 (KHTML, like Gecko) Mobile Safari/537.36 (compatible; PetalBot;+https://webmaster.petalsearch.com/site/petalbot)" 58 **0/58687**
27.46.125.159 - - [11/Jan/2026:09:27:01 -0700] "GET /robots.txt HTTP/1.1" 200 217 "-" "Mozilla/5.0 (Windows NT 10.0; Win64; x64) AppleWebKit/537.36 (KHTML, like Gecko) Chrome/53.0.3061.106 Safari/537.36 OPR/63.0.3368.43" 8 **0/8344**
114.119.145.134 - - [11/Jan/2026:09:27:26 -0700] "GET /?o=1365560 HTTP/1.1" 200 13988 "https://sumangalamcaterers.com/?sitemap-4.xml" "Mozilla/5.0 (Linux; Android 7.0;) AppleWebKit/537.36 (KHTML, like Gecko) Mobile Safari/537.36 (compatible; PetalBot;+https://webmaster.petalsearch.com/site/petalbot)" 43 **0/43470**
114.119.141.249 - - [11/Jan/2026:09:28:49 -0700] "GET /?o=1364227 HTTP/1.1" 200 13988 "https://sumangalamcaterers.com/?sitemap-4.xml" "Mozilla/5.0 (Linux; Android 7.0;) AppleWebKit/537.36 (KHTML, like Gecko) Mobile Safari/537.36 (compatible; PetalBot;+https://webmaster.petalsearch.com/site/petalbot)" 67 **0/67071**
54.39.89.5 - - [11/Jan/2026:09:29:56 -0700] "GET /?sitemap-3.xml HTTP/2.0" 200 12550 "-" "Mozilla/5.0 (compatible; AhrefsBot/7.0; +http://ahrefs.com/robot/)" 57 **0/57189**
114.119.151.168 - - [11/Jan/2026:09:30:13 -0700] "GET /?o=1363977 HTTP/1.1" 200 13988 "https://sumangalamcaterers.com/sitemap1.xml" "Mozilla/5.0 (Linux; Android 7.0;) AppleWebKit/537.36 (KHTML, like Gecko) Mobile Safari/537.36 (compatible; PetalBot;+https://webmaster.petalsearch.com/site/petalbot)" 189 **0/189154**
114.119.146.88 - - [11/Jan/2026:09:31:36 -0700] "GET /?o=1361143 HTTP/1.1" 200 13988 "https://sumangalamcaterers.com/?sitemap-4.xml" "Mozilla/5.0 (Linux; Android 7.0;) AppleWebKit/537.36 (KHTML, like Gecko) Mobile Safari/537.36 (compatible; PetalBot;+https://webmaster.petalsearch.com/site/petalbot)" 88 **0/88727**
114.119.145.134 - - [11/Jan/2026:09:33:01 -0700] "GET /?o=1359951 HTTP/1.1" 200 13988 "https://sumangalamcaterers.com/sitemap2.xml" "Mozilla/5.0 (Linux; Android 7.0;) AppleWebKit/537.36 (KHTML, like Gecko) Mobile Safari/537.36 (compatible; PetalBot;+https://webmaster.petalsearch.com/site/petalbot)" 106 **0/106578**
114.119.143.75 - - [11/Jan/2026:09:34:23 -0700] "GET /?o=1356207 HTTP/1.1" 200 13988 "https://sumangalamcaterers.com/?sitemap-2.xml" "Mozilla/5.0 (Linux; Android 7.0;) AppleWebKit/537.36 (KHTML, like Gecko) Mobile Safari/537.36 (compatible; PetalBot;+https://webmaster.petalsearch.com/site/petalbot)" 106 **0/106399**
114.119.130.110 - - [11/Jan/2026:09:35:47 -0700] "GET /?o=1356207 HTTP/1.1" 200 13988 "https://sumangalamcaterers.com/?sitemap-2.xml" "Mozilla/5.0 (Linux; Android 7.0;) AppleWebKit/537.36 (KHTML, like Gecko) Mobile Safari/537.36 (compatible; PetalBot;+https://webmaster.petalsearch.com/site/petalbot)" 68 **0/68287**
114.119.146.88 - - [11/Jan/2026:09:37:11 -0700] "GET /?o=1354654 HTTP/1.1" 200 13988 "https://sumangalamcaterers.com/?sitemap-5.xml" "Mozilla/5.0 (Linux; Android 7.0;) AppleWebKit/537.36 (KHTML, like Gecko) Mobile Safari/537.36 (compatible; PetalBot;+https://webmaster.petalsearch.com/site/petalbot)" 48 **0/48789**
114.119.146.88 - - [11/Jan/2026:09:38:34 -0700] "GET /?o=1354133 HTTP/1.1" 200 13988 "https://sumangalamcaterers.com/?sitemap-4.xml" "Mozilla/5.0 (Linux; Android 7.0;) AppleWebKit/537.36 (KHTML, like Gecko) Mobile Safari/537.36 (compatible; PetalBot;+https://webmaster.petalsearch.com/site/petalbot)" 40 **0/40925**
114.119.128.154 - - [11/Jan/2026:09:39:57 -0700] "GET /?o=1351605 HTTP/1.1" 200 13988 "https://sumangalamcaterers.com/?sitemap-4.xml" "Mozilla/5.0 (Linux; Android 7.0;) AppleWebKit/537.36 (KHTML, like Gecko) Mobile Safari/537.36 (compatible; PetalBot;+https://webmaster.petalsearch.com/site/petalbot)" 53 **0/53867**
31.13.127.116 - - [11/Jan/2026:09:40:15 -0700] "GET / HTTP/2.0" 200 83615 "-" "facebookexternalhit/1.1 (+http://www.facebook.com/externalhit_uatext.php)" 159 **0/159963**
114.119.143.75 - - [11/Jan/2026:09:41:20 -0700] "GET /?o=1351544 HTTP/1.1" 200 13988 "https://sumangalamcaterers.com/sitemap3.xml" "Mozilla/5.0 (Linux; Android 7.0;) AppleWebKit/537.36 (KHTML, like Gecko) Mobile Safari/537.36 (compatible; PetalBot;+https://webmaster.petalsearch.com/site/petalbot)" 45 **0/45221**
216.73.216.52 - - [11/Jan/2026:09:41:51 -0700] "GET /good.php HTTP/2.0" 404 - "-" "Mozilla/5.0 AppleWebKit/537.36 (KHTML, like Gecko; compatible; ClaudeBot/1.0; +claudebot@anthropic.com)" 9 **0/9283**
114.119.145.134 - - [11/Jan/2026:09:42:47 -0700] "GET /?o=1348054 HTTP/1.1" 200 13988 "https://sumangalamcaterers.com/sitemap3.xml" "Mozilla/5.0 (Linux; Android 7.0;) AppleWebKit/537.36 (KHTML, like Gecko) Mobile Safari/537.36 (compatible; PetalBot;+https://webmaster.petalsearch.com/site/petalbot)" 69 **0/69881**
114.119.146.88 - - [11/Jan/2026:09:44:08 -0700] "GET /?o=1341368 HTTP/1.1" 200 13988 "https://sumangalamcaterers.com/?sitemap-4.xml" "Mozilla/5.0 (Linux; Android 7.0;) AppleWebKit/537.36 (KHTML, like Gecko) Mobile Safari/537.36 (compatible; PetalBot;+https://webmaster.petalsearch.com/site/petalbot)" 71 **0/71920**
114.119.141.249 - - [11/Jan/2026:09:45:33 -0700] "GET /?o=134060 HTTP/1.1" 200 13988 "https://sumangalamcaterers.com/?sitemap-5.xml" "Mozilla/5.0 (Linux; Android 7.0;) AppleWebKit/537.36 (KHTML, like Gecko) Mobile Safari/537.36 (compatible; PetalBot;+https://webmaster.petalsearch.com/site/petalbot)" 47 **0/47404**
114.119.143.75 - - [11/Jan/2026:09:46:55 -0700] "GET /?o=1336766 HTTP/1.1" 200 13988 "https://sumangalamcaterers.com/sitemap3.xml" "Mozilla/5.0 (Linux; Android 7.0;) AppleWebKit/537.36 (KHTML, like Gecko) Mobile Safari/537.36 (compatible; PetalBot;+https://webmaster.petalsearch.com/site/petalbot)" 77 **0/77569**
114.119.143.75 - - [11/Jan/2026:09:48:19 -0700] "GET /?o=1335724 HTTP/1.1" 200 13988 "https://sumangalamcaterers.com/?sitemap-5.xml" "Mozilla/5.0 (Linux; Android 7.0;) AppleWebKit/537.36 (KHTML, like Gecko) Mobile Safari/537.36 (compatible; PetalBot;+https://webmaster.petalsearch.com/site/petalbot)" 77 **0/77346**
114.119.144.165 - - [11/Jan/2026:09:49:42 -0700] "GET /?o=1335654 HTTP/1.1" 200 13988 "https://sumangalamcaterers.com/?sitemap-3.xml" "Mozilla/5.0 (Linux; Android 7.0;) AppleWebKit/537.36 (KHTML, like Gecko) Mobile Safari/537.36 (compatible; PetalBot;+https://webmaster.petalsearch.com/site/petalbot)" 45 **0/45919**
114.119.130.110 - - [11/Jan/2026:09:52:04 -0700] "GET /?o=1335029 HTTP/1.1" 200 13988 "https://sumangalamcaterers.com/?sitemap-4.xml" "Mozilla/5.0 (Linux; Android 7.0;) AppleWebKit/537.36 (KHTML, like Gecko) Mobile Safari/537.36 (compatible; PetalBot;+https://webmaster.petalsearch.com/site/petalbot)" 595 **0/595334**
114.119.141.249 - - [11/Jan/2026:09:53:37 -0700] "GET /?o=133417 HTTP/1.1" 200 13988 "https://sumangalamcaterers.com/sitemap4.xml" "Mozilla/5.0 (Linux; Android 7.0;) AppleWebKit/537.36 (KHTML, like Gecko) Mobile Safari/537.36 (compatible; PetalBot;+https://webmaster.petalsearch.com/site/petalbot)" 138 **0/138946**
66.249.79.74 - - [11/Jan/2026:09:54:08 -0700] "GET /?o=141448 HTTP/1.1" 200 12550 "-" "Mozilla/5.0 (Linux; Android 6.0.1; Nexus 5X Build/MMB29P) AppleWebKit/537.36 (KHTML, like Gecko) Chrome/143.0.7499.192 Mobile Safari/537.36 (compatible; GoogleOther)" 99 **0/99200**
114.119.128.154 - - [11/Jan/2026:09:54:25 -0700] "GET /?o=1328644 HTTP/1.1" 200 13988 "https://sumangalamcaterers.com/?sitemap-2.xml" "Mozilla/5.0 (Linux; Android 7.0;) AppleWebKit/537.36 (KHTML, like Gecko) Mobile Safari/537.36 (compatible; PetalBot;+https://webmaster.petalsearch.com/site/petalbot)" 229 **0/229977**
66.249.79.74 - - [11/Jan/2026:09:54:25 -0700] "GET /sumangalamcaterers.com/jquery-3.7.1.min.js HTTP/1.1" 404 - "https://sumangalamcaterers.com/?o=141448" "Mozilla/5.0 (Linux; Android 6.0.1; Nexus 5X Build/MMB29P) AppleWebKit/537.36 (KHTML, like Gecko) Chrome/143.0.7499.169 Mobile Safari/537.36 (compatible; Googlebot/2.1; +http://www.google.com/bot.html)" 2 **0/2899**
114.119.128.154 - - [11/Jan/2026:09:55:16 -0700] "GET /?o=1325998 HTTP/1.1" 200 13988 "https://sumangalamcaterers.com/?sitemap-3.xml" "Mozilla/5.0 (Linux; Android 7.0;) AppleWebKit/537.36 (KHTML, like Gecko) Mobile Safari/537.36 (compatible; PetalBot;+https://webmaster.petalsearch.com/site/petalbot)" 156 **0/156683**
114.119.141.249 - - [11/Jan/2026:09:56:40 -0700] "GET /?o=1320713 HTTP/1.1" 200 13988 "https://sumangalamcaterers.com/?sitemap-4.xml" "Mozilla/5.0 (Linux; Android 7.0;) AppleWebKit/537.36 (KHTML, like Gecko) Mobile Safari/537.36 (compatible; PetalBot;+https://webmaster.petalsearch.com/site/petalbot)" 97 **0/97342**
114.119.130.110 - - [11/Jan/2026:09:58:04 -0700] "GET /?o=1317838 HTTP/1.1" 200 13988 "https://sumangalamcaterers.com/?sitemap-3.xml" "Mozilla/5.0 (Linux; Android 7.0;) AppleWebKit/537.36 (KHTML, like Gecko) Mobile Safari/537.36 (compatible; PetalBot;+https://webmaster.petalsearch.com/site/petalbot)" 220 **0/220453**
114.119.151.168 - - [11/Jan/2026:09:59:29 -0700] "GET /?o=1317311 HTTP/1.1" 200 13988 "https://sumangalamcaterers.com/?sitemap-5.xml" "Mozilla/5.0 (Linux; Android 7.0;) AppleWebKit/537.36 (KHTML, like Gecko) Mobile Safari/537.36 (compatible; PetalBot;+https://webmaster.petalsearch.com/site/petalbot)" 101 **0/101428**
216.73.216.52 - - [11/Jan/2026:10:00:15 -0700] "GET /robots.txt HTTP/2.0" 200 187 "-" "Mozilla/5.0 AppleWebKit/537.36 (KHTML, like Gecko; compatible; ClaudeBot/1.0; +claudebot@anthropic.com)" 18 **0/18544**
216.73.216.52 - - [11/Jan/2026:10:00:15 -0700] "GET /good.php HTTP/2.0" 404 - "-" "Mozilla/5.0 AppleWebKit/537.36 (KHTML, like Gecko; compatible; ClaudeBot/1.0; +claudebot@anthropic.com)" 9 **0/9459**
114.119.144.165 - - [11/Jan/2026:10:00:51 -0700] "GET /?o=131459 HTTP/1.1" 200 13988 "https://sumangalamcaterers.com/?sitemap-1.xml" "Mozilla/5.0 (Linux; Android 7.0;) AppleWebKit/537.36 (KHTML, like Gecko) Mobile Safari/537.36 (compatible; PetalBot;+https://webmaster.petalsearch.com/site/petalbot)" 86 **0/86828**
182.3.53.91 - - [11/Jan/2026:10:00:54 -0700] "GET /contact.php HTTP/2.0" 200 6416 "https://www.google.com/" "Mozilla/5.0 (Linux; Android 10; K) AppleWebKit/537.36 (KHTML, like Gecko) Chrome/138.0.0.0 Mobile Safari/537.36" 36 **0/36092**
