114.119.151.168 - - [11/Jan/2026:07:09:26 -0700] "GET /?o=1894782 HTTP/1.1" 200 13988 "https://sumangalamcaterers.com/sitemap4.xml" "Mozilla/5.0 (Linux; Android 7.0;) AppleWebKit/537.36 (KHTML, like Gecko) Mobile Safari/537.36 (compatible; PetalBot;+https://webmaster.petalsearch.com/site/petalbot)" 33 **0/33486**
142.44.225.57 - - [11/Jan/2026:07:09:52 -0700] "GET / HTTP/2.0" 200 12550 "-" "Mozilla/5.0 (compatible; AhrefsBot/7.0; +http://ahrefs.com/robot/)" 41 **0/41191**
114.119.144.165 - - [11/Jan/2026:07:10:49 -0700] "GET /?o=1882975 HTTP/1.1" 200 13988 "https://sumangalamcaterers.com/?sitemap-5.xml" "Mozilla/5.0 (Linux; Android 7.0;) AppleWebKit/537.36 (KHTML, like Gecko) Mobile Safari/537.36 (compatible; PetalBot;+https://webmaster.petalsearch.com/site/petalbot)" 63 **0/63100**
114.119.145.134 - - [11/Jan/2026:07:12:13 -0700] "GET /?o=1855751 HTTP/1.1" 200 13988 "https://sumangalamcaterers.com/sitemap3.xml" "Mozilla/5.0 (Linux; Android 7.0;) AppleWebKit/537.36 (KHTML, like Gecko) Mobile Safari/537.36 (compatible; PetalBot;+https://webmaster.petalsearch.com/site/petalbot)" 38 **0/38281**
114.119.146.88 - - [11/Jan/2026:07:13:36 -0700] "GET /?o=1831458 HTTP/1.1" 200 13988 "https://sumangalamcaterers.com/?sitemap-1.xml" "Mozilla/5.0 (Linux; Android 7.0;) AppleWebKit/537.36 (KHTML, like Gecko) Mobile Safari/537.36 (compatible; PetalBot;+https://webmaster.petalsearch.com/site/petalbot)" 41 **0/41439**
114.119.144.165 - - [11/Jan/2026:07:14:59 -0700] "GET /?o=1813978 HTTP/1.1" 200 13988 "https://sumangalamcaterers.com/sitemap4.xml" "Mozilla/5.0 (Linux; Android 7.0;) AppleWebKit/537.36 (KHTML, like Gecko) Mobile Safari/537.36 (compatible; PetalBot;+https://webmaster.petalsearch.com/site/petalbot)" 41 **0/41626**
114.119.128.154 - - [11/Jan/2026:07:16:23 -0700] "GET /?o=1808921 HTTP/1.1" 200 13988 "https://sumangalamcaterers.com/sitemap1.xml" "Mozilla/5.0 (Linux; Android 7.0;) AppleWebKit/537.36 (KHTML, like Gecko) Mobile Safari/537.36 (compatible; PetalBot;+https://webmaster.petalsearch.com/site/petalbot)" 33 **0/33530**
114.119.144.165 - - [11/Jan/2026:07:17:46 -0700] "GET /?o=1806846 HTTP/1.1" 200 13988 "https://sumangalamcaterers.com/sitemap1.xml" "Mozilla/5.0 (Linux; Android 7.0;) AppleWebKit/537.36 (KHTML, like Gecko) Mobile Safari/537.36 (compatible; PetalBot;+https://webmaster.petalsearch.com/site/petalbot)" 43 **0/43251**
216.73.216.52 - - [11/Jan/2026:07:18:37 -0700] "GET /robots.txt HTTP/2.0" 200 187 "-" "Mozilla/5.0 AppleWebKit/537.36 (KHTML, like Gecko; compatible; ClaudeBot/1.0; +claudebot@anthropic.com)" 6 **0/6727**
216.73.216.52 - - [11/Jan/2026:07:18:37 -0700] "GET /good.php HTTP/2.0" 404 - "-" "Mozilla/5.0 AppleWebKit/537.36 (KHTML, like Gecko; compatible; ClaudeBot/1.0; +claudebot@anthropic.com)" 9 **0/9046**
114.119.145.134 - - [11/Jan/2026:07:19:10 -0700] "GET /?o=1806047 HTTP/1.1" 200 13988 "https://sumangalamcaterers.com/sitemap3.xml" "Mozilla/5.0 (Linux; Android 7.0;) AppleWebKit/537.36 (KHTML, like Gecko) Mobile Safari/537.36 (compatible; PetalBot;+https://webmaster.petalsearch.com/site/petalbot)" 50 **0/50731**
114.119.146.88 - - [11/Jan/2026:07:20:34 -0700] "GET /?o=1791867 HTTP/1.1" 200 13988 "https://sumangalamcaterers.com/sitemap3.xml" "Mozilla/5.0 (Linux; Android 7.0;) AppleWebKit/537.36 (KHTML, like Gecko) Mobile Safari/537.36 (compatible; PetalBot;+https://webmaster.petalsearch.com/site/petalbot)" 60 **0/60920**
114.119.128.154 - - [11/Jan/2026:07:21:57 -0700] "GET /?o=1791694 HTTP/1.1" 200 13988 "https://sumangalamcaterers.com/?sitemap-5.xml" "Mozilla/5.0 (Linux; Android 7.0;) AppleWebKit/537.36 (KHTML, like Gecko) Mobile Safari/537.36 (compatible; PetalBot;+https://webmaster.petalsearch.com/site/petalbot)" 61 **0/61843**
216.73.216.52 - - [11/Jan/2026:07:22:14 -0700] "GET /good.php HTTP/2.0" 404 - "-" "Mozilla/5.0 AppleWebKit/537.36 (KHTML, like Gecko; compatible; ClaudeBot/1.0; +claudebot@anthropic.com)" 9 **0/9040**
114.119.144.165 - - [11/Jan/2026:07:23:20 -0700] "GET /?o=1791484 HTTP/1.1" 200 13988 "https://sumangalamcaterers.com/sitemap3.xml" "Mozilla/5.0 (Linux; Android 7.0;) AppleWebKit/537.36 (KHTML, like Gecko) Mobile Safari/537.36 (compatible; PetalBot;+https://webmaster.petalsearch.com/site/petalbot)" 37 **0/37734**
114.119.141.249 - - [11/Jan/2026:07:24:45 -0700] "GET /?o=1790243 HTTP/1.1" 200 13988 "https://sumangalamcaterers.com/?sitemap-1.xml" "Mozilla/5.0 (Linux; Android 7.0;) AppleWebKit/537.36 (KHTML, like Gecko) Mobile Safari/537.36 (compatible; PetalBot;+https://webmaster.petalsearch.com/site/petalbot)" 58 **0/58775**
112.86.225.166 - - [11/Jan/2026:07:25:18 -0700] "GET / HTTP/1.1" 200 13988 "-" "Sogou web spider/4.0(+http://www.sogou.com/docs/help/webmasters.htm#07)" 173 **0/173364**
114.119.144.165 - - [11/Jan/2026:07:26:08 -0700] "GET /?o=1788254 HTTP/1.1" 200 13988 "https://sumangalamcaterers.com/sitemap4.xml" "Mozilla/5.0 (Linux; Android 7.0;) AppleWebKit/537.36 (KHTML, like Gecko) Mobile Safari/537.36 (compatible; PetalBot;+https://webmaster.petalsearch.com/site/petalbot)" 83 **0/83341**
114.119.146.88 - - [11/Jan/2026:07:27:32 -0700] "GET /?o=1784303 HTTP/1.1" 200 13988 "https://sumangalamcaterers.com/?sitemap-4.xml" "Mozilla/5.0 (Linux; Android 7.0;) AppleWebKit/537.36 (KHTML, like Gecko) Mobile Safari/537.36 (compatible; PetalBot;+https://webmaster.petalsearch.com/site/petalbot)" 66 **0/66873**
114.119.146.88 - - [11/Jan/2026:07:28:56 -0700] "GET /?o=1783559 HTTP/1.1" 200 13988 "https://sumangalamcaterers.com/?sitemap-4.xml" "Mozilla/5.0 (Linux; Android 7.0;) AppleWebKit/537.36 (KHTML, like Gecko) Mobile Safari/537.36 (compatible; PetalBot;+https://webmaster.petalsearch.com/site/petalbot)" 52 **0/52607**
114.119.151.168 - - [11/Jan/2026:07:30:19 -0700] "GET /?o=1777457 HTTP/1.1" 200 13988 "https://sumangalamcaterers.com/?sitemap-1.xml" "Mozilla/5.0 (Linux; Android 7.0;) AppleWebKit/537.36 (KHTML, like Gecko) Mobile Safari/537.36 (compatible; PetalBot;+https://webmaster.petalsearch.com/site/petalbot)" 85 **0/85907**
216.73.216.52 - - [11/Jan/2026:07:30:57 -0700] "GET /good.php HTTP/2.0" 404 - "-" "Mozilla/5.0 AppleWebKit/537.36 (KHTML, like Gecko; compatible; ClaudeBot/1.0; +claudebot@anthropic.com)" 10 **0/10556**
114.119.145.134 - - [11/Jan/2026:07:31:42 -0700] "GET /?o=1774545 HTTP/1.1" 200 13988 "https://sumangalamcaterers.com/?sitemap-4.xml" "Mozilla/5.0 (Linux; Android 7.0;) AppleWebKit/537.36 (KHTML, like Gecko) Mobile Safari/537.36 (compatible; PetalBot;+https://webmaster.petalsearch.com/site/petalbot)" 37 **0/37403**
114.119.141.249 - - [11/Jan/2026:07:33:06 -0700] "GET /?o=1760861 HTTP/1.1" 200 13988 "https://sumangalamcaterers.com/?sitemap-4.xml" "Mozilla/5.0 (Linux; Android 7.0;) AppleWebKit/537.36 (KHTML, like Gecko) Mobile Safari/537.36 (compatible; PetalBot;+https://webmaster.petalsearch.com/site/petalbot)" 107 **0/107595**
114.119.146.88 - - [11/Jan/2026:07:34:30 -0700] "GET /?o=1758447 HTTP/1.1" 200 13988 "https://sumangalamcaterers.com/?sitemap-5.xml" "Mozilla/5.0 (Linux; Android 7.0;) AppleWebKit/537.36 (KHTML, like Gecko) Mobile Safari/537.36 (compatible; PetalBot;+https://webmaster.petalsearch.com/site/petalbot)" 58 **0/58764**
114.119.151.168 - - [11/Jan/2026:07:35:54 -0700] "GET /?o=1758042 HTTP/1.1" 200 13988 "https://sumangalamcaterers.com/sitemap4.xml" "Mozilla/5.0 (Linux; Android 7.0;) AppleWebKit/537.36 (KHTML, like Gecko) Mobile Safari/537.36 (compatible; PetalBot;+https://webmaster.petalsearch.com/site/petalbot)" 48 **0/48010**
114.119.128.154 - - [11/Jan/2026:07:37:17 -0700] "GET /?o=1757784 HTTP/1.1" 200 13988 "https://sumangalamcaterers.com/?sitemap-2.xml" "Mozilla/5.0 (Linux; Android 7.0;) AppleWebKit/537.36 (KHTML, like Gecko) Mobile Safari/537.36 (compatible; PetalBot;+https://webmaster.petalsearch.com/site/petalbot)" 42 **0/42860**
114.119.145.134 - - [11/Jan/2026:07:38:40 -0700] "GET /?o=1749430 HTTP/1.1" 200 13988 "https://sumangalamcaterers.com/?sitemap-3.xml" "Mozilla/5.0 (Linux; Android 7.0;) AppleWebKit/537.36 (KHTML, like Gecko) Mobile Safari/537.36 (compatible; PetalBot;+https://webmaster.petalsearch.com/site/petalbot)" 56 **0/56745**
114.119.151.168 - - [11/Jan/2026:07:40:04 -0700] "GET /?o=1743555 HTTP/1.1" 200 13988 "https://sumangalamcaterers.com/?sitemap-2.xml" "Mozilla/5.0 (Linux; Android 7.0;) AppleWebKit/537.36 (KHTML, like Gecko) Mobile Safari/537.36 (compatible; PetalBot;+https://webmaster.petalsearch.com/site/petalbot)" 101 **0/101726**
216.73.216.52 - - [11/Jan/2026:07:41:04 -0700] "GET /good.php HTTP/2.0" 404 - "-" "Mozilla/5.0 AppleWebKit/537.36 (KHTML, like Gecko; compatible; ClaudeBot/1.0; +claudebot@anthropic.com)" 8 **0/8252**
114.119.146.88 - - [11/Jan/2026:07:41:27 -0700] "GET /?o=1743325 HTTP/1.1" 200 13988 "https://sumangalamcaterers.com/sitemap4.xml" "Mozilla/5.0 (Linux; Android 7.0;) AppleWebKit/537.36 (KHTML, like Gecko) Mobile Safari/537.36 (compatible; PetalBot;+https://webmaster.petalsearch.com/site/petalbot)" 44 **0/44945**
114.119.128.154 - - [11/Jan/2026:07:42:51 -0700] "GET /?o=173577 HTTP/1.1" 200 13988 "https://sumangalamcaterers.com/?sitemap-4.xml" "Mozilla/5.0 (Linux; Android 7.0;) AppleWebKit/537.36 (KHTML, like Gecko) Mobile Safari/537.36 (compatible; PetalBot;+https://webmaster.petalsearch.com/site/petalbot)" 105 **0/105409**
114.119.143.75 - - [11/Jan/2026:07:44:15 -0700] "GET /?o=1726375 HTTP/1.1" 200 13988 "https://sumangalamcaterers.com/?sitemap-2.xml" "Mozilla/5.0 (Linux; Android 7.0;) AppleWebKit/537.36 (KHTML, like Gecko) Mobile Safari/537.36 (compatible; PetalBot;+https://webmaster.petalsearch.com/site/petalbot)" 40 **0/40302**
114.119.143.75 - - [11/Jan/2026:07:45:38 -0700] "GET /?o=1723371 HTTP/1.1" 200 13988 "https://sumangalamcaterers.com/sitemap2.xml" "Mozilla/5.0 (Linux; Android 7.0;) AppleWebKit/537.36 (KHTML, like Gecko) Mobile Safari/537.36 (compatible; PetalBot;+https://webmaster.petalsearch.com/site/petalbot)" 85 **0/85376**
114.119.128.154 - - [11/Jan/2026:07:47:02 -0700] "GET /?o=1718337 HTTP/1.1" 200 13988 "https://sumangalamcaterers.com/sitemap3.xml" "Mozilla/5.0 (Linux; Android 7.0;) AppleWebKit/537.36 (KHTML, like Gecko) Mobile Safari/537.36 (compatible; PetalBot;+https://webmaster.petalsearch.com/site/petalbot)" 65 **0/65442**
114.119.146.88 - - [11/Jan/2026:07:48:26 -0700] "GET /?o=1710876 HTTP/1.1" 200 13988 "https://sumangalamcaterers.com/?sitemap-2.xml" "Mozilla/5.0 (Linux; Android 7.0;) AppleWebKit/537.36 (KHTML, like Gecko) Mobile Safari/537.36 (compatible; PetalBot;+https://webmaster.petalsearch.com/site/petalbot)" 48 **0/48444**
114.119.144.165 - - [11/Jan/2026:07:49:50 -0700] "GET /?o=17077 HTTP/1.1" 200 13988 "https://sumangalamcaterers.com/?sitemap-4.xml" "Mozilla/5.0 (Linux; Android 7.0;) AppleWebKit/537.36 (KHTML, like Gecko) Mobile Safari/537.36 (compatible; PetalBot;+https://webmaster.petalsearch.com/site/petalbot)" 90 **0/90807**
114.119.146.88 - - [11/Jan/2026:07:51:13 -0700] "GET /?o=1706587 HTTP/1.1" 200 13988 "https://sumangalamcaterers.com/sitemap3.xml" "Mozilla/5.0 (Linux; Android 7.0;) AppleWebKit/537.36 (KHTML, like Gecko) Mobile Safari/537.36 (compatible; PetalBot;+https://webmaster.petalsearch.com/site/petalbot)" 39 **0/39643**
114.119.151.168 - - [11/Jan/2026:07:52:38 -0700] "GET /?o=1698520 HTTP/1.1" 200 13988 "https://sumangalamcaterers.com/?sitemap-3.xml" "Mozilla/5.0 (Linux; Android 7.0;) AppleWebKit/537.36 (KHTML, like Gecko) Mobile Safari/537.36 (compatible; PetalBot;+https://webmaster.petalsearch.com/site/petalbot)" 44 **0/44938**
51.161.37.137 - - [11/Jan/2026:07:53:16 -0700] "GET / HTTP/2.0" 200 12550 "-" "Mozilla/5.0 (compatible; AhrefsBot/7.0; +http://ahrefs.com/robot/)" 74 **0/74398**
114.119.144.165 - - [11/Jan/2026:07:54:01 -0700] "GET /?o=1691449 HTTP/1.1" 200 13988 "https://sumangalamcaterers.com/sitemap2.xml" "Mozilla/5.0 (Linux; Android 7.0;) AppleWebKit/537.36 (KHTML, like Gecko) Mobile Safari/537.36 (compatible; PetalBot;+https://webmaster.petalsearch.com/site/petalbot)" 201 **0/201231**
114.119.145.134 - - [11/Jan/2026:07:55:25 -0700] "GET /?o=1690198 HTTP/1.1" 200 13988 "https://sumangalamcaterers.com/sitemap3.xml" "Mozilla/5.0 (Linux; Android 7.0;) AppleWebKit/537.36 (KHTML, like Gecko) Mobile Safari/537.36 (compatible; PetalBot;+https://webmaster.petalsearch.com/site/petalbot)" 32 **0/32227**
114.119.130.110 - - [11/Jan/2026:07:56:49 -0700] "GET /?o=1688057 HTTP/1.1" 200 13988 "https://sumangalamcaterers.com/sitemap5.xml" "Mozilla/5.0 (Linux; Android 7.0;) AppleWebKit/537.36 (KHTML, like Gecko) Mobile Safari/537.36 (compatible; PetalBot;+https://webmaster.petalsearch.com/site/petalbot)" 72 **0/72655**
114.119.141.249 - - [11/Jan/2026:07:58:14 -0700] "GET /?o=1672331 HTTP/1.1" 200 13988 "https://sumangalamcaterers.com/?sitemap-4.xml" "Mozilla/5.0 (Linux; Android 7.0;) AppleWebKit/537.36 (KHTML, like Gecko) Mobile Safari/537.36 (compatible; PetalBot;+https://webmaster.petalsearch.com/site/petalbot)" 38 **0/38051**
72.14.199.139 - - [11/Jan/2026:07:58:23 -0700] "GET / HTTP/1.1" 200 12550 "-" "Mozilla/5.0 (X11; Linux x86_64) AppleWebKit/537.36 (KHTML, like Gecko) Chrome/129.0.0.0 Safari/537.36" 37 **0/37864**
72.14.199.137 - - [11/Jan/2026:07:58:25 -0700] "GET /assets/css/style.css HTTP/1.1" 200 45522 "https://sumangalamcaterers.com/" "Mozilla/5.0 (X11; Linux x86_64) AppleWebKit/537.36 (KHTML, like Gecko) Chrome/129.0.0.0 Safari/537.36" 50 **0/50211**
72.14.199.139 - - [11/Jan/2026:07:58:25 -0700] "GET /sumangalamcaterers.com/jquery-3.7.1.min.js HTTP/1.1" 404 - "https://sumangalamcaterers.com/" "Mozilla/5.0 (X11; Linux x86_64) AppleWebKit/537.36 (KHTML, like Gecko) Chrome/129.0.0.0 Safari/537.36" 3 **0/3218**
72.14.199.139 - - [11/Jan/2026:07:58:26 -0700] "GET /assets/css/fontawesome.min.css HTTP/1.1" 200 75578 "https://sumangalamcaterers.com/" "Mozilla/5.0 (X11; Linux x86_64) AppleWebKit/537.36 (KHTML, like Gecko) Chrome/129.0.0.0 Safari/537.36" 39 **0/39199**
72.14.199.137 - - [11/Jan/2026:07:58:29 -0700] "GET /assets/img/theme-img/title_icon2.svg HTTP/1.1" 200 731 "https://sumangalamcaterers.com/" "Mozilla/5.0 (X11; Linux x86_64) AppleWebKit/537.36 (KHTML, like Gecko) Chrome/129.0.0.0 Safari/537.36" 8 **0/8760**
72.14.199.137 - - [11/Jan/2026:07:58:31 -0700] "GET /assets/css/app.min.css HTTP/1.1" 200 30387 "https://sumangalamcaterers.com/" "Mozilla/5.0 (X11; Linux x86_64) AppleWebKit/537.36 (KHTML, like Gecko) Chrome/129.0.0.0 Safari/537.36" 25 **0/25452**
72.14.199.137 - - [11/Jan/2026:07:58:33 -0700] "GET /whatsapp/whatsapp.css HTTP/1.1" 200 2324 "https://sumangalamcaterers.com/" "Mozilla/5.0 (X11; Linux x86_64) AppleWebKit/537.36 (KHTML, like Gecko) Chrome/129.0.0.0 Safari/537.36" 8 **0/8717**
72.14.199.137 - - [11/Jan/2026:07:58:35 -0700] "GET /sumangalam_logo.png HTTP/1.1" 200 83945 "https://sumangalamcaterers.com/" "Mozilla/5.0 (X11; Linux x86_64) AppleWebKit/537.36 (KHTML, like Gecko) Chrome/129.0.0.0 Safari/537.36" 6 **0/6123**
114.119.144.165 - - [11/Jan/2026:07:59:35 -0700] "GET /?o=1670804 HTTP/1.1" 200 13988 "https://sumangalamcaterers.com/sitemap3.xml" "Mozilla/5.0 (Linux; Android 7.0;) AppleWebKit/537.36 (KHTML, like Gecko) Mobile Safari/537.36 (compatible; PetalBot;+https://webmaster.petalsearch.com/site/petalbot)" 46 **0/46168**
72.14.199.137 - - [11/Jan/2026:08:00:26 -0700] "GET /assets/img/shape/leaf-1.png HTTP/1.1" 200 6457 "https://sumangalamcaterers.com/" "Mozilla/5.0 (X11; Linux x86_64) AppleWebKit/537.36 (KHTML, like Gecko) Chrome/129.0.0.0 Safari/537.36" 25 **0/25314**
72.14.199.137 - - [11/Jan/2026:08:00:27 -0700] "GET /assets/img/shape/garlic_1.png HTTP/1.1" 200 5180 "https://sumangalamcaterers.com/" "Mozilla/5.0 (X11; Linux x86_64) AppleWebKit/537.36 (KHTML, like Gecko) Chrome/129.0.0.0 Safari/537.36" 7 **0/7252**
72.14.199.137 - - [11/Jan/2026:08:00:29 -0700] "GET /upload/491749237444.jpg HTTP/1.1" 200 39800 "https://sumangalamcaterers.com/" "Mozilla/5.0 (X11; Linux x86_64) AppleWebKit/537.36 (KHTML, like Gecko) Chrome/129.0.0.0 Safari/537.36" 6 **0/6046**
72.14.199.137 - - [11/Jan/2026:08:00:30 -0700] "GET /assets/img/shape/flower_8.png HTTP/1.1" 200 16750 "https://sumangalamcaterers.com/" "Mozilla/5.0 (X11; Linux x86_64) AppleWebKit/537.36 (KHTML, like Gecko) Chrome/129.0.0.0 Safari/537.36" 6 **0/6678**
72.14.199.137 - - [11/Jan/2026:08:00:31 -0700] "GET /img/web2.jpg HTTP/1.1" 200 106419 "https://sumangalamcaterers.com/" "Mozilla/5.0 (X11; Linux x86_64) AppleWebKit/537.36 (KHTML, like Gecko) Chrome/129.0.0.0 Safari/537.36" 11 **0/11645**
72.14.199.137 - - [11/Jan/2026:08:00:32 -0700] "GET /assets/img/theme-img/title_icon.svg HTTP/1.1" 200 731 "https://sumangalamcaterers.com/" "Mozilla/5.0 (X11; Linux x86_64) AppleWebKit/537.36 (KHTML, like Gecko) Chrome/129.0.0.0 Safari/537.36" 13 **0/13455**
72.14.199.137 - - [11/Jan/2026:08:00:33 -0700] "GET /upload/491749238284.jpeg HTTP/1.1" 200 330965 "https://sumangalamcaterers.com/" "Mozilla/5.0 (X11; Linux x86_64) AppleWebKit/537.36 (KHTML, like Gecko) Chrome/129.0.0.0 Safari/537.36" 8 **0/8427**
72.14.199.137 - - [11/Jan/2026:08:00:34 -0700] "GET /upload/851749237616.jpg HTTP/1.1" 200 40473 "https://sumangalamcaterers.com/" "Mozilla/5.0 (X11; Linux x86_64) AppleWebKit/537.36 (KHTML, like Gecko) Chrome/129.0.0.0 Safari/537.36" 8 **0/8381**
72.14.199.137 - - [11/Jan/2026:08:00:36 -0700] "GET /upload/991751353130.jpeg HTTP/1.1" 200 25957 "https://sumangalamcaterers.com/" "Mozilla/5.0 (X11; Linux x86_64) AppleWebKit/537.36 (KHTML, like Gecko) Chrome/129.0.0.0 Safari/537.36" 6 **0/6080**
72.14.199.137 - - [11/Jan/2026:08:00:37 -0700] "GET /upload/151751354377.jpeg HTTP/1.1" 200 9971 "https://sumangalamcaterers.com/" "Mozilla/5.0 (X11; Linux x86_64) AppleWebKit/537.36 (KHTML, like Gecko) Chrome/129.0.0.0 Safari/537.36" 6 **0/6325**
72.14.199.137 - - [11/Jan/2026:08:00:38 -0700] "GET /upload/911751354370.jpeg HTTP/1.1" 200 8616 "https://sumangalamcaterers.com/" "Mozilla/5.0 (X11; Linux x86_64) AppleWebKit/537.36 (KHTML, like Gecko) Chrome/129.0.0.0 Safari/537.36" 6 **0/6713**
72.14.199.137 - - [11/Jan/2026:08:00:39 -0700] "GET /upload/131751354394.jpeg HTTP/1.1" 200 10509 "https://sumangalamcaterers.com/" "Mozilla/5.0 (X11; Linux x86_64) AppleWebKit/537.36 (KHTML, like Gecko) Chrome/129.0.0.0 Safari/537.36" 9 **0/9986**
72.14.199.137 - - [11/Jan/2026:08:00:40 -0700] "GET /upload/761751354479.jpeg HTTP/1.1" 200 9131 "https://sumangalamcaterers.com/" "Mozilla/5.0 (X11; Linux x86_64) AppleWebKit/537.36 (KHTML, like Gecko) Chrome/129.0.0.0 Safari/537.36" 17 **0/17799**
72.14.199.137 - - [11/Jan/2026:08:00:41 -0700] "GET /upload/601751355176.jpeg HTTP/1.1" 200 28721 "https://sumangalamcaterers.com/" "Mozilla/5.0 (X11; Linux x86_64) AppleWebKit/537.36 (KHTML, like Gecko) Chrome/129.0.0.0 Safari/537.36" 6 **0/6318**
72.14.199.137 - - [11/Jan/2026:08:00:42 -0700] "GET /upload/281751355206.jpeg HTTP/1.1" 200 21185 "https://sumangalamcaterers.com/" "Mozilla/5.0 (X11; Linux x86_64) AppleWebKit/537.36 (KHTML, like Gecko) Chrome/129.0.0.0 Safari/537.36" 12 **0/12041**
72.14.199.137 - - [11/Jan/2026:08:00:43 -0700] "GET /upload/951751355199.jpeg HTTP/1.1" 200 27621 "https://sumangalamcaterers.com/" "Mozilla/5.0 (X11; Linux x86_64) AppleWebKit/537.36 (KHTML, like Gecko) Chrome/129.0.0.0 Safari/537.36" 6 **0/6567**
72.14.199.137 - - [11/Jan/2026:08:00:44 -0700] "GET /upload/551751354557.jpeg HTTP/1.1" 200 10339 "https://sumangalamcaterers.com/" "Mozilla/5.0 (X11; Linux x86_64) AppleWebKit/537.36 (KHTML, like Gecko) Chrome/129.0.0.0 Safari/537.36" 8 **0/8811**
72.14.199.137 - - [11/Jan/2026:08:00:45 -0700] "GET /upload/271751355858.jpeg HTTP/1.1" 200 9800 "https://sumangalamcaterers.com/" "Mozilla/5.0 (X11; Linux x86_64) AppleWebKit/537.36 (KHTML, like Gecko) Chrome/129.0.0.0 Safari/537.36" 16 **0/16073**
72.14.199.137 - - [11/Jan/2026:08:00:46 -0700] "GET /upload/361751355223.jpeg HTTP/1.1" 200 32048 "https://sumangalamcaterers.com/" "Mozilla/5.0 (X11; Linux x86_64) AppleWebKit/537.36 (KHTML, like Gecko) Chrome/129.0.0.0 Safari/537.36" 7 **0/7275**
72.14.199.137 - - [11/Jan/2026:08:00:47 -0700] "GET /upload/751751355063.jpg HTTP/1.1" 200 64074 "https://sumangalamcaterers.com/" "Mozilla/5.0 (X11; Linux x86_64) AppleWebKit/537.36 (KHTML, like Gecko) Chrome/129.0.0.0 Safari/537.36" 9 **0/9069**
72.14.199.137 - - [11/Jan/2026:08:00:48 -0700] "GET /assets/img/shape/garlic_3.png HTTP/1.1" 200 9047 "https://sumangalamcaterers.com/" "Mozilla/5.0 (X11; Linux x86_64) AppleWebKit/537.36 (KHTML, like Gecko) Chrome/129.0.0.0 Safari/537.36" 15 **0/15478**
72.14.199.137 - - [11/Jan/2026:08:00:49 -0700] "GET /upload/371751355879.jpeg HTTP/1.1" 200 9726 "https://sumangalamcaterers.com/" "Mozilla/5.0 (X11; Linux x86_64) AppleWebKit/537.36 (KHTML, like Gecko) Chrome/129.0.0.0 Safari/537.36" 12 **0/12605**
72.14.199.137 - - [11/Jan/2026:08:00:50 -0700] "GET /upload/251751355890.jpeg HTTP/1.1" 200 8597 "https://sumangalamcaterers.com/" "Mozilla/5.0 (X11; Linux x86_64) AppleWebKit/537.36 (KHTML, like Gecko) Chrome/129.0.0.0 Safari/537.36" 19 **0/19394**
72.14.199.137 - - [11/Jan/2026:08:00:51 -0700] "GET /img/15.png HTTP/1.1" 200 1973288 "https://sumangalamcaterers.com/" "Mozilla/5.0 (X11; Linux x86_64) AppleWebKit/537.36 (KHTML, like Gecko) Chrome/129.0.0.0 Safari/537.36" 79 **0/79699**
72.14.199.137 - - [11/Jan/2026:08:00:52 -0700] "GET /img/20.png HTTP/1.1" 200 290440 "https://sumangalamcaterers.com/" "Mozilla/5.0 (X11; Linux x86_64) AppleWebKit/537.36 (KHTML, like Gecko) Chrome/129.0.0.0 Safari/537.36" 9 **0/9745**
72.14.199.137 - - [11/Jan/2026:08:00:53 -0700] "GET /assets/img/shape/flower_4.png HTTP/1.1" 200 18064 "https://sumangalamcaterers.com/" "Mozilla/5.0 (X11; Linux x86_64) AppleWebKit/537.36 (KHTML, like Gecko) Chrome/129.0.0.0 Safari/537.36" 8 **0/8056**
72.14.199.137 - - [11/Jan/2026:08:00:55 -0700] "GET /assets/videos/sumangalam-banner.mp4 HTTP/1.1" 200 13675766 "https://sumangalamcaterers.com/" "Mozilla/5.0 (X11; Linux x86_64) AppleWebKit/537.36 (KHTML, like Gecko) Chrome/129.0.0.0 Safari/537.36" 380 **0/380862**
72.14.199.138 - - [11/Jan/2026:08:00:57 -0700] "GET /assets/img/theme-img/pointer.png HTTP/1.1" 200 1289 "https://sumangalamcaterers.com/assets/css/style.css" "Mozilla/5.0 (X11; Linux x86_64) AppleWebKit/537.36 (KHTML, like Gecko) Chrome/129.0.0.0 Safari/537.36" 7 **0/7626**
72.14.199.139 - - [11/Jan/2026:08:00:58 -0700] "GET /assets/img/theme-img/cursor.png HTTP/1.1" 200 1214 "https://sumangalamcaterers.com/assets/css/style.css" "Mozilla/5.0 (X11; Linux x86_64) AppleWebKit/537.36 (KHTML, like Gecko) Chrome/129.0.0.0 Safari/537.36" 8 **0/8480**
72.14.199.139 - - [11/Jan/2026:08:00:59 -0700] "GET /img/b.png HTTP/1.1" 200 374822 "https://sumangalamcaterers.com/" "Mozilla/5.0 (X11; Linux x86_64) AppleWebKit/537.36 (KHTML, like Gecko) Chrome/129.0.0.0 Safari/537.36" 71 **0/71183**
114.119.145.134 - - [11/Jan/2026:08:01:00 -0700] "GET /?o=1669816 HTTP/1.1" 200 13988 "https://sumangalamcaterers.com/sitemap1.xml" "Mozilla/5.0 (Linux; Android 7.0;) AppleWebKit/537.36 (KHTML, like Gecko) Mobile Safari/537.36 (compatible; PetalBot;+https://webmaster.petalsearch.com/site/petalbot)" 130 **0/130641**
72.14.199.138 - - [11/Jan/2026:08:01:00 -0700] "GET /img/d.png HTTP/1.1" 200 411022 "https://sumangalamcaterers.com/" "Mozilla/5.0 (X11; Linux x86_64) AppleWebKit/537.36 (KHTML, like Gecko) Chrome/129.0.0.0 Safari/537.36" 72 **0/72241**
72.14.199.137 - - [11/Jan/2026:08:01:01 -0700] "GET /img/c.png HTTP/1.1" 200 411775 "https://sumangalamcaterers.com/" "Mozilla/5.0 (X11; Linux x86_64) AppleWebKit/537.36 (KHTML, like Gecko) Chrome/129.0.0.0 Safari/537.36" 83 **0/83337**
72.14.199.140 - - [11/Jan/2026:08:01:02 -0700] "GET /assets/img/theme-img/title_shape.png HTTP/1.1" 200 406 "https://sumangalamcaterers.com/assets/css/style.css" "Mozilla/5.0 (X11; Linux x86_64) AppleWebKit/537.36 (KHTML, like Gecko) Chrome/129.0.0.0 Safari/537.36" 15 **0/15642**
72.14.199.138 - - [11/Jan/2026:08:01:03 -0700] "GET /img/a.png HTTP/1.1" 200 392888 "https://sumangalamcaterers.com/" "Mozilla/5.0 (X11; Linux x86_64) AppleWebKit/537.36 (KHTML, like Gecko) Chrome/129.0.0.0 Safari/537.36" 16 **0/16914**
72.14.199.138 - - [11/Jan/2026:08:01:03 -0700] "GET /assets/img/theme-img/arrow.svg HTTP/1.1" 200 267 "https://sumangalamcaterers.com/assets/css/style.css" "Mozilla/5.0 (X11; Linux x86_64) AppleWebKit/537.36 (KHTML, like Gecko) Chrome/129.0.0.0 Safari/537.36" 8 **0/8187**
72.14.199.140 - - [11/Jan/2026:08:01:04 -0700] "GET /assets/fonts/fontawesome/fa-regular-400.woff2 HTTP/1.1" 200 354429 "https://sumangalamcaterers.com/assets/css/fontawesome.min.css" "Mozilla/5.0 (X11; Linux x86_64) AppleWebKit/537.36 (KHTML, like Gecko) Chrome/129.0.0.0 Safari/537.36" 82 **0/82829**
72.14.199.140 - - [11/Jan/2026:08:01:05 -0700] "GET /assets/fonts/fontawesome/fa-light-300.woff2 HTTP/1.1" 200 388568 "https://sumangalamcaterers.com/assets/css/fontawesome.min.css" "Mozilla/5.0 (X11; Linux x86_64) AppleWebKit/537.36 (KHTML, like Gecko) Chrome/129.0.0.0 Safari/537.36" 16 **0/16153**
72.14.199.139 - - [11/Jan/2026:08:01:06 -0700] "GET /assets/fonts/fontawesome/fa-solid-900.woff2 HTTP/1.1" 200 301688 "https://sumangalamcaterers.com/assets/css/fontawesome.min.css" "Mozilla/5.0 (X11; Linux x86_64) AppleWebKit/537.36 (KHTML, like Gecko) Chrome/129.0.0.0 Safari/537.36" 80 **0/80383**
72.14.199.137 - - [11/Jan/2026:08:01:07 -0700] "GET /assets/fonts/fontawesome/fa-brands-400.woff2 HTTP/1.1" 200 105257 "https://sumangalamcaterers.com/assets/css/fontawesome.min.css" "Mozilla/5.0 (X11; Linux x86_64) AppleWebKit/537.36 (KHTML, like Gecko) Chrome/129.0.0.0 Safari/537.36" 11 **0/11390**
72.14.199.139 - - [11/Jan/2026:08:01:08 -0700] "GET /assets/img/theme-img/circle.svg HTTP/1.1" 200 336 "https://sumangalamcaterers.com/assets/css/style.css" "Mozilla/5.0 (X11; Linux x86_64) AppleWebKit/537.36 (KHTML, like Gecko) Chrome/129.0.0.0 Safari/537.36" 7 **0/7672**
66.249.79.73 - - [11/Jan/2026:08:01:11 -0700] "GET /contact-us/au/ HTTP/1.1" 404 - "-" "Mozilla/5.0 (Linux; Android 6.0.1; Nexus 5X Build/MMB29P) AppleWebKit/537.36 (KHTML, like Gecko) Chrome/143.0.7499.192 Mobile Safari/537.36 (compatible; Googlebot/2.1; +http://www.google.com/bot.html)" 7 **0/7864**
23.105.5.147 - - [11/Jan/2026:08:01:46 -0700] "GET /contact.php HTTP/1.1" 200 6416 "-" "Mozilla/5.0 (X11; Linux x86_64) AppleWebKit/537.36 (KHTML, like Gecko) Chrome/114.0.0.0 Safari/537.36 OPR/89.0.4447.51" 25 **0/25937**
23.105.5.147 - - [11/Jan/2026:08:01:53 -0700] "POST /admin/function.php HTTP/1.1" 302 23 "https://sumangalamcaterers.com/contact.php" "Mozilla/5.0 (X11; Linux x86_64) AppleWebKit/537.36 (KHTML, like Gecko) Chrome/114.0.0.0 Safari/537.36 OPR/89.0.4447.51" 32 **0/32045**
23.105.5.147 - - [11/Jan/2026:08:02:05 -0700] "GET /contact.php HTTP/1.1" 200 6416 "https://sumangalamcaterers.com/admin/function.php" "Mozilla/5.0 (X11; Linux x86_64) AppleWebKit/537.36 (KHTML, like Gecko) Chrome/114.0.0.0 Safari/537.36 OPR/89.0.4447.51" 23 **0/23111**
114.119.146.88 - - [11/Jan/2026:08:02:22 -0700] "GET /?o=1643481 HTTP/1.1" 200 13988 "https://sumangalamcaterers.com/?sitemap-4.xml" "Mozilla/5.0 (Linux; Android 7.0;) AppleWebKit/537.36 (KHTML, like Gecko) Mobile Safari/537.36 (compatible; PetalBot;+https://webmaster.petalsearch.com/site/petalbot)" 61 **0/61197**
116.196.81.183 - - [11/Jan/2026:08:03:26 -0700] "GET /wp-content/uploads/2022/08/corporate-events.jpg HTTP/1.1" 404 - "https://www.sumangalamcaterers.com/" "Python/3.12 aiohttp/3.13.2" 6 **0/6204**
116.196.81.183 - - [11/Jan/2026:08:03:26 -0700] "GET /wp-content/uploads/2022/08/birthday-parties.jpg HTTP/1.1" 404 - "https://www.sumangalamcaterers.com/" "Python/3.12 aiohttp/3.13.2" 7 **0/7012**
116.196.81.183 - - [11/Jan/2026:08:03:27 -0700] "GET /wp-content/uploads/2022/08/1.jpg HTTP/1.1" 404 - "https://www.sumangalamcaterers.com/" "Python/3.12 aiohttp/3.13.2" 6 **0/6966**
114.119.130.110 - - [11/Jan/2026:08:03:46 -0700] "GET /?o=1641526 HTTP/1.1" 200 13988 "https://sumangalamcaterers.com/sitemap2.xml" "Mozilla/5.0 (Linux; Android 7.0;) AppleWebKit/537.36 (KHTML, like Gecko) Mobile Safari/537.36 (compatible; PetalBot;+https://webmaster.petalsearch.com/site/petalbot)" 71 **0/71380**
114.119.143.75 - - [11/Jan/2026:08:05:10 -0700] "GET /?o=1637813 HTTP/1.1" 200 13988 "https://sumangalamcaterers.com/?sitemap-3.xml" "Mozilla/5.0 (Linux; Android 7.0;) AppleWebKit/537.36 (KHTML, like Gecko) Mobile Safari/537.36 (compatible; PetalBot;+https://webmaster.petalsearch.com/site/petalbot)" 109 **0/109552**
216.73.216.52 - - [11/Jan/2026:08:06:14 -0700] "GET /good.php HTTP/2.0" 404 - "-" "Mozilla/5.0 AppleWebKit/537.36 (KHTML, like Gecko; compatible; ClaudeBot/1.0; +claudebot@anthropic.com)" 5012 **5/5012276**
202.47.89.214 - - [11/Jan/2026:08:06:20 -0700] "GET /thread_ceremony.php HTTP/2.0" 200 6868 "https://www.google.com/" "Mozilla/5.0 (Windows NT 10.0; Win64; x64) AppleWebKit/537.36 (KHTML, like Gecko) Chrome/137.0.0.0 Safari/537.36" 35 **0/35657**
202.47.89.214 - - [11/Jan/2026:08:06:20 -0700] "GET /whatsapp/whatsapp.css HTTP/2.0" 200 2324 "https://sumangalamcaterers.com/thread_ceremony.php" "Mozilla/5.0 (Windows NT 10.0; Win64; x64) AppleWebKit/537.36 (KHTML, like Gecko) Chrome/137.0.0.0 Safari/537.36" 14 **0/14672**
202.47.89.214 - - [11/Jan/2026:08:06:20 -0700] "GET /sumangalam_logo.png HTTP/2.0" 200 83945 "https://sumangalamcaterers.com/thread_ceremony.php" "Mozilla/5.0 (Windows NT 10.0; Win64; x64) AppleWebKit/537.36 (KHTML, like Gecko) Chrome/137.0.0.0 Safari/537.36" 15 **0/15062**
202.47.89.214 - - [11/Jan/2026:08:06:20 -0700] "GET /jquery-3.7.1.min.js HTTP/2.0" 404 - "https://sumangalamcaterers.com/thread_ceremony.php" "Mozilla/5.0 (Windows NT 10.0; Win64; x64) AppleWebKit/537.36 (KHTML, like Gecko) Chrome/137.0.0.0 Safari/537.36" 15 **0/15532**
202.47.89.214 - - [11/Jan/2026:08:06:20 -0700] "GET /img/m3.png HTTP/2.0" 200 448223 "https://sumangalamcaterers.com/thread_ceremony.php" "Mozilla/5.0 (Windows NT 10.0; Win64; x64) AppleWebKit/537.36 (KHTML, like Gecko) Chrome/137.0.0.0 Safari/537.36" 578 **0/578356**
202.47.89.214 - - [11/Jan/2026:08:06:20 -0700] "GET /assets/css/app.min.css HTTP/2.0" 200 30387 "https://sumangalamcaterers.com/thread_ceremony.php" "Mozilla/5.0 (Windows NT 10.0; Win64; x64) AppleWebKit/537.36 (KHTML, like Gecko) Chrome/137.0.0.0 Safari/537.36" 579 **0/579819**
202.47.89.214 - - [11/Jan/2026:08:06:20 -0700] "GET /assets/css/fontawesome.min.css HTTP/2.0" 200 75578 "https://sumangalamcaterers.com/thread_ceremony.php" "Mozilla/5.0 (Windows NT 10.0; Win64; x64) AppleWebKit/537.36 (KHTML, like Gecko) Chrome/137.0.0.0 Safari/537.36" 580 **0/580580**
202.47.89.214 - - [11/Jan/2026:08:06:20 -0700] "GET /assets/css/style.css HTTP/2.0" 200 45522 "https://sumangalamcaterers.com/thread_ceremony.php" "Mozilla/5.0 (Windows NT 10.0; Win64; x64) AppleWebKit/537.36 (KHTML, like Gecko) Chrome/137.0.0.0 Safari/537.36" 581 **0/581556**
202.47.89.214 - - [11/Jan/2026:08:06:21 -0700] "GET /img/catlogo.png HTTP/2.0" 200 27189 "https://sumangalamcaterers.com/thread_ceremony.php" "Mozilla/5.0 (Windows NT 10.0; Win64; x64) AppleWebKit/537.36 (KHTML, like Gecko) Chrome/137.0.0.0 Safari/537.36" 8 **0/8429**
202.47.89.214 - - [11/Jan/2026:08:06:22 -0700] "GET /whatsapp/whatsapp.js HTTP/2.0" 200 497 "https://sumangalamcaterers.com/thread_ceremony.php" "Mozilla/5.0 (Windows NT 10.0; Win64; x64) AppleWebKit/537.36 (KHTML, like Gecko) Chrome/137.0.0.0 Safari/537.36" 14 **0/14996**
202.47.89.214 - - [11/Jan/2026:08:06:22 -0700] "GET /assets/img/theme-img/cursor.png HTTP/2.0" 200 1214 "https://sumangalamcaterers.com/assets/css/style.css" "Mozilla/5.0 (Windows NT 10.0; Win64; x64) AppleWebKit/537.36 (KHTML, like Gecko) Chrome/137.0.0.0 Safari/537.36" 8 **0/8592**
202.47.89.214 - - [11/Jan/2026:08:06:22 -0700] "GET /assets/js/main.js HTTP/2.0" 200 5855 "https://sumangalamcaterers.com/thread_ceremony.php" "Mozilla/5.0 (Windows NT 10.0; Win64; x64) AppleWebKit/537.36 (KHTML, like Gecko) Chrome/137.0.0.0 Safari/537.36" 16 **0/16760**
202.47.89.214 - - [11/Jan/2026:08:06:22 -0700] "GET /assets/img/theme-img/pointer.png HTTP/2.0" 200 1289 "https://sumangalamcaterers.com/assets/css/style.css" "Mozilla/5.0 (Windows NT 10.0; Win64; x64) AppleWebKit/537.36 (KHTML, like Gecko) Chrome/137.0.0.0 Safari/537.36" 16 **0/16056**
202.47.89.214 - - [11/Jan/2026:08:06:22 -0700] "GET /assets/js/vendor/jquery-3.7.1.min.js HTTP/2.0" 200 29763 "https://sumangalamcaterers.com/thread_ceremony.php" "Mozilla/5.0 (Windows NT 10.0; Win64; x64) AppleWebKit/537.36 (KHTML, like Gecko) Chrome/137.0.0.0 Safari/537.36" 37 **0/37673**
202.47.89.214 - - [11/Jan/2026:08:06:22 -0700] "GET /assets/fonts/fontawesome/fa-light-300.woff2 HTTP/2.0" 200 388568 "https://sumangalamcaterers.com/assets/css/fontawesome.min.css" "Mozilla/5.0 (Windows NT 10.0; Win64; x64) AppleWebKit/537.36 (KHTML, like Gecko) Chrome/137.0.0.0 Safari/537.36" 15 **0/15508**
202.47.89.214 - - [11/Jan/2026:08:06:22 -0700] "GET /assets/fonts/fontawesome/fa-regular-400.woff2 HTTP/2.0" 200 354429 "https://sumangalamcaterers.com/assets/css/fontawesome.min.css" "Mozilla/5.0 (Windows NT 10.0; Win64; x64) AppleWebKit/537.36 (KHTML, like Gecko) Chrome/137.0.0.0 Safari/537.36" 287 **0/287399**
202.47.89.214 - - [11/Jan/2026:08:06:23 -0700] "GET /assets/fonts/fontawesome/fa-solid-900.woff2 HTTP/2.0" 200 301688 "https://sumangalamcaterers.com/assets/css/fontawesome.min.css" "Mozilla/5.0 (Windows NT 10.0; Win64; x64) AppleWebKit/537.36 (KHTML, like Gecko) Chrome/137.0.0.0 Safari/537.36" 288 **0/288508**
202.47.89.214 - - [11/Jan/2026:08:06:23 -0700] "GET /assets/fonts/fontawesome/fa-brands-400.woff2 HTTP/2.0" 200 105257 "https://sumangalamcaterers.com/assets/css/fontawesome.min.css" "Mozilla/5.0 (Windows NT 10.0; Win64; x64) AppleWebKit/537.36 (KHTML, like Gecko) Chrome/137.0.0.0 Safari/537.36" 288 **0/288788**
202.47.89.214 - - [11/Jan/2026:08:06:22 -0700] "GET /assets/js/app.min.js HTTP/2.0" 200 147809 "https://sumangalamcaterers.com/thread_ceremony.php" "Mozilla/5.0 (Windows NT 10.0; Win64; x64) AppleWebKit/537.36 (KHTML, like Gecko) Chrome/137.0.0.0 Safari/537.36" 349 **0/349699**
110.74.216.47 - - [11/Jan/2026:08:06:27 -0700] "GET /assets/ter.php HTTP/2.0" 200 4931 "-" "Mozilla/5.0 (Windows NT 10.0; Win64; x64) AppleWebKit/537.36 (KHTML, like Gecko) Chrome/143.0.0.0 Safari/537.36 Edg/143.0.0.0" 653 **0/653358**
202.47.89.214 - - [11/Jan/2026:08:06:29 -0700] "GET /assets/img/bg/widget_banner.jpg HTTP/2.0" 200 5659 "https://sumangalamcaterers.com/thread_ceremony.php" "Mozilla/5.0 (Windows NT 10.0; Win64; x64) AppleWebKit/537.36 (KHTML, like Gecko) Chrome/137.0.0.0 Safari/537.36" 12 **0/12989**
202.47.89.214 - - [11/Jan/2026:08:06:29 -0700] "GET /assets/img/bg/breadcumb-bg.jpg HTTP/2.0" 200 23275 "https://sumangalamcaterers.com/thread_ceremony.php" "Mozilla/5.0 (Windows NT 10.0; Win64; x64) AppleWebKit/537.36 (KHTML, like Gecko) Chrome/137.0.0.0 Safari/537.36" 21 **0/21431**
202.47.89.214 - - [11/Jan/2026:08:06:29 -0700] "GET /assets/img/bg/footer_bg_1.jpg HTTP/2.0" 200 16760 "https://sumangalamcaterers.com/thread_ceremony.php" "Mozilla/5.0 (Windows NT 10.0; Win64; x64) AppleWebKit/537.36 (KHTML, like Gecko) Chrome/137.0.0.0 Safari/537.36" 21 **0/21748**
114.119.141.249 - - [11/Jan/2026:08:06:33 -0700] "GET /?o=1629634 HTTP/1.1" 200 13988 "https://sumangalamcaterers.com/?sitemap-2.xml" "Mozilla/5.0 (Linux; Android 7.0;) AppleWebKit/537.36 (KHTML, like Gecko) Mobile Safari/537.36 (compatible; PetalBot;+https://webmaster.petalsearch.com/site/petalbot)" 37 **0/37065**
110.74.216.47 - - [11/Jan/2026:08:06:33 -0700] "GET /assets/ter.php?path=/home/ni05r7l36tus/public_html/sumangalamcaterers.com HTTP/2.0" 200 5702 "https://sumangalamcaterers.com/assets/ter.php" "Mozilla/5.0 (Windows NT 10.0; Win64; x64) AppleWebKit/537.36 (KHTML, like Gecko) Chrome/143.0.0.0 Safari/537.36 Edg/143.0.0.0" 642 **0/642236**
110.74.216.47 - - [11/Jan/2026:08:06:48 -0700] "GET /assets/tini1.php HTTP/2.0" 404 - "-" "Mozilla/5.0 (Windows NT 10.0; Win64; x64) AppleWebKit/537.36 (KHTML, like Gecko) Chrome/143.0.0.0 Safari/537.36 Edg/143.0.0.0" 4 **0/4943**
110.74.216.47 - - [11/Jan/2026:08:06:57 -0700] "POST /assets/ter.php?pilihan&path=/home/ni05r7l36tus/public_html/sumangalamcaterers.com/assets HTTP/2.0" 200 4917 "https://sumangalamcaterers.com/assets/ter.php" "Mozilla/5.0 (Windows NT 10.0; Win64; x64) AppleWebKit/537.36 (KHTML, like Gecko) Chrome/143.0.0.0 Safari/537.36 Edg/143.0.0.0" 652 **0/652825**
110.74.216.47 - - [11/Jan/2026:08:07:01 -0700] "GET /assets/ter.php?path=/home/ni05r7l36tus/public_html/sumangalamcaterers.com HTTP/2.0" 200 5702 "https://sumangalamcaterers.com/assets/ter.php?pilihan&path=/home/ni05r7l36tus/public_html/sumangalamcaterers.com/assets" "Mozilla/5.0 (Windows NT 10.0; Win64; x64) AppleWebKit/537.36 (KHTML, like Gecko) Chrome/143.0.0.0 Safari/537.36 Edg/143.0.0.0" 638 **0/638091**
114.119.141.249 - - [11/Jan/2026:08:07:58 -0700] "GET /?o=1629036 HTTP/1.1" 200 13988 "https://sumangalamcaterers.com/sitemap3.xml" "Mozilla/5.0 (Linux; Android 7.0;) AppleWebKit/537.36 (KHTML, like Gecko) Mobile Safari/537.36 (compatible; PetalBot;+https://webmaster.petalsearch.com/site/petalbot)" 44 **0/44831**
110.74.216.47 - - [11/Jan/2026:08:09:15 -0700] "GET /assets/ter.php?path=/home/ni05r7l36tus HTTP/2.0" 200 5661 "https://sumangalamcaterers.com/assets/ter.php?path=/home/ni05r7l36tus/public_html/sumangalamcaterers.com" "Mozilla/5.0 (Windows NT 10.0; Win64; x64) AppleWebKit/537.36 (KHTML, like Gecko) Chrome/143.0.0.0 Safari/537.36 Edg/143.0.0.0" 630 **0/630712**
114.119.146.88 - - [11/Jan/2026:08:09:20 -0700] "GET /?o=1598279 HTTP/1.1" 200 13988 "https://sumangalamcaterers.com/sitemap2.xml" "Mozilla/5.0 (Linux; Android 7.0;) AppleWebKit/537.36 (KHTML, like Gecko) Mobile Safari/537.36 (compatible; PetalBot;+https://webmaster.petalsearch.com/site/petalbot)" 42 **0/42829**
110.74.216.47 - - [11/Jan/2026:08:09:25 -0700] "POST /assets/ter.php?path=/home/ni05r7l36tus HTTP/2.0" 200 5705 "https://sumangalamcaterers.com/assets/ter.php?path=/home/ni05r7l36tus" "Mozilla/5.0 (Windows NT 10.0; Win64; x64) AppleWebKit/537.36 (KHTML, like Gecko) Chrome/143.0.0.0 Safari/537.36 Edg/143.0.0.0" 807 **0/807572**
110.74.216.47 - - [11/Jan/2026:08:09:42 -0700] "GET /assets/ter.php HTTP/2.0" 200 4898 "-" "Mozilla/5.0 (Windows NT 10.0; Win64; x64) AppleWebKit/537.36 (KHTML, like Gecko) Chrome/143.0.0.0 Safari/537.36 Edg/143.0.0.0" 640 **0/640621**
110.74.216.47 - - [11/Jan/2026:08:09:45 -0700] "GET /assets/ter.php?path=/home/ni05r7l36tus/public_html/sumangalamcaterers.com HTTP/2.0" 200 5702 "https://sumangalamcaterers.com/assets/ter.php" "Mozilla/5.0 (Windows NT 10.0; Win64; x64) AppleWebKit/537.36 (KHTML, like Gecko) Chrome/143.0.0.0 Safari/537.36 Edg/143.0.0.0" 627 **0/627435**
110.74.216.47 - - [11/Jan/2026:08:09:51 -0700] "POST /assets/ter.php?pilihan&path=/home/ni05r7l36tus/public_html/sumangalamcaterers.com HTTP/2.0" 200 8817 "https://sumangalamcaterers.com/assets/ter.php?path=/home/ni05r7l36tus/public_html/sumangalamcaterers.com" "Mozilla/5.0 (Windows NT 10.0; Win64; x64) AppleWebKit/537.36 (KHTML, like Gecko) Chrome/143.0.0.0 Safari/537.36 Edg/143.0.0.0" 638 **0/638176**
110.74.216.47 - - [11/Jan/2026:08:10:07 -0700] "POST /assets/ter.php?pilihan&path=/home/ni05r7l36tus/public_html/sumangalamcaterers.com HTTP/2.0" 200 8850 "https://sumangalamcaterers.com/assets/ter.php?pilihan&path=/home/ni05r7l36tus/public_html/sumangalamcaterers.com" "Mozilla/5.0 (Windows NT 10.0; Win64; x64) AppleWebKit/537.36 (KHTML, like Gecko) Chrome/143.0.0.0 Safari/537.36 Edg/143.0.0.0" 931 **0/931854**
110.74.216.47 - - [11/Jan/2026:08:10:10 -0700] "GET / HTTP/2.0" 200 12550 "-" "Mozilla/5.0 (Windows NT 10.0; Win64; x64) AppleWebKit/537.36 (KHTML, like Gecko) Chrome/143.0.0.0 Safari/537.36 Edg/143.0.0.0" 67 **0/67023**
110.74.216.47 - - [11/Jan/2026:08:10:10 -0700] "GET /sumangalamcaterers.com/jquery-3.7.1.min.js HTTP/2.0" 404 - "https://sumangalamcaterers.com/" "Mozilla/5.0 (Windows NT 10.0; Win64; x64) AppleWebKit/537.36 (KHTML, like Gecko) Chrome/143.0.0.0 Safari/537.36 Edg/143.0.0.0" 4 **0/4593**
110.74.216.47 - - [11/Jan/2026:08:10:11 -0700] "GET /assets/img/normal/title_img_1.png HTTP/2.0" 200 3481 "https://sumangalamcaterers.com/" "Mozilla/5.0 (Windows NT 10.0; Win64; x64) AppleWebKit/537.36 (KHTML, like Gecko) Chrome/143.0.0.0 Safari/537.36 Edg/143.0.0.0" 25 **0/25961**
110.74.216.47 - - [11/Jan/2026:08:10:11 -0700] "GET /img/web2.jpg HTTP/2.0" 200 106419 "https://sumangalamcaterers.com/" "Mozilla/5.0 (Windows NT 10.0; Win64; x64) AppleWebKit/537.36 (KHTML, like Gecko) Chrome/143.0.0.0 Safari/537.36 Edg/143.0.0.0" 11 **0/11875**
110.74.216.47 - - [11/Jan/2026:08:10:11 -0700] "GET /img/web1.jpg HTTP/2.0" 200 108772 "https://sumangalamcaterers.com/" "Mozilla/5.0 (Windows NT 10.0; Win64; x64) AppleWebKit/537.36 (KHTML, like Gecko) Chrome/143.0.0.0 Safari/537.36 Edg/143.0.0.0" 269 **0/269957**
202.47.89.214 - - [11/Jan/2026:08:10:15 -0700] "GET /thread_ceremony.php HTTP/2.0" 200 6868 "https://www.google.com/" "Mozilla/5.0 (Windows NT 10.0; Win64; x64) AppleWebKit/537.36 (KHTML, like Gecko) Chrome/137.0.0.0 Safari/537.36" 63 **0/63236**
202.47.89.214 - - [11/Jan/2026:08:10:16 -0700] "GET /jquery-3.7.1.min.js HTTP/2.0" 404 - "https://sumangalamcaterers.com/thread_ceremony.php" "Mozilla/5.0 (Windows NT 10.0; Win64; x64) AppleWebKit/537.36 (KHTML, like Gecko) Chrome/137.0.0.0 Safari/537.36" 11 **0/11883**
114.119.141.249 - - [11/Jan/2026:08:10:46 -0700] "GET /?o=1596141 HTTP/1.1" 200 13988 "https://sumangalamcaterers.com/?sitemap-2.xml" "Mozilla/5.0 (Linux; Android 7.0;) AppleWebKit/537.36 (KHTML, like Gecko) Mobile Safari/537.36 (compatible; PetalBot;+https://webmaster.petalsearch.com/site/petalbot)" 49 **0/49613**
66.249.79.75 - - [11/Jan/2026:08:10:55 -0700] "GET /thread_ceremony.php HTTP/1.1" 200 84450 "-" "Mozilla/5.0 (compatible; Google-InspectionTool/1.0;)" 1632 **1/1632553**
66.249.79.73 - - [11/Jan/2026:08:11:02 -0700] "GET /robots.txt HTTP/1.1" 200 187 "-" "Mozilla/5.0 (compatible; Googlebot/2.1; +http://www.google.com/bot.html)" 10 **0/10402**
66.249.79.74 - - [11/Jan/2026:08:11:02 -0700] "GET /images/1x1.gif?ch=2&rn=8.140765859279782 HTTP/1.1" 404 - "https://sumangalamcaterers.com/thread_ceremony.php" "Mozilla/5.0 (X11; Linux x86_64) AppleWebKit/537.36 (KHTML, like Gecko) Chrome/141.0.7390.122 Safari/537.36 (compatible; Google-InspectionTool/1.0)" 9 **0/9178**
66.249.79.75 - - [11/Jan/2026:08:11:02 -0700] "GET /images/1x1.gif?ch=1&rn=8.140765859279782 HTTP/1.1" 404 - "https://sumangalamcaterers.com/thread_ceremony.php" "Mozilla/5.0 (X11; Linux x86_64) AppleWebKit/537.36 (KHTML, like Gecko) Chrome/141.0.7390.122 Safari/537.36 (compatible; Google-InspectionTool/1.0)" 8 **0/8773**
110.74.216.47 - - [11/Jan/2026:08:10:11 -0700] "GET /upload/871751354359.jpeg HTTP/2.0" 200 9476 "https://sumangalamcaterers.com/" "Mozilla/5.0 (Windows NT 10.0; Win64; x64) AppleWebKit/537.36 (KHTML, like Gecko) Chrome/143.0.0.0 Safari/537.36 Edg/143.0.0.0" 56712 **56/56712764**
110.74.216.47 - - [11/Jan/2026:08:10:11 -0700] "GET /upload/151751354377.jpeg HTTP/2.0" 200 9971 "https://sumangalamcaterers.com/" "Mozilla/5.0 (Windows NT 10.0; Win64; x64) AppleWebKit/537.36 (KHTML, like Gecko) Chrome/143.0.0.0 Safari/537.36 Edg/143.0.0.0" 56713 **56/56713285**
110.74.216.47 - - [11/Jan/2026:08:10:11 -0700] "GET /upload/131751354394.jpeg HTTP/2.0" 200 10509 "https://sumangalamcaterers.com/" "Mozilla/5.0 (Windows NT 10.0; Win64; x64) AppleWebKit/537.36 (KHTML, like Gecko) Chrome/143.0.0.0 Safari/537.36 Edg/143.0.0.0" 56713 **56/56713754**
110.74.216.47 - - [11/Jan/2026:08:10:11 -0700] "GET /upload/911751354448.jpeg HTTP/2.0" 200 9152 "https://sumangalamcaterers.com/" "Mozilla/5.0 (Windows NT 10.0; Win64; x64) AppleWebKit/537.36 (KHTML, like Gecko) Chrome/143.0.0.0 Safari/537.36 Edg/143.0.0.0" 56714 **56/56714200**
110.74.216.47 - - [11/Jan/2026:08:10:11 -0700] "GET /upload/551751354557.jpeg HTTP/2.0" 200 10339 "https://sumangalamcaterers.com/" "Mozilla/5.0 (Windows NT 10.0; Win64; x64) AppleWebKit/537.36 (KHTML, like Gecko) Chrome/143.0.0.0 Safari/537.36 Edg/143.0.0.0" 56714 **56/56714698**
110.74.216.47 - - [11/Jan/2026:08:10:11 -0700] "GET /upload/271751355858.jpeg HTTP/2.0" 200 9800 "https://sumangalamcaterers.com/" "Mozilla/5.0 (Windows NT 10.0; Win64; x64) AppleWebKit/537.36 (KHTML, like Gecko) Chrome/143.0.0.0 Safari/537.36 Edg/143.0.0.0" 56715 **56/56715011**
110.74.216.47 - - [11/Jan/2026:08:10:11 -0700] "GET /upload/901751355868.jpeg HTTP/2.0" 200 10629 "https://sumangalamcaterers.com/" "Mozilla/5.0 (Windows NT 10.0; Win64; x64) AppleWebKit/537.36 (KHTML, like Gecko) Chrome/143.0.0.0 Safari/537.36 Edg/143.0.0.0" 56715 **56/56715487**
110.74.216.47 - - [11/Jan/2026:08:10:11 -0700] "GET /upload/371751355879.jpeg HTTP/2.0" 200 9726 "https://sumangalamcaterers.com/" "Mozilla/5.0 (Windows NT 10.0; Win64; x64) AppleWebKit/537.36 (KHTML, like Gecko) Chrome/143.0.0.0 Safari/537.36 Edg/143.0.0.0" 56715 **56/56715911**
110.74.216.47 - - [11/Jan/2026:08:10:11 -0700] "GET /upload/251751355890.jpeg HTTP/2.0" 200 8597 "https://sumangalamcaterers.com/" "Mozilla/5.0 (Windows NT 10.0; Win64; x64) AppleWebKit/537.36 (KHTML, like Gecko) Chrome/143.0.0.0 Safari/537.36 Edg/143.0.0.0" 56716 **56/56716325**
110.74.216.47 - - [11/Jan/2026:08:10:11 -0700] "GET /upload/621751355901.jpeg HTTP/2.0" 200 9182 "https://sumangalamcaterers.com/" "Mozilla/5.0 (Windows NT 10.0; Win64; x64) AppleWebKit/537.36 (KHTML, like Gecko) Chrome/143.0.0.0 Safari/537.36 Edg/143.0.0.0" 56716 **56/56716744**
110.74.216.47 - - [11/Jan/2026:08:10:11 -0700] "GET /assets/img/shape/garlic_3.png HTTP/2.0" 200 9047 "https://sumangalamcaterers.com/" "Mozilla/5.0 (Windows NT 10.0; Win64; x64) AppleWebKit/537.36 (KHTML, like Gecko) Chrome/143.0.0.0 Safari/537.36 Edg/143.0.0.0" 56717 **56/56717122**
110.74.216.47 - - [11/Jan/2026:08:10:11 -0700] "GET /assets/img/shape/flower_5.png HTTP/2.0" 200 14044 "https://sumangalamcaterers.com/" "Mozilla/5.0 (Windows NT 10.0; Win64; x64) AppleWebKit/537.36 (KHTML, like Gecko) Chrome/143.0.0.0 Safari/537.36 Edg/143.0.0.0" 56717 **56/56717551**
110.74.216.47 - - [11/Jan/2026:08:10:11 -0700] "GET /assets/img/shape/garlic_4.png HTTP/2.0" 200 2773 "https://sumangalamcaterers.com/" "Mozilla/5.0 (Windows NT 10.0; Win64; x64) AppleWebKit/537.36 (KHTML, like Gecko) Chrome/143.0.0.0 Safari/537.36 Edg/143.0.0.0" 56717 **56/56717922**
110.74.216.47 - - [11/Jan/2026:08:10:11 -0700] "GET /assets/img/shape/leaf-3.png HTTP/2.0" 200 6420 "https://sumangalamcaterers.com/" "Mozilla/5.0 (Windows NT 10.0; Win64; x64) AppleWebKit/537.36 (KHTML, like Gecko) Chrome/143.0.0.0 Safari/537.36 Edg/143.0.0.0" 56718 **56/56718339**
110.74.216.47 - - [11/Jan/2026:08:10:11 -0700] "GET /assets/img/shape/leaf-4.png HTTP/2.0" 200 7485 "https://sumangalamcaterers.com/" "Mozilla/5.0 (Windows NT 10.0; Win64; x64) AppleWebKit/537.36 (KHTML, like Gecko) Chrome/143.0.0.0 Safari/537.36 Edg/143.0.0.0" 56718 **56/56718727**
110.74.216.47 - - [11/Jan/2026:08:10:11 -0700] "GET /assets/img/shape/text_1.svg HTTP/2.0" 200 5004 "https://sumangalamcaterers.com/" "Mozilla/5.0 (Windows NT 10.0; Win64; x64) AppleWebKit/537.36 (KHTML, like Gecko) Chrome/143.0.0.0 Safari/537.36 Edg/143.0.0.0" 56719 **56/56719013**
110.74.216.47 - - [11/Jan/2026:08:10:11 -0700] "GET /img/25.png HTTP/2.0" 200 14024 "https://sumangalamcaterers.com/" "Mozilla/5.0 (Windows NT 10.0; Win64; x64) AppleWebKit/537.36 (KHTML, like Gecko) Chrome/143.0.0.0 Safari/537.36 Edg/143.0.0.0" 56719 **56/56719424**
110.74.216.47 - - [11/Jan/2026:08:10:11 -0700] "GET /sumangalamcaterers.com/img/catlogo.png HTTP/2.0" 404 - "https://sumangalamcaterers.com/" "Mozilla/5.0 (Windows NT 10.0; Win64; x64) AppleWebKit/537.36 (KHTML, like Gecko) Chrome/143.0.0.0 Safari/537.36 Edg/143.0.0.0" 56719 **56/56719772**
110.74.216.47 - - [11/Jan/2026:08:10:11 -0700] "GET /assets/img/theme-img/title_shape.png HTTP/2.0" 200 406 "https://sumangalamcaterers.com/assets/css/style.css" "Mozilla/5.0 (Windows NT 10.0; Win64; x64) AppleWebKit/537.36 (KHTML, like Gecko) Chrome/143.0.0.0 Safari/537.36 Edg/143.0.0.0" 56719 **56/56719826**
110.74.216.47 - - [11/Jan/2026:08:10:11 -0700] "GET /upload/991751353130.jpeg HTTP/2.0" 200 25957 "https://sumangalamcaterers.com/" "Mozilla/5.0 (Windows NT 10.0; Win64; x64) AppleWebKit/537.36 (KHTML, like Gecko) Chrome/143.0.0.0 Safari/537.36 Edg/143.0.0.0" 56721 **56/56721436**
110.74.216.47 - - [11/Jan/2026:08:10:11 -0700] "GET /upload/601751355176.jpeg HTTP/2.0" 200 28721 "https://sumangalamcaterers.com/" "Mozilla/5.0 (Windows NT 10.0; Win64; x64) AppleWebKit/537.36 (KHTML, like Gecko) Chrome/143.0.0.0 Safari/537.36 Edg/143.0.0.0" 56721 **56/56721697**
110.74.216.47 - - [11/Jan/2026:08:10:11 -0700] "GET /upload/441751355188.jpeg HTTP/2.0" 200 26750 "https://sumangalamcaterers.com/" "Mozilla/5.0 (Windows NT 10.0; Win64; x64) AppleWebKit/537.36 (KHTML, like Gecko) Chrome/143.0.0.0 Safari/537.36 Edg/143.0.0.0" 56722 **56/56722110**
110.74.216.47 - - [11/Jan/2026:08:10:11 -0700] "GET /upload/951751355199.jpeg HTTP/2.0" 200 27621 "https://sumangalamcaterers.com/" "Mozilla/5.0 (Windows NT 10.0; Win64; x64) AppleWebKit/537.36 (KHTML, like Gecko) Chrome/143.0.0.0 Safari/537.36 Edg/143.0.0.0" 56722 **56/56722532**
110.74.216.47 - - [11/Jan/2026:08:10:11 -0700] "GET /upload/281751355206.jpeg HTTP/2.0" 200 21185 "https://sumangalamcaterers.com/" "Mozilla/5.0 (Windows NT 10.0; Win64; x64) AppleWebKit/537.36 (KHTML, like Gecko) Chrome/143.0.0.0 Safari/537.36 Edg/143.0.0.0" 56722 **56/56722940**
110.74.216.47 - - [11/Jan/2026:08:10:11 -0700] "GET /upload/361751355223.jpeg HTTP/2.0" 200 32048 "https://sumangalamcaterers.com/" "Mozilla/5.0 (Windows NT 10.0; Win64; x64) AppleWebKit/537.36 (KHTML, like Gecko) Chrome/143.0.0.0 Safari/537.36 Edg/143.0.0.0" 56723 **56/56723363**
110.74.216.47 - - [11/Jan/2026:08:10:11 -0700] "GET /assets/img/shape/flower_4.png HTTP/2.0" 200 18064 "https://sumangalamcaterers.com/" "Mozilla/5.0 (Windows NT 10.0; Win64; x64) AppleWebKit/537.36 (KHTML, like Gecko) Chrome/143.0.0.0 Safari/537.36 Edg/143.0.0.0" 56723 **56/56723324**
